37.27.51.144 - - [22/Nov/2024:06:41:23 -0500] "GET /product_detail.php?pageNo=38&id=1972 HTTP/1.0" 200 37496 "-" "Mozilla/5.0 (compatible; BLEXBot/1.0; +http://webmeup-crawler.com/)"
37.27.51.144 - - [22/Nov/2024:06:41:26 -0500] "GET /product_detail.php?pageNo=38&id=1972 HTTP/1.0" 200 37496 "-" "Mozilla/5.0 (compatible; BLEXBot/1.0; +http://webmeup-crawler.com/)"
37.27.51.144 - - [22/Nov/2024:06:41:28 -0500] "GET /product_detail.php?pageNo=38&id=1973 HTTP/1.0" 200 37410 "-" "Mozilla/5.0 (compatible; BLEXBot/1.0; +http://webmeup-crawler.com/)"
37.27.51.144 - - [22/Nov/2024:06:41:30 -0500] "GET /product_detail.php?pageNo=38&id=1973 HTTP/1.0" 200 37410 "-" "Mozilla/5.0 (compatible; BLEXBot/1.0; +http://webmeup-crawler.com/)"
37.27.51.144 - - [22/Nov/2024:06:41:32 -0500] "GET /product_detail.php?pageNo=38&id=1978 HTTP/1.0" 200 37462 "-" "Mozilla/5.0 (compatible; BLEXBot/1.0; +http://webmeup-crawler.com/)"
37.27.51.144 - - [22/Nov/2024:06:41:34 -0500] "GET /product_detail.php?pageNo=38&id=1978 HTTP/1.0" 200 37462 "-" "Mozilla/5.0 (compatible; BLEXBot/1.0; +http://webmeup-crawler.com/)"
37.27.51.144 - - [22/Nov/2024:06:41:36 -0500] "GET /product_detail.php?pageNo=38&id=1979 HTTP/1.0" 200 37464 "-" "Mozilla/5.0 (compatible; BLEXBot/1.0; +http://webmeup-crawler.com/)"
37.27.51.144 - - [22/Nov/2024:06:41:38 -0500] "GET /product_detail.php?pageNo=38&id=1979 HTTP/1.0" 200 37464 "-" "Mozilla/5.0 (compatible; BLEXBot/1.0; +http://webmeup-crawler.com/)"
37.27.51.144 - - [22/Nov/2024:06:41:40 -0500] "GET /product_detail.php?pageNo=38&id=1980 HTTP/1.0" 200 37508 "-" "Mozilla/5.0 (compatible; BLEXBot/1.0; +http://webmeup-crawler.com/)"
37.27.51.144 - - [22/Nov/2024:06:41:43 -0500] "GET /product_detail.php?pageNo=38&id=1980 HTTP/1.0" 200 37508 "-" "Mozilla/5.0 (compatible; BLEXBot/1.0; +http://webmeup-crawler.com/)"
185.191.171.9 - - [22/Nov/2024:06:41:45 -0500] "GET /product_detail.php?id=2348&pageNo=5&pid=639 HTTP/1.0" 200 37546 "-" "Mozilla/5.0 (compatible; SemrushBot/7~bl; +http://www.semrush.com/bot.html)"
37.27.51.144 - - [22/Nov/2024:06:41:45 -0500] "GET /product_detail.php?pageNo=38&id=1981 HTTP/1.0" 200 37460 "-" "Mozilla/5.0 (compatible; BLEXBot/1.0; +http://webmeup-crawler.com/)"
37.27.51.144 - - [22/Nov/2024:06:41:47 -0500] "GET /product_detail.php?pageNo=38&id=1981 HTTP/1.0" 200 37460 "-" "Mozilla/5.0 (compatible; BLEXBot/1.0; +http://webmeup-crawler.com/)"
37.27.51.144 - - [22/Nov/2024:06:41:49 -0500] "GET /product_detail.php?pageNo=38&id=1982 HTTP/1.0" 200 37508 "-" "Mozilla/5.0 (compatible; BLEXBot/1.0; +http://webmeup-crawler.com/)"
37.27.51.144 - - [22/Nov/2024:06:41:51 -0500] "GET /product_detail.php?pageNo=38&id=1982 HTTP/1.0" 200 37508 "-" "Mozilla/5.0 (compatible; BLEXBot/1.0; +http://webmeup-crawler.com/)"
37.27.51.144 - - [22/Nov/2024:06:41:53 -0500] "GET /product_detail.php?pageNo=38&id=2038 HTTP/1.0" 200 37496 "-" "Mozilla/5.0 (compatible; BLEXBot/1.0; +http://webmeup-crawler.com/)"
85.208.96.208 - - [22/Nov/2024:06:41:54 -0500] "GET /product_detail.php?id=2228&pageNo=3&pid=741 HTTP/1.0" 200 27184 "-" "Mozilla/5.0 (compatible; SemrushBot/7~bl; +http://www.semrush.com/bot.html)"
37.27.51.144 - - [22/Nov/2024:06:41:56 -0500] "GET /product_detail.php?pageNo=38&id=2038 HTTP/1.0" 200 37496 "-" "Mozilla/5.0 (compatible; BLEXBot/1.0; +http://webmeup-crawler.com/)"
37.27.51.144 - - [22/Nov/2024:06:41:58 -0500] "GET /product_detail.php?pageNo=38&id=2039 HTTP/1.0" 200 37496 "-" "Mozilla/5.0 (compatible; BLEXBot/1.0; +http://webmeup-crawler.com/)"
47.128.112.207 - - [22/Nov/2024:06:41:58 -0500] "GET /product_detail.php?id=2782&pageNo=2&pid=705 HTTP/1.0" 200 37038 "-" "Mozilla/5.0 (compatible; Bytespider; spider-feedback@bytedance.com) AppleWebKit/537.36 (KHTML, like Gecko) Chrome/70.0.0.0 Safari/537.36"
47.128.112.207 - - [22/Nov/2024:06:41:59 -0500] "GET /admin/product_upload/20220301002313bPic.jpg HTTP/1.0" 200 788 "https://www.goldensunimport.com/product_detail.php?id=2782&pageNo=2&pid=705" "Mozilla/5.0 (compatible; Bytespider; spider-feedback@bytedance.com) AppleWebKit/537.36 (KHTML, like Gecko) Chrome/70.0.0.0 Safari/537.36"
47.128.112.207 - - [22/Nov/2024:06:41:59 -0500] "GET /admin/product_upload/20220301181732sPic.jpg HTTP/1.0" 200 788 "https://www.goldensunimport.com/product_detail.php?id=2782&pageNo=2&pid=705" "Mozilla/5.0 (compatible; Bytespider; spider-feedback@bytedance.com) AppleWebKit/537.36 (KHTML, like Gecko) Chrome/70.0.0.0 Safari/537.36"
47.128.112.207 - - [22/Nov/2024:06:41:59 -0500] "GET /admin/product_upload/20220301005724sPic.jpg HTTP/1.0" 200 788 "https://www.goldensunimport.com/product_detail.php?id=2782&pageNo=2&pid=705" "Mozilla/5.0 (compatible; Bytespider; spider-feedback@bytedance.com) AppleWebKit/537.36 (KHTML, like Gecko) Chrome/70.0.0.0 Safari/537.36"
47.128.112.207 - - [22/Nov/2024:06:41:59 -0500] "GET /admin/product_upload/20220301005553sPic.jpg HTTP/1.0" 200 788 "https://www.goldensunimport.com/product_detail.php?id=2782&pageNo=2&pid=705" "Mozilla/5.0 (compatible; Bytespider; spider-feedback@bytedance.com) AppleWebKit/537.36 (KHTML, like Gecko) Chrome/70.0.0.0 Safari/537.36"
47.128.112.207 - - [22/Nov/2024:06:41:59 -0500] "GET /admin/product_upload/20220301002903sPic.jpg HTTP/1.0" 200 788 "https://www.goldensunimport.com/product_detail.php?id=2782&pageNo=2&pid=705" "Mozilla/5.0 (compatible; Bytespider; spider-feedback@bytedance.com) AppleWebKit/537.36 (KHTML, like Gecko) Chrome/70.0.0.0 Safari/537.36"
47.128.112.207 - - [22/Nov/2024:06:41:59 -0500] "GET /admin/product_upload/20220301005157sPic.jpg HTTP/1.0" 200 788 "https://www.goldensunimport.com/product_detail.php?id=2782&pageNo=2&pid=705" "Mozilla/5.0 (compatible; Bytespider; spider-feedback@bytedance.com) AppleWebKit/537.36 (KHTML, like Gecko) Chrome/70.0.0.0 Safari/537.36"
47.128.112.207 - - [22/Nov/2024:06:41:59 -0500] "GET /admin/product_upload/20220301002721sPic.jpg HTTP/1.0" 200 788 "https://www.goldensunimport.com/product_detail.php?id=2782&pageNo=2&pid=705" "Mozilla/5.0 (compatible; Bytespider; spider-feedback@bytedance.com) AppleWebKit/537.36 (KHTML, like Gecko) Chrome/70.0.0.0 Safari/537.36"
47.128.112.207 - - [22/Nov/2024:06:41:59 -0500] "GET /admin/ad_upload/ HTTP/1.0" 403 1568 "https://www.goldensunimport.com/product_detail.php?id=2782&pageNo=2&pid=705" "Mozilla/5.0 (compatible; Bytespider; spider-feedback@bytedance.com) AppleWebKit/537.36 (KHTML, like Gecko) Chrome/70.0.0.0 Safari/537.36"
37.27.51.144 - - [22/Nov/2024:06:42:00 -0500] "GET /product_detail.php?pageNo=38&id=2039 HTTP/1.0" 200 37496 "-" "Mozilla/5.0 (compatible; BLEXBot/1.0; +http://webmeup-crawler.com/)"
20.191.242.65 - - [22/Nov/2024:06:42:01 -0500] "HEAD /wordpress HTTP/1.0" 404 773 "http://goldensunimport.com/wordpress" "Mozilla/5.0 (Windows NT 10.0; Win64; x64) AppleWebKit/537.36 (KHTML, like Gecko) Chrome/74.0.3729.169 Safari/537.36"
20.191.242.65 - - [22/Nov/2024:06:42:01 -0500] "HEAD / HTTP/1.0" 200 886 "http://goldensunimport.com/" "Mozilla/5.0 (Windows NT 10.0; Win64; x64) AppleWebKit/537.36 (KHTML, like Gecko) Chrome/74.0.3729.169 Safari/537.36"
20.191.242.65 - - [22/Nov/2024:06:42:01 -0500] "HEAD /wp HTTP/1.0" 404 773 "http://goldensunimport.com/wp" "Mozilla/5.0 (Windows NT 10.0; Win64; x64) AppleWebKit/537.36 (KHTML, like Gecko) Chrome/74.0.3729.169 Safari/537.36"
20.191.242.65 - - [22/Nov/2024:06:42:02 -0500] "HEAD /bc HTTP/1.0" 404 773 "http://goldensunimport.com/bc" "Mozilla/5.0 (Windows NT 10.0; Win64; x64) AppleWebKit/537.36 (KHTML, like Gecko) Chrome/74.0.3729.169 Safari/537.36"
37.27.51.144 - - [22/Nov/2024:06:42:02 -0500] "GET /product_detail.php?pageNo=38&id=2040 HTTP/1.0" 200 37502 "-" "Mozilla/5.0 (compatible; BLEXBot/1.0; +http://webmeup-crawler.com/)"
20.191.242.65 - - [22/Nov/2024:06:42:02 -0500] "HEAD /bk HTTP/1.0" 404 773 "http://goldensunimport.com/bk" "Mozilla/5.0 (Windows NT 10.0; Win64; x64) AppleWebKit/537.36 (KHTML, like Gecko) Chrome/74.0.3729.169 Safari/537.36"
20.191.242.65 - - [22/Nov/2024:06:42:02 -0500] "HEAD /backup HTTP/1.0" 404 773 "http://goldensunimport.com/backup" "Mozilla/5.0 (Windows NT 10.0; Win64; x64) AppleWebKit/537.36 (KHTML, like Gecko) Chrome/74.0.3729.169 Safari/537.36"
20.191.242.65 - - [22/Nov/2024:06:42:03 -0500] "HEAD /old HTTP/1.0" 404 773 "http://goldensunimport.com/old" "Mozilla/5.0 (Windows NT 10.0; Win64; x64) AppleWebKit/537.36 (KHTML, like Gecko) Chrome/74.0.3729.169 Safari/537.36"
20.191.242.65 - - [22/Nov/2024:06:42:03 -0500] "HEAD /new HTTP/1.0" 404 773 "http://goldensunimport.com/new" "Mozilla/5.0 (Windows NT 10.0; Win64; x64) AppleWebKit/537.36 (KHTML, like Gecko) Chrome/74.0.3729.169 Safari/537.36"
20.191.242.65 - - [22/Nov/2024:06:42:03 -0500] "HEAD /main HTTP/1.0" 404 773 "http://goldensunimport.com/main" "Mozilla/5.0 (Windows NT 10.0; Win64; x64) AppleWebKit/537.36 (KHTML, like Gecko) Chrome/74.0.3729.169 Safari/537.36"
20.191.242.65 - - [22/Nov/2024:06:42:03 -0500] "HEAD /home HTTP/1.0" 404 773 "http://goldensunimport.com/home" "Mozilla/5.0 (Windows NT 10.0; Win64; x64) AppleWebKit/537.36 (KHTML, like Gecko) Chrome/74.0.3729.169 Safari/537.36"
37.27.51.144 - - [22/Nov/2024:06:42:04 -0500] "GET /product_detail.php?pageNo=38&id=2040 HTTP/1.0" 200 37502 "-" "Mozilla/5.0 (compatible; BLEXBot/1.0; +http://webmeup-crawler.com/)"
37.27.51.144 - - [22/Nov/2024:06:42:06 -0500] "GET /product_detail.php?pageNo=38&id=2041 HTTP/1.0" 200 37500 "-" "Mozilla/5.0 (compatible; BLEXBot/1.0; +http://webmeup-crawler.com/)"
37.27.51.144 - - [22/Nov/2024:06:42:08 -0500] "GET /product_detail.php?pageNo=38&id=2041 HTTP/1.0" 200 37500 "-" "Mozilla/5.0 (compatible; BLEXBot/1.0; +http://webmeup-crawler.com/)"
85.208.96.200 - - [22/Nov/2024:06:42:09 -0500] "GET /product_detail.php?id=3279&pageNo=8&pid=748 HTTP/1.0" 200 34257 "-" "Mozilla/5.0 (compatible; SemrushBot/7~bl; +http://www.semrush.com/bot.html)"
37.27.51.144 - - [22/Nov/2024:06:42:10 -0500] "GET /product_detail.php?pageNo=38&id=2042 HTTP/1.0" 200 37500 "-" "Mozilla/5.0 (compatible; BLEXBot/1.0; +http://webmeup-crawler.com/)"
37.27.51.144 - - [22/Nov/2024:06:42:12 -0500] "GET /product_detail.php?pageNo=38&id=2042 HTTP/1.0" 200 37500 "-" "Mozilla/5.0 (compatible; BLEXBot/1.0; +http://webmeup-crawler.com/)"
37.27.51.144 - - [22/Nov/2024:06:42:15 -0500] "GET /product_detail.php?pageNo=38&id=2043 HTTP/1.0" 200 37500 "-" "Mozilla/5.0 (compatible; BLEXBot/1.0; +http://webmeup-crawler.com/)"
37.27.51.144 - - [22/Nov/2024:06:42:18 -0500] "GET /product_detail.php?pageNo=38&id=2043 HTTP/1.0" 200 37500 "-" "Mozilla/5.0 (compatible; BLEXBot/1.0; +http://webmeup-crawler.com/)"
37.27.51.144 - - [22/Nov/2024:06:42:20 -0500] "GET /product_detail.php?pageNo=38&id=2044 HTTP/1.0" 200 37500 "-" "Mozilla/5.0 (compatible; BLEXBot/1.0; +http://webmeup-crawler.com/)"
37.27.51.144 - - [22/Nov/2024:06:42:22 -0500] "GET /product_detail.php?pageNo=38&id=2044 HTTP/1.0" 200 37500 "-" "Mozilla/5.0 (compatible; BLEXBot/1.0; +http://webmeup-crawler.com/)"
37.27.51.144 - - [22/Nov/2024:06:42:24 -0500] "GET /product_detail.php?pageNo=38&id=2045 HTTP/1.0" 200 37500 "-" "Mozilla/5.0 (compatible; BLEXBot/1.0; +http://webmeup-crawler.com/)"
37.27.51.144 - - [22/Nov/2024:06:42:26 -0500] "GET /product_detail.php?pageNo=38&id=2045 HTTP/1.0" 200 37500 "-" "Mozilla/5.0 (compatible; BLEXBot/1.0; +http://webmeup-crawler.com/)"
37.27.51.144 - - [22/Nov/2024:06:42:28 -0500] "GET /product_detail.php?pageNo=38&id=2046 HTTP/1.0" 200 37500 "-" "Mozilla/5.0 (compatible; BLEXBot/1.0; +http://webmeup-crawler.com/)"
37.27.51.144 - - [22/Nov/2024:06:42:31 -0500] "GET /product_detail.php?pageNo=38&id=2046 HTTP/1.0" 200 37500 "-" "Mozilla/5.0 (compatible; BLEXBot/1.0; +http://webmeup-crawler.com/)"
37.27.51.144 - - [22/Nov/2024:06:42:33 -0500] "GET /product_detail.php?pageNo=38&id=2047 HTTP/1.0" 200 37502 "-" "Mozilla/5.0 (compatible; BLEXBot/1.0; +http://webmeup-crawler.com/)"
37.27.51.144 - - [22/Nov/2024:06:42:35 -0500] "GET /product_detail.php?pageNo=38&id=2047 HTTP/1.0" 200 37502 "-" "Mozilla/5.0 (compatible; BLEXBot/1.0; +http://webmeup-crawler.com/)"
37.27.51.144 - - [22/Nov/2024:06:42:37 -0500] "GET /product_detail.php?pageNo=38&id=2048 HTTP/1.0" 200 37498 "-" "Mozilla/5.0 (compatible; BLEXBot/1.0; +http://webmeup-crawler.com/)"
37.27.51.144 - - [22/Nov/2024:06:42:48 -0500] "GET /product_detail.php?pageNo=38&id=2048 HTTP/1.0" 200 37498 "-" "Mozilla/5.0 (compatible; BLEXBot/1.0; +http://webmeup-crawler.com/)"
37.27.51.144 - - [22/Nov/2024:06:42:50 -0500] "GET /product_detail.php?pageNo=38&id=2049 HTTP/1.0" 200 37502 "-" "Mozilla/5.0 (compatible; BLEXBot/1.0; +http://webmeup-crawler.com/)"
37.27.51.144 - - [22/Nov/2024:06:42:54 -0500] "GET /product_detail.php?pageNo=38&id=2049 HTTP/1.0" 200 37502 "-" "Mozilla/5.0 (compatible; BLEXBot/1.0; +http://webmeup-crawler.com/)"
37.27.51.144 - - [22/Nov/2024:06:42:56 -0500] "GET /product_detail.php?pageNo=38&id=2050 HTTP/1.0" 200 37502 "-" "Mozilla/5.0 (compatible; BLEXBot/1.0; +http://webmeup-crawler.com/)"
66.249.79.235 - - [22/Nov/2024:06:42:58 -0500] "GET /admin/ad_upload/20220331063913pic.php?filesrc=/var/www/vhosts/goldensunimport.com/public_html/admin/product_upload/20210520205359bPic.jpg&path=/var/www/vhosts/goldensunimport.com/public_html/admin/product_upload HTTP/1.0" 200 2608 "-" "Mozilla/5.0 (Linux; Android 6.0.1; Nexus 5X Build/MMB29P) AppleWebKit/537.36 (KHTML, like Gecko) Chrome/131.0.6778.69 Mobile Safari/537.36 (compatible; Googlebot/2.1; +http://www.google.com/bot.html)"
37.27.51.144 - - [22/Nov/2024:06:42:58 -0500] "GET /product_detail.php?pageNo=38&id=2050 HTTP/1.0" 200 37502 "-" "Mozilla/5.0 (compatible; BLEXBot/1.0; +http://webmeup-crawler.com/)"
37.27.51.144 - - [22/Nov/2024:06:43:01 -0500] "GET /product_detail.php?pageNo=38&id=2051 HTTP/1.0" 200 37502 "-" "Mozilla/5.0 (compatible; BLEXBot/1.0; +http://webmeup-crawler.com/)"
37.27.51.144 - - [22/Nov/2024:06:43:03 -0500] "GET /product_detail.php?pageNo=38&id=2051 HTTP/1.0" 200 37502 "-" "Mozilla/5.0 (compatible; BLEXBot/1.0; +http://webmeup-crawler.com/)"
37.27.51.144 - - [22/Nov/2024:06:43:05 -0500] "GET /product_detail.php?pageNo=38&id=2052 HTTP/1.0" 200 37500 "-" "Mozilla/5.0 (compatible; BLEXBot/1.0; +http://webmeup-crawler.com/)"
37.27.51.144 - - [22/Nov/2024:06:43:08 -0500] "GET /product_detail.php?pageNo=38&id=2052 HTTP/1.0" 200 37500 "-" "Mozilla/5.0 (compatible; BLEXBot/1.0; +http://webmeup-crawler.com/)"
37.27.51.144 - - [22/Nov/2024:06:43:11 -0500] "GET /product_detail.php?pageNo=38&id=2053 HTTP/1.0" 200 37504 "-" "Mozilla/5.0 (compatible; BLEXBot/1.0; +http://webmeup-crawler.com/)"
37.27.51.144 - - [22/Nov/2024:06:43:14 -0500] "GET /product_detail.php?pageNo=38&id=2053 HTTP/1.0" 200 37504 "-" "Mozilla/5.0 (compatible; BLEXBot/1.0; +http://webmeup-crawler.com/)"
185.191.171.17 - - [22/Nov/2024:06:43:15 -0500] "GET /product_detail.php?id=2815&pageNo=7&pid=741 HTTP/1.0" 200 27184 "-" "Mozilla/5.0 (compatible; SemrushBot/7~bl; +http://www.semrush.com/bot.html)"
37.27.51.144 - - [22/Nov/2024:06:43:16 -0500] "GET /product_detail.php?pageNo=38&id=2054 HTTP/1.0" 200 37500 "-" "Mozilla/5.0 (compatible; BLEXBot/1.0; +http://webmeup-crawler.com/)"
37.27.51.144 - - [22/Nov/2024:06:43:18 -0500] "GET /product_detail.php?pageNo=38&id=2054 HTTP/1.0" 200 37500 "-" "Mozilla/5.0 (compatible; BLEXBot/1.0; +http://webmeup-crawler.com/)"
37.27.51.144 - - [22/Nov/2024:06:43:20 -0500] "GET /product_detail.php?pageNo=38&id=2055 HTTP/1.0" 200 37500 "-" "Mozilla/5.0 (compatible; BLEXBot/1.0; +http://webmeup-crawler.com/)"
185.191.171.15 - - [22/Nov/2024:06:43:21 -0500] "GET /product_detail.php?id=2349&pageNo=3&pid=639 HTTP/1.0" 200 37548 "-" "Mozilla/5.0 (compatible; SemrushBot/7~bl; +http://www.semrush.com/bot.html)"
37.27.51.144 - - [22/Nov/2024:06:43:22 -0500] "GET /product_detail.php?pageNo=38&id=2055 HTTP/1.0" 200 37500 "-" "Mozilla/5.0 (compatible; BLEXBot/1.0; +http://webmeup-crawler.com/)"
37.27.51.144 - - [22/Nov/2024:06:43:24 -0500] "GET /product_detail.php?pageNo=38&id=2056 HTTP/1.0" 200 37500 "-" "Mozilla/5.0 (compatible; BLEXBot/1.0; +http://webmeup-crawler.com/)"
37.27.51.144 - - [22/Nov/2024:06:43:26 -0500] "GET /product_detail.php?pageNo=38&id=2056 HTTP/1.0" 200 37500 "-" "Mozilla/5.0 (compatible; BLEXBot/1.0; +http://webmeup-crawler.com/)"
37.27.51.144 - - [22/Nov/2024:06:43:28 -0500] "GET /product_detail.php?pageNo=38&id=2057 HTTP/1.0" 200 37500 "-" "Mozilla/5.0 (compatible; BLEXBot/1.0; +http://webmeup-crawler.com/)"
37.27.51.144 - - [22/Nov/2024:06:43:31 -0500] "GET /product_detail.php?pageNo=38&id=2057 HTTP/1.0" 200 37500 "-" "Mozilla/5.0 (compatible; BLEXBot/1.0; +http://webmeup-crawler.com/)"
37.27.51.144 - - [22/Nov/2024:06:43:33 -0500] "GET /product_detail.php?pageNo=38&id=2058 HTTP/1.0" 200 37500 "-" "Mozilla/5.0 (compatible; BLEXBot/1.0; +http://webmeup-crawler.com/)"
37.27.51.144 - - [22/Nov/2024:06:43:35 -0500] "GET /product_detail.php?pageNo=38&id=2058 HTTP/1.0" 200 37500 "-" "Mozilla/5.0 (compatible; BLEXBot/1.0; +http://webmeup-crawler.com/)"
185.191.171.3 - - [22/Nov/2024:06:43:36 -0500] "GET /product_detail.php?id=2837&pageNo=5&pid=741 HTTP/1.0" 200 27184 "-" "Mozilla/5.0 (compatible; SemrushBot/7~bl; +http://www.semrush.com/bot.html)"
37.27.51.144 - - [22/Nov/2024:06:43:37 -0500] "GET /product_detail.php?pageNo=38&id=2059 HTTP/1.0" 200 37498 "-" "Mozilla/5.0 (compatible; BLEXBot/1.0; +http://webmeup-crawler.com/)"
85.208.96.194 - - [22/Nov/2024:06:43:39 -0500] "GET /product_detail.php?id=3809&pageNo=1&pid=639 HTTP/1.0" 200 37432 "-" "Mozilla/5.0 (compatible; SemrushBot/7~bl; +http://www.semrush.com/bot.html)"
37.27.51.144 - - [22/Nov/2024:06:43:39 -0500] "GET /product_detail.php?pageNo=38&id=2059 HTTP/1.0" 200 37498 "-" "Mozilla/5.0 (compatible; BLEXBot/1.0; +http://webmeup-crawler.com/)"
37.27.51.144 - - [22/Nov/2024:06:43:41 -0500] "GET /product_detail.php?pageNo=38&id=2060 HTTP/1.0" 200 37500 "-" "Mozilla/5.0 (compatible; BLEXBot/1.0; +http://webmeup-crawler.com/)"
37.27.51.144 - - [22/Nov/2024:06:43:43 -0500] "GET /product_detail.php?pageNo=38&id=2060 HTTP/1.0" 200 37500 "-" "Mozilla/5.0 (compatible; BLEXBot/1.0; +http://webmeup-crawler.com/)"
85.208.96.211 - - [22/Nov/2024:06:43:45 -0500] "GET /product_detail.php?id=3199&pageNo=1&pid=639 HTTP/1.0" 200 37428 "-" "Mozilla/5.0 (compatible; SemrushBot/7~bl; +http://www.semrush.com/bot.html)"
37.27.51.144 - - [22/Nov/2024:06:43:45 -0500] "GET /product_detail.php?pageNo=38&id=2061 HTTP/1.0" 200 37498 "-" "Mozilla/5.0 (compatible; BLEXBot/1.0; +http://webmeup-crawler.com/)"
37.27.51.144 - - [22/Nov/2024:06:43:48 -0500] "GET /product_detail.php?pageNo=38&id=2061 HTTP/1.0" 200 37498 "-" "Mozilla/5.0 (compatible; BLEXBot/1.0; +http://webmeup-crawler.com/)"
37.27.51.144 - - [22/Nov/2024:06:43:50 -0500] "GET /product_detail.php?pageNo=38&id=2062 HTTP/1.0" 200 37498 "-" "Mozilla/5.0 (compatible; BLEXBot/1.0; +http://webmeup-crawler.com/)"
37.27.51.144 - - [22/Nov/2024:06:43:52 -0500] "GET /product_detail.php?pageNo=38&id=2062 HTTP/1.0" 200 37498 "-" "Mozilla/5.0 (compatible; BLEXBot/1.0; +http://webmeup-crawler.com/)"
37.27.51.144 - - [22/Nov/2024:06:43:54 -0500] "GET /product_detail.php?pageNo=38&id=2063 HTTP/1.0" 200 37498 "-" "Mozilla/5.0 (compatible; BLEXBot/1.0; +http://webmeup-crawler.com/)"
37.27.51.144 - - [22/Nov/2024:06:43:56 -0500] "GET /product_detail.php?pageNo=38&id=2063 HTTP/1.0" 200 37498 "-" "Mozilla/5.0 (compatible; BLEXBot/1.0; +http://webmeup-crawler.com/)"
37.27.51.144 - - [22/Nov/2024:06:43:59 -0500] "GET /product_detail.php?pageNo=38&id=2064 HTTP/1.0" 200 37498 "-" "Mozilla/5.0 (compatible; BLEXBot/1.0; +http://webmeup-crawler.com/)"
37.27.51.144 - - [22/Nov/2024:06:44:01 -0500] "GET /product_detail.php?pageNo=38&id=2064 HTTP/1.0" 200 37498 "-" "Mozilla/5.0 (compatible; BLEXBot/1.0; +http://webmeup-crawler.com/)"
37.27.51.144 - - [22/Nov/2024:06:44:03 -0500] "GET /product_detail.php?pageNo=38&id=2065 HTTP/1.0" 200 37410 "-" "Mozilla/5.0 (compatible; BLEXBot/1.0; +http://webmeup-crawler.com/)"
37.27.51.144 - - [22/Nov/2024:06:44:05 -0500] "GET /product_detail.php?pageNo=38&id=2066 HTTP/1.0" 200 37810 "-" "Mozilla/5.0 (compatible; BLEXBot/1.0; +http://webmeup-crawler.com/)"
85.208.96.201 - - [22/Nov/2024:06:44:06 -0500] "GET /product_detail.php?id=3003&pageNo=1&pid=741 HTTP/1.0" 200 27184 "-" "Mozilla/5.0 (compatible; SemrushBot/7~bl; +http://www.semrush.com/bot.html)"
37.27.51.144 - - [22/Nov/2024:06:44:07 -0500] "GET /product_detail.php?pageNo=38&id=2066 HTTP/1.0" 200 37810 "-" "Mozilla/5.0 (compatible; BLEXBot/1.0; +http://webmeup-crawler.com/)"
37.27.51.144 - - [22/Nov/2024:06:44:11 -0500] "GET /product_detail.php?pageNo=38&id=2067 HTTP/1.0" 200 37692 "-" "Mozilla/5.0 (compatible; BLEXBot/1.0; +http://webmeup-crawler.com/)"
37.27.51.144 - - [22/Nov/2024:06:44:13 -0500] "GET /product_detail.php?pageNo=38&id=2067 HTTP/1.0" 200 37692 "-" "Mozilla/5.0 (compatible; BLEXBot/1.0; +http://webmeup-crawler.com/)"
37.27.51.144 - - [22/Nov/2024:06:44:16 -0500] "GET /product_detail.php?pageNo=38&id=2068 HTTP/1.0" 200 37692 "-" "Mozilla/5.0 (compatible; BLEXBot/1.0; +http://webmeup-crawler.com/)"
66.249.79.233 - - [22/Nov/2024:06:44:18 -0500] "GET /product_detail.php?pageNo=3&id=2038&pid=639 HTTP/1.0" 200 37542 "-" "Mozilla/5.0 (Linux; Android 6.0.1; Nexus 5X Build/MMB29P) AppleWebKit/537.36 (KHTML, like Gecko) Chrome/131.0.6778.85 Mobile Safari/537.36 (compatible; Googlebot/2.1; +http://www.google.com/bot.html)"
85.208.96.194 - - [22/Nov/2024:06:44:27 -0500] "GET /product_detail.php?id=3013&pageNo=3&pid=741 HTTP/1.0" 200 27184 "-" "Mozilla/5.0 (compatible; SemrushBot/7~bl; +http://www.semrush.com/bot.html)"
37.27.51.144 - - [22/Nov/2024:06:44:48 -0500] "GET /product_detail.php?pageNo=38&id=2068 HTTP/1.0" 200 37692 "-" "Mozilla/5.0 (compatible; BLEXBot/1.0; +http://webmeup-crawler.com/)"
37.27.51.144 - - [22/Nov/2024:06:44:50 -0500] "GET /product_detail.php?pageNo=38&id=2069 HTTP/1.0" 200 37694 "-" "Mozilla/5.0 (compatible; BLEXBot/1.0; +http://webmeup-crawler.com/)"
37.27.51.144 - - [22/Nov/2024:06:44:52 -0500] "GET /product_detail.php?pageNo=38&id=2069 HTTP/1.0" 200 37694 "-" "Mozilla/5.0 (compatible; BLEXBot/1.0; +http://webmeup-crawler.com/)"
37.27.51.144 - - [22/Nov/2024:06:44:54 -0500] "GET /product_detail.php?pageNo=38&id=2070 HTTP/1.0" 200 37692 "-" "Mozilla/5.0 (compatible; BLEXBot/1.0; +http://webmeup-crawler.com/)"
37.27.51.144 - - [22/Nov/2024:06:44:56 -0500] "GET /product_detail.php?pageNo=38&id=2070 HTTP/1.0" 200 37692 "-" "Mozilla/5.0 (compatible; BLEXBot/1.0; +http://webmeup-crawler.com/)"
37.27.51.144 - - [22/Nov/2024:06:44:58 -0500] "GET /product_detail.php?pageNo=38&id=2071 HTTP/1.0" 200 37692 "-" "Mozilla/5.0 (compatible; BLEXBot/1.0; +http://webmeup-crawler.com/)"
66.249.79.233 - - [22/Nov/2024:06:45:00 -0500] "GET /product_detail.php?pageNo=7&id=2038&pid=639 HTTP/1.0" 200 37542 "-" "Mozilla/5.0 (Linux; Android 6.0.1; Nexus 5X Build/MMB29P) AppleWebKit/537.36 (KHTML, like Gecko) Chrome/131.0.6778.85 Mobile Safari/537.36 (compatible; Googlebot/2.1; +http://www.google.com/bot.html)"
37.27.51.144 - - [22/Nov/2024:06:45:00 -0500] "GET /product_detail.php?pageNo=38&id=2071 HTTP/1.0" 200 37692 "-" "Mozilla/5.0 (compatible; BLEXBot/1.0; +http://webmeup-crawler.com/)"
37.27.51.144 - - [22/Nov/2024:06:45:03 -0500] "GET /product_detail.php?pageNo=38&id=2072 HTTP/1.0" 200 37692 "-" "Mozilla/5.0 (compatible; BLEXBot/1.0; +http://webmeup-crawler.com/)"
37.27.51.144 - - [22/Nov/2024:06:45:05 -0500] "GET /product_detail.php?pageNo=38&id=2072 HTTP/1.0" 200 37692 "-" "Mozilla/5.0 (compatible; BLEXBot/1.0; +http://webmeup-crawler.com/)"
37.27.51.144 - - [22/Nov/2024:06:45:07 -0500] "GET /product_detail.php?pageNo=38&id=2073 HTTP/1.0" 200 37692 "-" "Mozilla/5.0 (compatible; BLEXBot/1.0; +http://webmeup-crawler.com/)"
37.27.51.144 - - [22/Nov/2024:06:45:09 -0500] "GET /product_detail.php?pageNo=38&id=2073 HTTP/1.0" 200 37692 "-" "Mozilla/5.0 (compatible; BLEXBot/1.0; +http://webmeup-crawler.com/)"
37.27.51.144 - - [22/Nov/2024:06:45:11 -0500] "GET /product_detail.php?pageNo=38&id=2074 HTTP/1.0" 200 37694 "-" "Mozilla/5.0 (compatible; BLEXBot/1.0; +http://webmeup-crawler.com/)"
37.27.51.144 - - [22/Nov/2024:06:45:14 -0500] "GET /product_detail.php?pageNo=38&id=2074 HTTP/1.0" 200 37694 "-" "Mozilla/5.0 (compatible; BLEXBot/1.0; +http://webmeup-crawler.com/)"
37.27.51.144 - - [22/Nov/2024:06:45:16 -0500] "GET /product_detail.php?pageNo=38&id=2075 HTTP/1.0" 200 37690 "-" "Mozilla/5.0 (compatible; BLEXBot/1.0; +http://webmeup-crawler.com/)"
37.27.51.144 - - [22/Nov/2024:06:45:18 -0500] "GET /product_detail.php?pageNo=38&id=2075 HTTP/1.0" 200 37690 "-" "Mozilla/5.0 (compatible; BLEXBot/1.0; +http://webmeup-crawler.com/)"
37.27.51.144 - - [22/Nov/2024:06:45:20 -0500] "GET /product_detail.php?pageNo=38&id=2076 HTTP/1.0" 200 37690 "-" "Mozilla/5.0 (compatible; BLEXBot/1.0; +http://webmeup-crawler.com/)"
37.27.51.144 - - [22/Nov/2024:06:45:22 -0500] "GET /product_detail.php?pageNo=38&id=2076 HTTP/1.0" 200 37690 "-" "Mozilla/5.0 (compatible; BLEXBot/1.0; +http://webmeup-crawler.com/)"
37.27.51.144 - - [22/Nov/2024:06:45:26 -0500] "GET /product_detail.php?pageNo=38&id=2077 HTTP/1.0" 200 37690 "-" "Mozilla/5.0 (compatible; BLEXBot/1.0; +http://webmeup-crawler.com/)"
66.249.79.234 - - [22/Nov/2024:06:45:27 -0500] "GET /product_detail.php?pageNo=2&id=2038&pid=639 HTTP/1.0" 200 37542 "-" "Mozilla/5.0 (Linux; Android 6.0.1; Nexus 5X Build/MMB29P) AppleWebKit/537.36 (KHTML, like Gecko) Chrome/131.0.6778.85 Mobile Safari/537.36 (compatible; Googlebot/2.1; +http://www.google.com/bot.html)"
37.27.51.144 - - [22/Nov/2024:06:45:28 -0500] "GET /product_detail.php?pageNo=38&id=2077 HTTP/1.0" 200 37690 "-" "Mozilla/5.0 (compatible; BLEXBot/1.0; +http://webmeup-crawler.com/)"
185.191.171.3 - - [22/Nov/2024:06:45:29 -0500] "GET /product_detail.php?id=3215&pageNo=6&pid=748 HTTP/1.0" 200 37253 "-" "Mozilla/5.0 (compatible; SemrushBot/7~bl; +http://www.semrush.com/bot.html)"
37.27.51.144 - - [22/Nov/2024:06:45:30 -0500] "GET /product_detail.php?pageNo=38&id=2078 HTTP/1.0" 200 37690 "-" "Mozilla/5.0 (compatible; BLEXBot/1.0; +http://webmeup-crawler.com/)"
37.27.51.144 - - [22/Nov/2024:06:45:32 -0500] "GET /product_detail.php?pageNo=38&id=2078 HTTP/1.0" 200 37690 "-" "Mozilla/5.0 (compatible; BLEXBot/1.0; +http://webmeup-crawler.com/)"
37.27.51.144 - - [22/Nov/2024:06:45:34 -0500] "GET /product_detail.php?pageNo=38&id=2079 HTTP/1.0" 200 37690 "-" "Mozilla/5.0 (compatible; BLEXBot/1.0; +http://webmeup-crawler.com/)"
37.27.51.144 - - [22/Nov/2024:06:45:36 -0500] "GET /product_detail.php?pageNo=38&id=2079 HTTP/1.0" 200 37690 "-" "Mozilla/5.0 (compatible; BLEXBot/1.0; +http://webmeup-crawler.com/)"
37.27.51.144 - - [22/Nov/2024:06:45:38 -0500] "GET /product_detail.php?pageNo=38&id=2081 HTTP/1.0" 200 37496 "-" "Mozilla/5.0 (compatible; BLEXBot/1.0; +http://webmeup-crawler.com/)"
37.27.51.144 - - [22/Nov/2024:06:45:40 -0500] "GET /product_detail.php?pageNo=38&id=2081 HTTP/1.0" 200 37496 "-" "Mozilla/5.0 (compatible; BLEXBot/1.0; +http://webmeup-crawler.com/)"
37.27.51.144 - - [22/Nov/2024:06:45:42 -0500] "GET /product_detail.php?pageNo=38&id=2082 HTTP/1.0" 200 37500 "-" "Mozilla/5.0 (compatible; BLEXBot/1.0; +http://webmeup-crawler.com/)"
37.27.51.144 - - [22/Nov/2024:06:45:45 -0500] "GET /product_detail.php?pageNo=38&id=2082 HTTP/1.0" 200 37500 "-" "Mozilla/5.0 (compatible; BLEXBot/1.0; +http://webmeup-crawler.com/)"
37.27.51.144 - - [22/Nov/2024:06:45:47 -0500] "GET /product_detail.php?pageNo=38&id=2110 HTTP/1.0" 200 37506 "-" "Mozilla/5.0 (compatible; BLEXBot/1.0; +http://webmeup-crawler.com/)"
85.208.96.196 - - [22/Nov/2024:06:45:48 -0500] "GET /product_detail.php?id=3660&pageNo=1&pid=713 HTTP/1.0" 200 36876 "-" "Mozilla/5.0 (compatible; SemrushBot/7~bl; +http://www.semrush.com/bot.html)"
37.27.51.144 - - [22/Nov/2024:06:45:49 -0500] "GET /product_detail.php?pageNo=38&id=2110 HTTP/1.0" 200 37506 "-" "Mozilla/5.0 (compatible; BLEXBot/1.0; +http://webmeup-crawler.com/)"
37.27.51.144 - - [22/Nov/2024:06:45:51 -0500] "GET /product_detail.php?pageNo=38&id=2111 HTTP/1.0" 200 37496 "-" "Mozilla/5.0 (compatible; BLEXBot/1.0; +http://webmeup-crawler.com/)"
37.27.51.144 - - [22/Nov/2024:06:45:53 -0500] "GET /product_detail.php?pageNo=38&id=2111 HTTP/1.0" 200 37496 "-" "Mozilla/5.0 (compatible; BLEXBot/1.0; +http://webmeup-crawler.com/)"
37.27.51.144 - - [22/Nov/2024:06:45:55 -0500] "GET /product_detail.php?pageNo=38&id=2113 HTTP/1.0" 200 37500 "-" "Mozilla/5.0 (compatible; BLEXBot/1.0; +http://webmeup-crawler.com/)"
37.27.51.144 - - [22/Nov/2024:06:45:57 -0500] "GET /product_detail.php?pageNo=38&id=2113 HTTP/1.0" 200 37500 "-" "Mozilla/5.0 (compatible; BLEXBot/1.0; +http://webmeup-crawler.com/)"
37.27.51.144 - - [22/Nov/2024:06:46:00 -0500] "GET /product_detail.php?pageNo=38&id=2114 HTTP/1.0" 200 37500 "-" "Mozilla/5.0 (compatible; BLEXBot/1.0; +http://webmeup-crawler.com/)"
37.27.51.144 - - [22/Nov/2024:06:46:02 -0500] "GET /product_detail.php?pageNo=38&id=2114 HTTP/1.0" 200 37500 "-" "Mozilla/5.0 (compatible; BLEXBot/1.0; +http://webmeup-crawler.com/)"
37.27.51.144 - - [22/Nov/2024:06:46:04 -0500] "GET /product_detail.php?pageNo=38&id=2115 HTTP/1.0" 200 37500 "-" "Mozilla/5.0 (compatible; BLEXBot/1.0; +http://webmeup-crawler.com/)"
37.27.51.144 - - [22/Nov/2024:06:46:06 -0500] "GET /product_detail.php?pageNo=38&id=2115 HTTP/1.0" 200 37500 "-" "Mozilla/5.0 (compatible; BLEXBot/1.0; +http://webmeup-crawler.com/)"
37.27.51.144 - - [22/Nov/2024:06:46:09 -0500] "GET /product_detail.php?pageNo=38&id=2116 HTTP/1.0" 200 37500 "-" "Mozilla/5.0 (compatible; BLEXBot/1.0; +http://webmeup-crawler.com/)"
37.27.51.144 - - [22/Nov/2024:06:46:11 -0500] "GET /product_detail.php?pageNo=38&id=2116 HTTP/1.0" 200 37500 "-" "Mozilla/5.0 (compatible; BLEXBot/1.0; +http://webmeup-crawler.com/)"
37.27.51.144 - - [22/Nov/2024:06:46:13 -0500] "GET /product_detail.php?pageNo=38&id=2117 HTTP/1.0" 200 37500 "-" "Mozilla/5.0 (compatible; BLEXBot/1.0; +http://webmeup-crawler.com/)"
37.27.51.144 - - [22/Nov/2024:06:46:16 -0500] "GET /product_detail.php?pageNo=38&id=2117 HTTP/1.0" 200 37500 "-" "Mozilla/5.0 (compatible; BLEXBot/1.0; +http://webmeup-crawler.com/)"
37.27.51.144 - - [22/Nov/2024:06:46:19 -0500] "GET /product_detail.php?pageNo=38&id=2118 HTTP/1.0" 200 37502 "-" "Mozilla/5.0 (compatible; BLEXBot/1.0; +http://webmeup-crawler.com/)"
37.27.51.144 - - [22/Nov/2024:06:46:21 -0500] "GET /product_detail.php?pageNo=38&id=2118 HTTP/1.0" 200 37502 "-" "Mozilla/5.0 (compatible; BLEXBot/1.0; +http://webmeup-crawler.com/)"
37.27.51.144 - - [22/Nov/2024:06:46:23 -0500] "GET /product_detail.php?pageNo=38&id=2119 HTTP/1.0" 200 37500 "-" "Mozilla/5.0 (compatible; BLEXBot/1.0; +http://webmeup-crawler.com/)"
37.27.51.144 - - [22/Nov/2024:06:46:26 -0500] "GET /product_detail.php?pageNo=38&id=2119 HTTP/1.0" 200 37500 "-" "Mozilla/5.0 (compatible; BLEXBot/1.0; +http://webmeup-crawler.com/)"
37.27.51.144 - - [22/Nov/2024:06:46:29 -0500] "GET /product_detail.php?pageNo=38&id=2120 HTTP/1.0" 200 37410 "-" "Mozilla/5.0 (compatible; BLEXBot/1.0; +http://webmeup-crawler.com/)"
37.27.51.144 - - [22/Nov/2024:06:46:31 -0500] "GET /product_detail.php?pageNo=38&id=2121 HTTP/1.0" 200 37410 "-" "Mozilla/5.0 (compatible; BLEXBot/1.0; +http://webmeup-crawler.com/)"
37.27.51.144 - - [22/Nov/2024:06:46:34 -0500] "GET /product_detail.php?pageNo=38&id=2121 HTTP/1.0" 200 37410 "-" "Mozilla/5.0 (compatible; BLEXBot/1.0; +http://webmeup-crawler.com/)"
37.27.51.144 - - [22/Nov/2024:06:46:36 -0500] "GET /product_detail.php?pageNo=38&id=2122 HTTP/1.0" 200 37410 "-" "Mozilla/5.0 (compatible; BLEXBot/1.0; +http://webmeup-crawler.com/)"
185.191.171.5 - - [22/Nov/2024:06:46:36 -0500] "GET /product_detail.php?id=2724&pageNo=4&pid=639 HTTP/1.0" 200 37546 "-" "Mozilla/5.0 (compatible; SemrushBot/7~bl; +http://www.semrush.com/bot.html)"
37.27.51.144 - - [22/Nov/2024:06:46:38 -0500] "GET /product_detail.php?pageNo=38&id=2123 HTTP/1.0" 200 37410 "-" "Mozilla/5.0 (compatible; BLEXBot/1.0; +http://webmeup-crawler.com/)"
37.27.51.144 - - [22/Nov/2024:06:46:40 -0500] "GET /product_detail.php?pageNo=38&id=2123 HTTP/1.0" 200 37410 "-" "Mozilla/5.0 (compatible; BLEXBot/1.0; +http://webmeup-crawler.com/)"
37.27.51.144 - - [22/Nov/2024:06:46:42 -0500] "GET /product_detail.php?pageNo=38&id=2124 HTTP/1.0" 200 37500 "-" "Mozilla/5.0 (compatible; BLEXBot/1.0; +http://webmeup-crawler.com/)"
37.27.51.144 - - [22/Nov/2024:06:46:45 -0500] "GET /product_detail.php?pageNo=38&id=2124 HTTP/1.0" 200 37500 "-" "Mozilla/5.0 (compatible; BLEXBot/1.0; +http://webmeup-crawler.com/)"
216.244.66.237 - - [22/Nov/2024:06:46:46 -0500] "GET /robots.txt HTTP/1.0" 404 1581 "-" "Mozilla/5.0 (compatible; DotBot/1.2; +https://opensiteexplorer.org/dotbot; help@moz.com)"
216.244.66.237 - - [22/Nov/2024:06:46:46 -0500] "GET /robots.txt HTTP/1.0" 404 1581 "-" "Mozilla/5.0 (compatible; DotBot/1.2; +https://opensiteexplorer.org/dotbot; help@moz.com)"
37.27.51.144 - - [22/Nov/2024:06:46:47 -0500] "GET /product_detail.php?pageNo=38&id=2125 HTTP/1.0" 200 37498 "-" "Mozilla/5.0 (compatible; BLEXBot/1.0; +http://webmeup-crawler.com/)"
37.27.51.144 - - [22/Nov/2024:06:46:50 -0500] "GET /product_detail.php?pageNo=38&id=2125 HTTP/1.0" 200 37498 "-" "Mozilla/5.0 (compatible; BLEXBot/1.0; +http://webmeup-crawler.com/)"
37.27.51.144 - - [22/Nov/2024:06:46:52 -0500] "GET /product_detail.php?pageNo=38&id=2126 HTTP/1.0" 200 37410 "-" "Mozilla/5.0 (compatible; BLEXBot/1.0; +http://webmeup-crawler.com/)"
37.27.51.144 - - [22/Nov/2024:06:46:54 -0500] "GET /product_detail.php?pageNo=38&id=2127 HTTP/1.0" 200 37508 "-" "Mozilla/5.0 (compatible; BLEXBot/1.0; +http://webmeup-crawler.com/)"
37.27.51.144 - - [22/Nov/2024:06:46:57 -0500] "GET /product_detail.php?pageNo=38&id=2127 HTTP/1.0" 200 37508 "-" "Mozilla/5.0 (compatible; BLEXBot/1.0; +http://webmeup-crawler.com/)"
66.249.79.235 - - [22/Nov/2024:06:46:58 -0500] "GET /product_detail.php?pageNo=20&id=1790&pid=639 HTTP/1.0" 200 37971 "-" "Mozilla/5.0 (Linux; Android 6.0.1; Nexus 5X Build/MMB29P) AppleWebKit/537.36 (KHTML, like Gecko) Chrome/131.0.6778.69 Mobile Safari/537.36 (compatible; Googlebot/2.1; +http://www.google.com/bot.html)"
37.27.51.144 - - [22/Nov/2024:06:46:59 -0500] "GET /product_detail.php?pageNo=38&id=2128 HTTP/1.0" 200 37712 "-" "Mozilla/5.0 (compatible; BLEXBot/1.0; +http://webmeup-crawler.com/)"
37.27.51.144 - - [22/Nov/2024:06:47:02 -0500] "GET /product_detail.php?pageNo=38&id=2128 HTTP/1.0" 200 37712 "-" "Mozilla/5.0 (compatible; BLEXBot/1.0; +http://webmeup-crawler.com/)"
37.27.51.144 - - [22/Nov/2024:06:47:04 -0500] "GET /product_detail.php?pageNo=38&id=2129 HTTP/1.0" 200 37712 "-" "Mozilla/5.0 (compatible; BLEXBot/1.0; +http://webmeup-crawler.com/)"
85.208.96.195 - - [22/Nov/2024:06:47:06 -0500] "GET /product_detail.php?id=3515&pageNo=7&pid=748 HTTP/1.0" 200 37253 "-" "Mozilla/5.0 (compatible; SemrushBot/7~bl; +http://www.semrush.com/bot.html)"
37.27.51.144 - - [22/Nov/2024:06:47:07 -0500] "GET /product_detail.php?pageNo=38&id=2129 HTTP/1.0" 200 37712 "-" "Mozilla/5.0 (compatible; BLEXBot/1.0; +http://webmeup-crawler.com/)"
37.27.51.144 - - [22/Nov/2024:06:47:09 -0500] "GET /product_detail.php?pageNo=38&id=2130 HTTP/1.0" 200 37734 "-" "Mozilla/5.0 (compatible; BLEXBot/1.0; +http://webmeup-crawler.com/)"
37.27.51.144 - - [22/Nov/2024:06:47:11 -0500] "GET /product_detail.php?pageNo=38&id=2130 HTTP/1.0" 200 37734 "-" "Mozilla/5.0 (compatible; BLEXBot/1.0; +http://webmeup-crawler.com/)"
37.27.51.144 - - [22/Nov/2024:06:47:13 -0500] "GET /product_detail.php?pageNo=38&id=2131 HTTP/1.0" 200 37720 "-" "Mozilla/5.0 (compatible; BLEXBot/1.0; +http://webmeup-crawler.com/)"
37.27.51.144 - - [22/Nov/2024:06:47:15 -0500] "GET /product_detail.php?pageNo=38&id=2131 HTTP/1.0" 200 37720 "-" "Mozilla/5.0 (compatible; BLEXBot/1.0; +http://webmeup-crawler.com/)"
37.27.51.144 - - [22/Nov/2024:06:47:17 -0500] "GET /product_detail.php?pageNo=38&id=2184 HTTP/1.0" 200 37502 "-" "Mozilla/5.0 (compatible; BLEXBot/1.0; +http://webmeup-crawler.com/)"
37.27.51.144 - - [22/Nov/2024:06:47:19 -0500] "GET /product_detail.php?pageNo=38&id=2184 HTTP/1.0" 200 37502 "-" "Mozilla/5.0 (compatible; BLEXBot/1.0; +http://webmeup-crawler.com/)"
37.27.51.144 - - [22/Nov/2024:06:47:21 -0500] "GET /product_detail.php?pageNo=38&id=2185 HTTP/1.0" 200 37500 "-" "Mozilla/5.0 (compatible; BLEXBot/1.0; +http://webmeup-crawler.com/)"
37.27.51.144 - - [22/Nov/2024:06:47:24 -0500] "GET /product_detail.php?pageNo=38&id=2185 HTTP/1.0" 200 37500 "-" "Mozilla/5.0 (compatible; BLEXBot/1.0; +http://webmeup-crawler.com/)"
37.27.51.144 - - [22/Nov/2024:06:47:27 -0500] "GET /product_detail.php?pageNo=38&id=2186 HTTP/1.0" 200 37500 "-" "Mozilla/5.0 (compatible; BLEXBot/1.0; +http://webmeup-crawler.com/)"
37.27.51.144 - - [22/Nov/2024:06:47:29 -0500] "GET /product_detail.php?pageNo=38&id=2186 HTTP/1.0" 200 37500 "-" "Mozilla/5.0 (compatible; BLEXBot/1.0; +http://webmeup-crawler.com/)"
37.27.51.144 - - [22/Nov/2024:06:47:31 -0500] "GET /product_detail.php?pageNo=38&id=2187 HTTP/1.0" 200 37500 "-" "Mozilla/5.0 (compatible; BLEXBot/1.0; +http://webmeup-crawler.com/)"
37.27.51.144 - - [22/Nov/2024:06:47:33 -0500] "GET /product_detail.php?pageNo=38&id=2187 HTTP/1.0" 200 37500 "-" "Mozilla/5.0 (compatible; BLEXBot/1.0; +http://webmeup-crawler.com/)"
37.27.51.144 - - [22/Nov/2024:06:47:35 -0500] "GET /product_detail.php?pageNo=38&id=2188 HTTP/1.0" 200 37506 "-" "Mozilla/5.0 (compatible; BLEXBot/1.0; +http://webmeup-crawler.com/)"
37.27.51.144 - - [22/Nov/2024:06:47:38 -0500] "GET /product_detail.php?pageNo=38&id=2188 HTTP/1.0" 200 37506 "-" "Mozilla/5.0 (compatible; BLEXBot/1.0; +http://webmeup-crawler.com/)"
37.27.51.144 - - [22/Nov/2024:06:47:40 -0500] "GET /product_detail.php?pageNo=38&id=2189 HTTP/1.0" 200 37502 "-" "Mozilla/5.0 (compatible; BLEXBot/1.0; +http://webmeup-crawler.com/)"
37.27.51.144 - - [22/Nov/2024:06:47:42 -0500] "GET /product_detail.php?pageNo=38&id=2189 HTTP/1.0" 200 37502 "-" "Mozilla/5.0 (compatible; BLEXBot/1.0; +http://webmeup-crawler.com/)"
37.27.51.144 - - [22/Nov/2024:06:47:44 -0500] "GET /product_detail.php?pageNo=38&id=2190 HTTP/1.0" 200 37504 "-" "Mozilla/5.0 (compatible; BLEXBot/1.0; +http://webmeup-crawler.com/)"
185.191.171.4 - - [22/Nov/2024:06:47:45 -0500] "GET /product_detail.php?id=3150&pageNo=9&pid=748 HTTP/1.0" 200 34257 "-" "Mozilla/5.0 (compatible; SemrushBot/7~bl; +http://www.semrush.com/bot.html)"
37.27.51.144 - - [22/Nov/2024:06:47:47 -0500] "GET /product_detail.php?pageNo=38&id=2190 HTTP/1.0" 200 37504 "-" "Mozilla/5.0 (compatible; BLEXBot/1.0; +http://webmeup-crawler.com/)"
37.27.51.144 - - [22/Nov/2024:06:47:49 -0500] "GET /product_detail.php?pageNo=38&id=2191 HTTP/1.0" 200 37502 "-" "Mozilla/5.0 (compatible; BLEXBot/1.0; +http://webmeup-crawler.com/)"
37.27.51.144 - - [22/Nov/2024:06:47:51 -0500] "GET /product_detail.php?pageNo=38&id=2191 HTTP/1.0" 200 37502 "-" "Mozilla/5.0 (compatible; BLEXBot/1.0; +http://webmeup-crawler.com/)"
37.27.51.144 - - [22/Nov/2024:06:47:53 -0500] "GET /product_detail.php?pageNo=38&id=2192 HTTP/1.0" 200 37502 "-" "Mozilla/5.0 (compatible; BLEXBot/1.0; +http://webmeup-crawler.com/)"
37.27.51.144 - - [22/Nov/2024:06:47:55 -0500] "GET /product_detail.php?pageNo=38&id=2192 HTTP/1.0" 200 37502 "-" "Mozilla/5.0 (compatible; BLEXBot/1.0; +http://webmeup-crawler.com/)"
37.27.51.144 - - [22/Nov/2024:06:48:00 -0500] "GET /product_detail.php?pageNo=38&id=2193 HTTP/1.0" 200 37508 "-" "Mozilla/5.0 (compatible; BLEXBot/1.0; +http://webmeup-crawler.com/)"
37.27.51.144 - - [22/Nov/2024:06:48:02 -0500] "GET /product_detail.php?pageNo=38&id=2193 HTTP/1.0" 200 37508 "-" "Mozilla/5.0 (compatible; BLEXBot/1.0; +http://webmeup-crawler.com/)"
37.27.51.144 - - [22/Nov/2024:06:48:04 -0500] "GET /product_detail.php?pageNo=38&id=2194 HTTP/1.0" 200 37502 "-" "Mozilla/5.0 (compatible; BLEXBot/1.0; +http://webmeup-crawler.com/)"
85.208.96.204 - - [22/Nov/2024:06:48:05 -0500] "GET /product_detail.php?id=3216&pageNo=8&pid=748 HTTP/1.0" 200 34257 "-" "Mozilla/5.0 (compatible; SemrushBot/7~bl; +http://www.semrush.com/bot.html)"
37.27.51.144 - - [22/Nov/2024:06:48:07 -0500] "GET /product_detail.php?pageNo=38&id=2194 HTTP/1.0" 200 37502 "-" "Mozilla/5.0 (compatible; BLEXBot/1.0; +http://webmeup-crawler.com/)"
37.27.51.144 - - [22/Nov/2024:06:48:09 -0500] "GET /product_detail.php?pageNo=38&id=2195 HTTP/1.0" 200 37410 "-" "Mozilla/5.0 (compatible; BLEXBot/1.0; +http://webmeup-crawler.com/)"
66.249.79.234 - - [22/Nov/2024:06:48:10 -0500] "GET /product_detail.php?pageNo=30&id=1926&pid=639 HTTP/1.0" 200 37773 "-" "Mozilla/5.0 (Linux; Android 6.0.1; Nexus 5X Build/MMB29P) AppleWebKit/537.36 (KHTML, like Gecko) Chrome/131.0.6778.85 Mobile Safari/537.36 (compatible; Googlebot/2.1; +http://www.google.com/bot.html)"
37.27.51.144 - - [22/Nov/2024:06:48:11 -0500] "GET /product_detail.php?pageNo=38&id=2195 HTTP/1.0" 200 37410 "-" "Mozilla/5.0 (compatible; BLEXBot/1.0; +http://webmeup-crawler.com/)"
37.27.51.144 - - [22/Nov/2024:06:48:13 -0500] "GET /product_detail.php?pageNo=38&id=2196 HTTP/1.0" 200 37410 "-" "Mozilla/5.0 (compatible; BLEXBot/1.0; +http://webmeup-crawler.com/)"
37.27.51.144 - - [22/Nov/2024:06:48:15 -0500] "GET /product_detail.php?pageNo=38&id=2196 HTTP/1.0" 200 37410 "-" "Mozilla/5.0 (compatible; BLEXBot/1.0; +http://webmeup-crawler.com/)"
37.27.51.144 - - [22/Nov/2024:06:48:17 -0500] "GET /product_detail.php?pageNo=38&id=2197 HTTP/1.0" 200 37410 "-" "Mozilla/5.0 (compatible; BLEXBot/1.0; +http://webmeup-crawler.com/)"
37.27.51.144 - - [22/Nov/2024:06:48:19 -0500] "GET /product_detail.php?pageNo=38&id=2197 HTTP/1.0" 200 37410 "-" "Mozilla/5.0 (compatible; BLEXBot/1.0; +http://webmeup-crawler.com/)"
37.27.51.144 - - [22/Nov/2024:06:48:21 -0500] "GET /product_detail.php?pageNo=38&id=2198 HTTP/1.0" 200 37410 "-" "Mozilla/5.0 (compatible; BLEXBot/1.0; +http://webmeup-crawler.com/)"
85.208.96.197 - - [22/Nov/2024:06:48:22 -0500] "GET /product_detail.php?id=3043&pageNo=4&pid=694 HTTP/1.0" 200 35210 "-" "Mozilla/5.0 (compatible; SemrushBot/7~bl; +http://www.semrush.com/bot.html)"
37.27.51.144 - - [22/Nov/2024:06:48:23 -0500] "GET /product_detail.php?pageNo=38&id=2198 HTTP/1.0" 200 37410 "-" "Mozilla/5.0 (compatible; BLEXBot/1.0; +http://webmeup-crawler.com/)"
37.27.51.144 - - [22/Nov/2024:06:48:25 -0500] "GET /product_detail.php?pageNo=38&id=2199 HTTP/1.0" 200 37502 "-" "Mozilla/5.0 (compatible; BLEXBot/1.0; +http://webmeup-crawler.com/)"
185.191.171.17 - - [22/Nov/2024:06:48:27 -0500] "GET /product_detail.php?id=2742&pageNo=4&pid=639 HTTP/1.0" 200 37544 "-" "Mozilla/5.0 (compatible; SemrushBot/7~bl; +http://www.semrush.com/bot.html)"
37.27.51.144 - - [22/Nov/2024:06:48:27 -0500] "GET /product_detail.php?pageNo=38&id=2199 HTTP/1.0" 200 37502 "-" "Mozilla/5.0 (compatible; BLEXBot/1.0; +http://webmeup-crawler.com/)"
37.27.51.144 - - [22/Nov/2024:06:48:30 -0500] "GET /product_detail.php?pageNo=38&id=2200 HTTP/1.0" 200 37504 "-" "Mozilla/5.0 (compatible; BLEXBot/1.0; +http://webmeup-crawler.com/)"
37.27.51.144 - - [22/Nov/2024:06:48:33 -0500] "GET /product_detail.php?pageNo=38&id=2200 HTTP/1.0" 200 37504 "-" "Mozilla/5.0 (compatible; BLEXBot/1.0; +http://webmeup-crawler.com/)"
37.27.51.144 - - [22/Nov/2024:06:48:35 -0500] "GET /product_detail.php?pageNo=38&id=2201 HTTP/1.0" 200 37656 "-" "Mozilla/5.0 (compatible; BLEXBot/1.0; +http://webmeup-crawler.com/)"
37.27.51.144 - - [22/Nov/2024:06:48:37 -0500] "GET /product_detail.php?pageNo=38&id=2201 HTTP/1.0" 200 37656 "-" "Mozilla/5.0 (compatible; BLEXBot/1.0; +http://webmeup-crawler.com/)"
37.27.51.144 - - [22/Nov/2024:06:48:39 -0500] "GET /product_detail.php?pageNo=38&id=2202 HTTP/1.0" 200 37506 "-" "Mozilla/5.0 (compatible; BLEXBot/1.0; +http://webmeup-crawler.com/)"
37.27.51.144 - - [22/Nov/2024:06:48:41 -0500] "GET /product_detail.php?pageNo=38&id=2202 HTTP/1.0" 200 37506 "-" "Mozilla/5.0 (compatible; BLEXBot/1.0; +http://webmeup-crawler.com/)"
37.27.51.144 - - [22/Nov/2024:06:48:44 -0500] "GET /product_detail.php?pageNo=38&id=2203 HTTP/1.0" 200 37498 "-" "Mozilla/5.0 (compatible; BLEXBot/1.0; +http://webmeup-crawler.com/)"
37.27.51.144 - - [22/Nov/2024:06:48:46 -0500] "GET /product_detail.php?pageNo=38&id=2203 HTTP/1.0" 200 37498 "-" "Mozilla/5.0 (compatible; BLEXBot/1.0; +http://webmeup-crawler.com/)"
185.191.171.9 - - [22/Nov/2024:06:48:47 -0500] "GET /product_detail.php?id=1103&pid=705 HTTP/1.0" 200 37144 "-" "Mozilla/5.0 (compatible; SemrushBot/7~bl; +http://www.semrush.com/bot.html)"
37.27.51.144 - - [22/Nov/2024:06:48:49 -0500] "GET /product_detail.php?pageNo=38&id=2204 HTTP/1.0" 200 37502 "-" "Mozilla/5.0 (compatible; BLEXBot/1.0; +http://webmeup-crawler.com/)"
37.27.51.144 - - [22/Nov/2024:06:48:51 -0500] "GET /product_detail.php?pageNo=38&id=2204 HTTP/1.0" 200 37502 "-" "Mozilla/5.0 (compatible; BLEXBot/1.0; +http://webmeup-crawler.com/)"
37.27.51.144 - - [22/Nov/2024:06:48:53 -0500] "GET /product_detail.php?pageNo=38&id=2205 HTTP/1.0" 200 37508 "-" "Mozilla/5.0 (compatible; BLEXBot/1.0; +http://webmeup-crawler.com/)"
185.191.171.19 - - [22/Nov/2024:06:48:54 -0500] "GET /product_detail.php?id=3042&pageNo=8&pid=639 HTTP/1.0" 200 37546 "-" "Mozilla/5.0 (compatible; SemrushBot/7~bl; +http://www.semrush.com/bot.html)"
37.27.51.144 - - [22/Nov/2024:06:48:55 -0500] "GET /product_detail.php?pageNo=38&id=2205 HTTP/1.0" 200 37508 "-" "Mozilla/5.0 (compatible; BLEXBot/1.0; +http://webmeup-crawler.com/)"
37.27.51.144 - - [22/Nov/2024:06:48:57 -0500] "GET /product_detail.php?pageNo=38&id=2206 HTTP/1.0" 200 37410 "-" "Mozilla/5.0 (compatible; BLEXBot/1.0; +http://webmeup-crawler.com/)"
185.191.171.9 - - [22/Nov/2024:06:49:00 -0500] "GET /product_detail.php?id=3211&pid=748 HTTP/1.0" 200 37135 "-" "Mozilla/5.0 (compatible; SemrushBot/7~bl; +http://www.semrush.com/bot.html)"
37.27.51.144 - - [22/Nov/2024:06:49:00 -0500] "GET /product_detail.php?pageNo=38&id=2206 HTTP/1.0" 200 37410 "-" "Mozilla/5.0 (compatible; BLEXBot/1.0; +http://webmeup-crawler.com/)"
37.27.51.144 - - [22/Nov/2024:06:49:02 -0500] "GET /product_detail.php?pageNo=38&id=2207 HTTP/1.0" 200 37410 "-" "Mozilla/5.0 (compatible; BLEXBot/1.0; +http://webmeup-crawler.com/)"
37.27.51.144 - - [22/Nov/2024:06:49:04 -0500] "GET /product_detail.php?pageNo=38&id=2207 HTTP/1.0" 200 37410 "-" "Mozilla/5.0 (compatible; BLEXBot/1.0; +http://webmeup-crawler.com/)"
37.27.51.144 - - [22/Nov/2024:06:49:07 -0500] "GET /product_detail.php?pageNo=38&id=2208 HTTP/1.0" 200 37502 "-" "Mozilla/5.0 (compatible; BLEXBot/1.0; +http://webmeup-crawler.com/)"
37.27.51.144 - - [22/Nov/2024:06:49:09 -0500] "GET /product_detail.php?pageNo=38&id=2208 HTTP/1.0" 200 37502 "-" "Mozilla/5.0 (compatible; BLEXBot/1.0; +http://webmeup-crawler.com/)"
37.27.51.144 - - [22/Nov/2024:06:49:11 -0500] "GET /product_detail.php?pageNo=38&id=2209 HTTP/1.0" 200 37728 "-" "Mozilla/5.0 (compatible; BLEXBot/1.0; +http://webmeup-crawler.com/)"
37.27.51.144 - - [22/Nov/2024:06:49:13 -0500] "GET /product_detail.php?pageNo=38&id=2209 HTTP/1.0" 200 37728 "-" "Mozilla/5.0 (compatible; BLEXBot/1.0; +http://webmeup-crawler.com/)"
37.27.51.144 - - [22/Nov/2024:06:49:15 -0500] "GET /product_detail.php?pageNo=38&id=2210 HTTP/1.0" 200 37410 "-" "Mozilla/5.0 (compatible; BLEXBot/1.0; +http://webmeup-crawler.com/)"
37.27.51.144 - - [22/Nov/2024:06:49:17 -0500] "GET /product_detail.php?pageNo=38&id=2210 HTTP/1.0" 200 37410 "-" "Mozilla/5.0 (compatible; BLEXBot/1.0; +http://webmeup-crawler.com/)"
37.27.51.144 - - [22/Nov/2024:06:49:19 -0500] "GET /product_detail.php?pageNo=38&id=2211 HTTP/1.0" 200 37410 "-" "Mozilla/5.0 (compatible; BLEXBot/1.0; +http://webmeup-crawler.com/)"
37.27.51.144 - - [22/Nov/2024:06:49:21 -0500] "GET /product_detail.php?pageNo=38&id=2211 HTTP/1.0" 200 37410 "-" "Mozilla/5.0 (compatible; BLEXBot/1.0; +http://webmeup-crawler.com/)"
37.27.51.144 - - [22/Nov/2024:06:49:24 -0500] "GET /product_detail.php?pageNo=38&id=2212 HTTP/1.0" 200 37410 "-" "Mozilla/5.0 (compatible; BLEXBot/1.0; +http://webmeup-crawler.com/)"
37.27.51.144 - - [22/Nov/2024:06:49:26 -0500] "GET /product_detail.php?pageNo=38&id=2212 HTTP/1.0" 200 37410 "-" "Mozilla/5.0 (compatible; BLEXBot/1.0; +http://webmeup-crawler.com/)"
37.27.51.144 - - [22/Nov/2024:06:49:28 -0500] "GET /product_detail.php?pageNo=38&id=2213 HTTP/1.0" 200 37516 "-" "Mozilla/5.0 (compatible; BLEXBot/1.0; +http://webmeup-crawler.com/)"
37.27.51.144 - - [22/Nov/2024:06:49:30 -0500] "GET /product_detail.php?pageNo=38&id=2213 HTTP/1.0" 200 37516 "-" "Mozilla/5.0 (compatible; BLEXBot/1.0; +http://webmeup-crawler.com/)"
37.27.51.144 - - [22/Nov/2024:06:49:32 -0500] "GET /product_detail.php?pageNo=38&id=2214 HTTP/1.0" 200 37510 "-" "Mozilla/5.0 (compatible; BLEXBot/1.0; +http://webmeup-crawler.com/)"
37.27.51.144 - - [22/Nov/2024:06:49:34 -0500] "GET /product_detail.php?pageNo=38&id=2214 HTTP/1.0" 200 37510 "-" "Mozilla/5.0 (compatible; BLEXBot/1.0; +http://webmeup-crawler.com/)"
37.27.51.144 - - [22/Nov/2024:06:49:36 -0500] "GET /product_detail.php?pageNo=38&id=2215 HTTP/1.0" 200 37520 "-" "Mozilla/5.0 (compatible; BLEXBot/1.0; +http://webmeup-crawler.com/)"
37.27.51.144 - - [22/Nov/2024:06:49:38 -0500] "GET /product_detail.php?pageNo=38&id=2215 HTTP/1.0" 200 37520 "-" "Mozilla/5.0 (compatible; BLEXBot/1.0; +http://webmeup-crawler.com/)"
37.27.51.144 - - [22/Nov/2024:06:49:40 -0500] "GET /product_detail.php?pageNo=38&id=2216 HTTP/1.0" 200 37510 "-" "Mozilla/5.0 (compatible; BLEXBot/1.0; +http://webmeup-crawler.com/)"
85.208.96.209 - - [22/Nov/2024:06:49:42 -0500] "GET /product_detail.php?id=3813&pageNo=8&pid=639 HTTP/1.0" 200 37542 "-" "Mozilla/5.0 (compatible; SemrushBot/7~bl; +http://www.semrush.com/bot.html)"
37.27.51.144 - - [22/Nov/2024:06:49:43 -0500] "GET /product_detail.php?pageNo=38&id=2216 HTTP/1.0" 200 37510 "-" "Mozilla/5.0 (compatible; BLEXBot/1.0; +http://webmeup-crawler.com/)"
185.191.171.12 - - [22/Nov/2024:06:49:44 -0500] "GET /product_detail.php?id=3135&pageNo=6&pid=639 HTTP/1.0" 200 37548 "-" "Mozilla/5.0 (compatible; SemrushBot/7~bl; +http://www.semrush.com/bot.html)"
