37.27.51.144 - - [22/Nov/2024:06:49:45 -0500] "GET /product_detail.php?pageNo=38&id=2257 HTTP/1.0" 200 37410 "-" "Mozilla/5.0 (compatible; BLEXBot/1.0; +http://webmeup-crawler.com/)"
37.27.51.144 - - [22/Nov/2024:06:49:47 -0500] "GET /product_detail.php?pageNo=38&id=2257 HTTP/1.0" 200 37410 "-" "Mozilla/5.0 (compatible; BLEXBot/1.0; +http://webmeup-crawler.com/)"
37.27.51.144 - - [22/Nov/2024:06:49:49 -0500] "GET /product_detail.php?pageNo=38&id=2258 HTTP/1.0" 200 37410 "-" "Mozilla/5.0 (compatible; BLEXBot/1.0; +http://webmeup-crawler.com/)"
37.27.51.144 - - [22/Nov/2024:06:49:51 -0500] "GET /product_detail.php?pageNo=38&id=2258 HTTP/1.0" 200 37410 "-" "Mozilla/5.0 (compatible; BLEXBot/1.0; +http://webmeup-crawler.com/)"
37.27.51.144 - - [22/Nov/2024:06:49:53 -0500] "GET /product_detail.php?pageNo=38&id=2259 HTTP/1.0" 200 37410 "-" "Mozilla/5.0 (compatible; BLEXBot/1.0; +http://webmeup-crawler.com/)"
37.27.51.144 - - [22/Nov/2024:06:49:55 -0500] "GET /product_detail.php?pageNo=38&id=2259 HTTP/1.0" 200 37410 "-" "Mozilla/5.0 (compatible; BLEXBot/1.0; +http://webmeup-crawler.com/)"
37.27.51.144 - - [22/Nov/2024:06:49:57 -0500] "GET /product_detail.php?pageNo=38&id=2260 HTTP/1.0" 200 37410 "-" "Mozilla/5.0 (compatible; BLEXBot/1.0; +http://webmeup-crawler.com/)"
37.27.51.144 - - [22/Nov/2024:06:49:59 -0500] "GET /product_detail.php?pageNo=38&id=2260 HTTP/1.0" 200 37410 "-" "Mozilla/5.0 (compatible; BLEXBot/1.0; +http://webmeup-crawler.com/)"
37.27.51.144 - - [22/Nov/2024:06:50:01 -0500] "GET /product_detail.php?pageNo=38&id=2261 HTTP/1.0" 200 37410 "-" "Mozilla/5.0 (compatible; BLEXBot/1.0; +http://webmeup-crawler.com/)"
37.27.51.144 - - [22/Nov/2024:06:50:03 -0500] "GET /product_detail.php?pageNo=38&id=2261 HTTP/1.0" 200 37410 "-" "Mozilla/5.0 (compatible; BLEXBot/1.0; +http://webmeup-crawler.com/)"
37.27.51.144 - - [22/Nov/2024:06:50:05 -0500] "GET /product_detail.php?pageNo=38&id=2262 HTTP/1.0" 200 37410 "-" "Mozilla/5.0 (compatible; BLEXBot/1.0; +http://webmeup-crawler.com/)"
54.241.135.222 - - [22/Nov/2024:06:50:07 -0500] "GET /admin/category_upload/pay_pal/Processing.php HTTP/1.0" 404 714 "-" "Mozilla/5.0 (Macintosh; Intel Mac OS X 10_10_5) AppleWebKit/537.36 (KHTML, like Gecko) Chrome/52.0.2743.116 Safari/537.36"
37.27.51.144 - - [22/Nov/2024:06:50:07 -0500] "GET /product_detail.php?pageNo=38&id=2262 HTTP/1.0" 200 37410 "-" "Mozilla/5.0 (compatible; BLEXBot/1.0; +http://webmeup-crawler.com/)"
185.191.171.11 - - [22/Nov/2024:06:50:08 -0500] "GET /product_detail.php?id=3841&pageNo=9&pid=639 HTTP/1.0" 200 37547 "-" "Mozilla/5.0 (compatible; SemrushBot/7~bl; +http://www.semrush.com/bot.html)"
37.27.51.144 - - [22/Nov/2024:06:50:09 -0500] "GET /product_detail.php?pageNo=38&id=2263 HTTP/1.0" 200 37500 "-" "Mozilla/5.0 (compatible; BLEXBot/1.0; +http://webmeup-crawler.com/)"
185.191.171.18 - - [22/Nov/2024:06:50:10 -0500] "GET /product_detail.php?id=3217&pageNo=6&pid=748 HTTP/1.0" 200 37253 "-" "Mozilla/5.0 (compatible; SemrushBot/7~bl; +http://www.semrush.com/bot.html)"
37.27.51.144 - - [22/Nov/2024:06:50:11 -0500] "GET /product_detail.php?pageNo=38&id=2263 HTTP/1.0" 200 37500 "-" "Mozilla/5.0 (compatible; BLEXBot/1.0; +http://webmeup-crawler.com/)"
37.27.51.144 - - [22/Nov/2024:06:50:13 -0500] "GET /product_detail.php?pageNo=38&id=2264 HTTP/1.0" 200 37500 "-" "Mozilla/5.0 (compatible; BLEXBot/1.0; +http://webmeup-crawler.com/)"
37.27.51.144 - - [22/Nov/2024:06:50:15 -0500] "GET /product_detail.php?pageNo=38&id=2264 HTTP/1.0" 200 37500 "-" "Mozilla/5.0 (compatible; BLEXBot/1.0; +http://webmeup-crawler.com/)"
37.27.51.144 - - [22/Nov/2024:06:50:17 -0500] "GET /product_detail.php?pageNo=38&id=2265 HTTP/1.0" 200 37498 "-" "Mozilla/5.0 (compatible; BLEXBot/1.0; +http://webmeup-crawler.com/)"
37.27.51.144 - - [22/Nov/2024:06:50:19 -0500] "GET /product_detail.php?pageNo=38&id=2265 HTTP/1.0" 200 37498 "-" "Mozilla/5.0 (compatible; BLEXBot/1.0; +http://webmeup-crawler.com/)"
37.27.51.144 - - [22/Nov/2024:06:50:21 -0500] "GET /product_detail.php?pageNo=38&id=2266 HTTP/1.0" 200 37500 "-" "Mozilla/5.0 (compatible; BLEXBot/1.0; +http://webmeup-crawler.com/)"
37.27.51.144 - - [22/Nov/2024:06:50:23 -0500] "GET /product_detail.php?pageNo=38&id=2266 HTTP/1.0" 200 37500 "-" "Mozilla/5.0 (compatible; BLEXBot/1.0; +http://webmeup-crawler.com/)"
37.27.51.144 - - [22/Nov/2024:06:50:25 -0500] "GET /product_detail.php?pageNo=38&id=2267 HTTP/1.0" 200 37498 "-" "Mozilla/5.0 (compatible; BLEXBot/1.0; +http://webmeup-crawler.com/)"
85.208.96.208 - - [22/Nov/2024:06:50:26 -0500] "GET /product_detail.php?id=2960&pageNo=4&pid=741 HTTP/1.0" 200 27184 "-" "Mozilla/5.0 (compatible; SemrushBot/7~bl; +http://www.semrush.com/bot.html)"
37.27.51.144 - - [22/Nov/2024:06:50:28 -0500] "GET /product_detail.php?pageNo=38&id=2267 HTTP/1.0" 200 37498 "-" "Mozilla/5.0 (compatible; BLEXBot/1.0; +http://webmeup-crawler.com/)"
37.27.51.144 - - [22/Nov/2024:06:50:30 -0500] "GET /product_detail.php?pageNo=38&id=2268 HTTP/1.0" 200 37498 "-" "Mozilla/5.0 (compatible; BLEXBot/1.0; +http://webmeup-crawler.com/)"
85.208.96.193 - - [22/Nov/2024:06:50:31 -0500] "GET /product_detail.php?id=1945&pageNo=1&pid=713 HTTP/1.0" 200 36736 "-" "Mozilla/5.0 (compatible; SemrushBot/7~bl; +http://www.semrush.com/bot.html)"
37.27.51.144 - - [22/Nov/2024:06:50:32 -0500] "GET /product_detail.php?pageNo=38&id=2268 HTTP/1.0" 200 37498 "-" "Mozilla/5.0 (compatible; BLEXBot/1.0; +http://webmeup-crawler.com/)"
185.191.171.7 - - [22/Nov/2024:06:50:32 -0500] "GET /product_detail.php?id=3298&pageNo=1&pid=639 HTTP/1.0" 200 37428 "-" "Mozilla/5.0 (compatible; SemrushBot/7~bl; +http://www.semrush.com/bot.html)"
37.27.51.144 - - [22/Nov/2024:06:50:34 -0500] "GET /product_detail.php?pageNo=38&id=2269 HTTP/1.0" 200 37498 "-" "Mozilla/5.0 (compatible; BLEXBot/1.0; +http://webmeup-crawler.com/)"
37.27.51.144 - - [22/Nov/2024:06:50:36 -0500] "GET /product_detail.php?pageNo=38&id=2269 HTTP/1.0" 200 37498 "-" "Mozilla/5.0 (compatible; BLEXBot/1.0; +http://webmeup-crawler.com/)"
37.27.51.144 - - [22/Nov/2024:06:50:38 -0500] "GET /product_detail.php?pageNo=38&id=2270 HTTP/1.0" 200 37498 "-" "Mozilla/5.0 (compatible; BLEXBot/1.0; +http://webmeup-crawler.com/)"
37.27.51.144 - - [22/Nov/2024:06:50:40 -0500] "GET /product_detail.php?pageNo=38&id=2270 HTTP/1.0" 200 37498 "-" "Mozilla/5.0 (compatible; BLEXBot/1.0; +http://webmeup-crawler.com/)"
37.27.51.144 - - [22/Nov/2024:06:50:42 -0500] "GET /product_detail.php?pageNo=38&id=2271 HTTP/1.0" 200 37496 "-" "Mozilla/5.0 (compatible; BLEXBot/1.0; +http://webmeup-crawler.com/)"
37.27.51.144 - - [22/Nov/2024:06:50:44 -0500] "GET /product_detail.php?pageNo=38&id=2271 HTTP/1.0" 200 37496 "-" "Mozilla/5.0 (compatible; BLEXBot/1.0; +http://webmeup-crawler.com/)"
37.27.51.144 - - [22/Nov/2024:06:50:45 -0500] "GET /product_detail.php?pageNo=38&id=2272 HTTP/1.0" 200 37496 "-" "Mozilla/5.0 (compatible; BLEXBot/1.0; +http://webmeup-crawler.com/)"
37.27.51.144 - - [22/Nov/2024:06:50:47 -0500] "GET /product_detail.php?pageNo=38&id=2272 HTTP/1.0" 200 37496 "-" "Mozilla/5.0 (compatible; BLEXBot/1.0; +http://webmeup-crawler.com/)"
37.27.51.144 - - [22/Nov/2024:06:50:49 -0500] "GET /product_detail.php?pageNo=38&id=2273 HTTP/1.0" 200 37496 "-" "Mozilla/5.0 (compatible; BLEXBot/1.0; +http://webmeup-crawler.com/)"
37.27.51.144 - - [22/Nov/2024:06:50:52 -0500] "GET /product_detail.php?pageNo=38&id=2273 HTTP/1.0" 200 37496 "-" "Mozilla/5.0 (compatible; BLEXBot/1.0; +http://webmeup-crawler.com/)"
37.27.51.144 - - [22/Nov/2024:06:50:54 -0500] "GET /product_detail.php?pageNo=38&id=2274 HTTP/1.0" 200 37496 "-" "Mozilla/5.0 (compatible; BLEXBot/1.0; +http://webmeup-crawler.com/)"
37.27.51.144 - - [22/Nov/2024:06:50:56 -0500] "GET /product_detail.php?pageNo=38&id=2274 HTTP/1.0" 200 37496 "-" "Mozilla/5.0 (compatible; BLEXBot/1.0; +http://webmeup-crawler.com/)"
37.27.51.144 - - [22/Nov/2024:06:50:58 -0500] "GET /product_detail.php?pageNo=38&id=2275 HTTP/1.0" 200 37498 "-" "Mozilla/5.0 (compatible; BLEXBot/1.0; +http://webmeup-crawler.com/)"
37.27.51.144 - - [22/Nov/2024:06:51:00 -0500] "GET /product_detail.php?pageNo=38&id=2275 HTTP/1.0" 200 37498 "-" "Mozilla/5.0 (compatible; BLEXBot/1.0; +http://webmeup-crawler.com/)"
37.27.51.144 - - [22/Nov/2024:06:51:02 -0500] "GET /product_detail.php?pageNo=38&id=2276 HTTP/1.0" 200 37498 "-" "Mozilla/5.0 (compatible; BLEXBot/1.0; +http://webmeup-crawler.com/)"
37.27.51.144 - - [22/Nov/2024:06:51:04 -0500] "GET /product_detail.php?pageNo=38&id=2276 HTTP/1.0" 200 37498 "-" "Mozilla/5.0 (compatible; BLEXBot/1.0; +http://webmeup-crawler.com/)"
37.27.51.144 - - [22/Nov/2024:06:51:06 -0500] "GET /product_detail.php?pageNo=38&id=2277 HTTP/1.0" 200 37506 "-" "Mozilla/5.0 (compatible; BLEXBot/1.0; +http://webmeup-crawler.com/)"
37.27.51.144 - - [22/Nov/2024:06:51:08 -0500] "GET /product_detail.php?pageNo=38&id=2277 HTTP/1.0" 200 37506 "-" "Mozilla/5.0 (compatible; BLEXBot/1.0; +http://webmeup-crawler.com/)"
37.27.51.144 - - [22/Nov/2024:06:51:10 -0500] "GET /product_detail.php?pageNo=38&id=2278 HTTP/1.0" 200 37498 "-" "Mozilla/5.0 (compatible; BLEXBot/1.0; +http://webmeup-crawler.com/)"
85.208.96.193 - - [22/Nov/2024:06:51:10 -0500] "GET /product_detail.php?id=3756&pageNo=1&pid=694 HTTP/1.0" 200 36943 "-" "Mozilla/5.0 (compatible; SemrushBot/7~bl; +http://www.semrush.com/bot.html)"
37.27.51.144 - - [22/Nov/2024:06:51:12 -0500] "GET /product_detail.php?pageNo=38&id=2278 HTTP/1.0" 200 37498 "-" "Mozilla/5.0 (compatible; BLEXBot/1.0; +http://webmeup-crawler.com/)"
37.27.51.144 - - [22/Nov/2024:06:51:14 -0500] "GET /product_detail.php?pageNo=38&id=2279 HTTP/1.0" 200 37498 "-" "Mozilla/5.0 (compatible; BLEXBot/1.0; +http://webmeup-crawler.com/)"
37.27.51.144 - - [22/Nov/2024:06:51:15 -0500] "GET /product_detail.php?pageNo=38&id=2279 HTTP/1.0" 200 37498 "-" "Mozilla/5.0 (compatible; BLEXBot/1.0; +http://webmeup-crawler.com/)"
37.27.51.144 - - [22/Nov/2024:06:51:17 -0500] "GET /product_detail.php?pageNo=38&id=2280 HTTP/1.0" 200 37498 "-" "Mozilla/5.0 (compatible; BLEXBot/1.0; +http://webmeup-crawler.com/)"
37.27.51.144 - - [22/Nov/2024:06:51:19 -0500] "GET /product_detail.php?pageNo=38&id=2280 HTTP/1.0" 200 37498 "-" "Mozilla/5.0 (compatible; BLEXBot/1.0; +http://webmeup-crawler.com/)"
37.27.51.144 - - [22/Nov/2024:06:51:22 -0500] "GET /product_detail.php?pageNo=38&id=2281 HTTP/1.0" 200 37498 "-" "Mozilla/5.0 (compatible; BLEXBot/1.0; +http://webmeup-crawler.com/)"
37.27.51.144 - - [22/Nov/2024:06:51:23 -0500] "GET /product_detail.php?pageNo=38&id=2281 HTTP/1.0" 200 37498 "-" "Mozilla/5.0 (compatible; BLEXBot/1.0; +http://webmeup-crawler.com/)"
37.27.51.144 - - [22/Nov/2024:06:51:25 -0500] "GET /product_detail.php?pageNo=38&id=2282 HTTP/1.0" 200 37498 "-" "Mozilla/5.0 (compatible; BLEXBot/1.0; +http://webmeup-crawler.com/)"
37.27.51.144 - - [22/Nov/2024:06:51:27 -0500] "GET /product_detail.php?pageNo=38&id=2282 HTTP/1.0" 200 37498 "-" "Mozilla/5.0 (compatible; BLEXBot/1.0; +http://webmeup-crawler.com/)"
37.27.51.144 - - [22/Nov/2024:06:51:29 -0500] "GET /product_detail.php?pageNo=38&id=2283 HTTP/1.0" 200 37502 "-" "Mozilla/5.0 (compatible; BLEXBot/1.0; +http://webmeup-crawler.com/)"
37.27.51.144 - - [22/Nov/2024:06:51:32 -0500] "GET /product_detail.php?pageNo=38&id=2283 HTTP/1.0" 200 37502 "-" "Mozilla/5.0 (compatible; BLEXBot/1.0; +http://webmeup-crawler.com/)"
37.27.51.144 - - [22/Nov/2024:06:51:34 -0500] "GET /product_detail.php?pageNo=38&id=2284 HTTP/1.0" 200 37410 "-" "Mozilla/5.0 (compatible; BLEXBot/1.0; +http://webmeup-crawler.com/)"
37.27.51.144 - - [22/Nov/2024:06:51:36 -0500] "GET /product_detail.php?pageNo=38&id=2284 HTTP/1.0" 200 37410 "-" "Mozilla/5.0 (compatible; BLEXBot/1.0; +http://webmeup-crawler.com/)"
37.27.51.144 - - [22/Nov/2024:06:51:39 -0500] "GET /product_detail.php?pageNo=38&id=2285 HTTP/1.0" 200 37410 "-" "Mozilla/5.0 (compatible; BLEXBot/1.0; +http://webmeup-crawler.com/)"
37.27.51.144 - - [22/Nov/2024:06:51:41 -0500] "GET /product_detail.php?pageNo=38&id=2285 HTTP/1.0" 200 37410 "-" "Mozilla/5.0 (compatible; BLEXBot/1.0; +http://webmeup-crawler.com/)"
37.27.51.144 - - [22/Nov/2024:06:51:43 -0500] "GET /product_detail.php?pageNo=38&id=2286 HTTP/1.0" 200 37410 "-" "Mozilla/5.0 (compatible; BLEXBot/1.0; +http://webmeup-crawler.com/)"
37.27.51.144 - - [22/Nov/2024:06:51:44 -0500] "GET /product_detail.php?pageNo=38&id=2286 HTTP/1.0" 200 37410 "-" "Mozilla/5.0 (compatible; BLEXBot/1.0; +http://webmeup-crawler.com/)"
37.27.51.144 - - [22/Nov/2024:06:51:46 -0500] "GET /product_detail.php?pageNo=38&id=2287 HTTP/1.0" 200 37410 "-" "Mozilla/5.0 (compatible; BLEXBot/1.0; +http://webmeup-crawler.com/)"
37.27.51.144 - - [22/Nov/2024:06:51:48 -0500] "GET /product_detail.php?pageNo=38&id=2287 HTTP/1.0" 200 37410 "-" "Mozilla/5.0 (compatible; BLEXBot/1.0; +http://webmeup-crawler.com/)"
37.27.51.144 - - [22/Nov/2024:06:51:50 -0500] "GET /product_detail.php?pageNo=38&id=2288 HTTP/1.0" 200 37410 "-" "Mozilla/5.0 (compatible; BLEXBot/1.0; +http://webmeup-crawler.com/)"
37.27.51.144 - - [22/Nov/2024:06:51:52 -0500] "GET /product_detail.php?pageNo=38&id=2288 HTTP/1.0" 200 37410 "-" "Mozilla/5.0 (compatible; BLEXBot/1.0; +http://webmeup-crawler.com/)"
37.27.51.144 - - [22/Nov/2024:06:51:54 -0500] "GET /product_detail.php?pageNo=38&id=2289 HTTP/1.0" 200 37500 "-" "Mozilla/5.0 (compatible; BLEXBot/1.0; +http://webmeup-crawler.com/)"
37.27.51.144 - - [22/Nov/2024:06:51:56 -0500] "GET /product_detail.php?pageNo=38&id=2289 HTTP/1.0" 200 37500 "-" "Mozilla/5.0 (compatible; BLEXBot/1.0; +http://webmeup-crawler.com/)"
37.27.51.144 - - [22/Nov/2024:06:51:58 -0500] "GET /product_detail.php?pageNo=38&id=2290 HTTP/1.0" 200 37634 "-" "Mozilla/5.0 (compatible; BLEXBot/1.0; +http://webmeup-crawler.com/)"
37.27.51.144 - - [22/Nov/2024:06:52:00 -0500] "GET /product_detail.php?pageNo=38&id=2290 HTTP/1.0" 200 37634 "-" "Mozilla/5.0 (compatible; BLEXBot/1.0; +http://webmeup-crawler.com/)"
37.27.51.144 - - [22/Nov/2024:06:52:02 -0500] "GET /product_detail.php?pageNo=38&id=2291 HTTP/1.0" 200 37410 "-" "Mozilla/5.0 (compatible; BLEXBot/1.0; +http://webmeup-crawler.com/)"
37.27.51.144 - - [22/Nov/2024:06:52:04 -0500] "GET /product_detail.php?pageNo=38&id=2291 HTTP/1.0" 200 37410 "-" "Mozilla/5.0 (compatible; BLEXBot/1.0; +http://webmeup-crawler.com/)"
37.27.51.144 - - [22/Nov/2024:06:52:06 -0500] "GET /product_detail.php?pageNo=38&id=2292 HTTP/1.0" 200 37410 "-" "Mozilla/5.0 (compatible; BLEXBot/1.0; +http://webmeup-crawler.com/)"
37.27.51.144 - - [22/Nov/2024:06:52:08 -0500] "GET /product_detail.php?pageNo=38&id=2292 HTTP/1.0" 200 37410 "-" "Mozilla/5.0 (compatible; BLEXBot/1.0; +http://webmeup-crawler.com/)"
37.27.51.144 - - [22/Nov/2024:06:52:10 -0500] "GET /product_detail.php?pageNo=38&id=2293 HTTP/1.0" 200 37410 "-" "Mozilla/5.0 (compatible; BLEXBot/1.0; +http://webmeup-crawler.com/)"
37.27.51.144 - - [22/Nov/2024:06:52:12 -0500] "GET /product_detail.php?pageNo=38&id=2293 HTTP/1.0" 200 37410 "-" "Mozilla/5.0 (compatible; BLEXBot/1.0; +http://webmeup-crawler.com/)"
37.27.51.144 - - [22/Nov/2024:06:52:14 -0500] "GET /product_detail.php?pageNo=38&id=2294 HTTP/1.0" 200 37410 "-" "Mozilla/5.0 (compatible; BLEXBot/1.0; +http://webmeup-crawler.com/)"
37.27.51.144 - - [22/Nov/2024:06:52:16 -0500] "GET /product_detail.php?pageNo=38&id=2294 HTTP/1.0" 200 37410 "-" "Mozilla/5.0 (compatible; BLEXBot/1.0; +http://webmeup-crawler.com/)"
37.27.51.144 - - [22/Nov/2024:06:52:18 -0500] "GET /product_detail.php?pageNo=38&id=2295 HTTP/1.0" 200 37410 "-" "Mozilla/5.0 (compatible; BLEXBot/1.0; +http://webmeup-crawler.com/)"
37.27.51.144 - - [22/Nov/2024:06:52:20 -0500] "GET /product_detail.php?pageNo=38&id=2295 HTTP/1.0" 200 37410 "-" "Mozilla/5.0 (compatible; BLEXBot/1.0; +http://webmeup-crawler.com/)"
37.27.51.144 - - [22/Nov/2024:06:52:22 -0500] "GET /product_detail.php?pageNo=38&id=2296 HTTP/1.0" 200 37410 "-" "Mozilla/5.0 (compatible; BLEXBot/1.0; +http://webmeup-crawler.com/)"
85.208.96.212 - - [22/Nov/2024:06:52:23 -0500] "GET /product_detail.php?id=2592&pageNo=4&pid=639 HTTP/1.0" 200 37548 "-" "Mozilla/5.0 (compatible; SemrushBot/7~bl; +http://www.semrush.com/bot.html)"
18.191.200.114 - - [22/Nov/2024:06:52:23 -0500] "GET /robots.txt HTTP/1.0" 404 1581 "https://goldensunimport.com/robots.txt" "Mozilla/5.0 AppleWebKit/537.36 (KHTML, like Gecko; compatible; ClaudeBot/1.0; +claudebot@anthropic.com)"
18.191.200.114 - - [22/Nov/2024:06:52:23 -0500] "GET /product_detail.php?id=1874&pageNo=1&pid=737 HTTP/1.0" 200 37553 "https://goldensunimport.com/product_detail.php?id=1874&pageNo=1&pid=737" "Mozilla/5.0 AppleWebKit/537.36 (KHTML, like Gecko; compatible; ClaudeBot/1.0; +claudebot@anthropic.com)"
37.27.51.144 - - [22/Nov/2024:06:52:26 -0500] "GET /product_detail.php?pageNo=38&id=2296 HTTP/1.0" 200 37410 "-" "Mozilla/5.0 (compatible; BLEXBot/1.0; +http://webmeup-crawler.com/)"
37.27.51.144 - - [22/Nov/2024:06:52:28 -0500] "GET /product_detail.php?pageNo=38&id=2297 HTTP/1.0" 200 37410 "-" "Mozilla/5.0 (compatible; BLEXBot/1.0; +http://webmeup-crawler.com/)"
37.27.51.144 - - [22/Nov/2024:06:52:30 -0500] "GET /product_detail.php?pageNo=38&id=2297 HTTP/1.0" 200 37410 "-" "Mozilla/5.0 (compatible; BLEXBot/1.0; +http://webmeup-crawler.com/)"
37.27.51.144 - - [22/Nov/2024:06:52:32 -0500] "GET /product_detail.php?pageNo=38&id=2298 HTTP/1.0" 200 37410 "-" "Mozilla/5.0 (compatible; BLEXBot/1.0; +http://webmeup-crawler.com/)"
37.27.51.144 - - [22/Nov/2024:06:52:34 -0500] "GET /product_detail.php?pageNo=38&id=2298 HTTP/1.0" 200 37410 "-" "Mozilla/5.0 (compatible; BLEXBot/1.0; +http://webmeup-crawler.com/)"
37.27.51.144 - - [22/Nov/2024:06:52:36 -0500] "GET /product_detail.php?pageNo=38&id=2299 HTTP/1.0" 200 37410 "-" "Mozilla/5.0 (compatible; BLEXBot/1.0; +http://webmeup-crawler.com/)"
37.27.51.144 - - [22/Nov/2024:06:52:38 -0500] "GET /product_detail.php?pageNo=38&id=2299 HTTP/1.0" 200 37410 "-" "Mozilla/5.0 (compatible; BLEXBot/1.0; +http://webmeup-crawler.com/)"
37.27.51.144 - - [22/Nov/2024:06:52:40 -0500] "GET /product_detail.php?pageNo=38&id=2300 HTTP/1.0" 200 37410 "-" "Mozilla/5.0 (compatible; BLEXBot/1.0; +http://webmeup-crawler.com/)"
85.208.96.193 - - [22/Nov/2024:06:52:42 -0500] "GET /robots.txt HTTP/1.0" 404 1581 "-" "Mozilla/5.0 (compatible; SemrushBot/7~bl; +http://www.semrush.com/bot.html)"
37.27.51.144 - - [22/Nov/2024:06:52:42 -0500] "GET /product_detail.php?pageNo=38&id=2300 HTTP/1.0" 200 37410 "-" "Mozilla/5.0 (compatible; BLEXBot/1.0; +http://webmeup-crawler.com/)"
185.191.171.19 - - [22/Nov/2024:06:52:43 -0500] "GET /product_detail.php?id=3566&pageNo=7&pid=748 HTTP/1.0" 200 37365 "-" "Mozilla/5.0 (compatible; SemrushBot/7~bl; +http://www.semrush.com/bot.html)"
37.27.51.144 - - [22/Nov/2024:06:52:44 -0500] "GET /product_detail.php?pageNo=38&id=2301 HTTP/1.0" 200 37410 "-" "Mozilla/5.0 (compatible; BLEXBot/1.0; +http://webmeup-crawler.com/)"
37.27.51.144 - - [22/Nov/2024:06:52:46 -0500] "GET /product_detail.php?pageNo=38&id=2301 HTTP/1.0" 200 37410 "-" "Mozilla/5.0 (compatible; BLEXBot/1.0; +http://webmeup-crawler.com/)"
37.27.51.144 - - [22/Nov/2024:06:52:48 -0500] "GET /product_detail.php?pageNo=38&id=2302 HTTP/1.0" 200 37410 "-" "Mozilla/5.0 (compatible; BLEXBot/1.0; +http://webmeup-crawler.com/)"
37.27.51.144 - - [22/Nov/2024:06:52:50 -0500] "GET /product_detail.php?pageNo=38&id=2302 HTTP/1.0" 200 37410 "-" "Mozilla/5.0 (compatible; BLEXBot/1.0; +http://webmeup-crawler.com/)"
37.27.51.144 - - [22/Nov/2024:06:52:52 -0500] "GET /product_detail.php?pageNo=38&id=2303 HTTP/1.0" 200 37410 "-" "Mozilla/5.0 (compatible; BLEXBot/1.0; +http://webmeup-crawler.com/)"
37.27.51.144 - - [22/Nov/2024:06:52:54 -0500] "GET /product_detail.php?pageNo=38&id=2303 HTTP/1.0" 200 37410 "-" "Mozilla/5.0 (compatible; BLEXBot/1.0; +http://webmeup-crawler.com/)"
37.27.51.144 - - [22/Nov/2024:06:52:56 -0500] "GET /product_detail.php?pageNo=38&id=2304 HTTP/1.0" 200 37410 "-" "Mozilla/5.0 (compatible; BLEXBot/1.0; +http://webmeup-crawler.com/)"
85.208.96.197 - - [22/Nov/2024:06:52:57 -0500] "GET /product_detail.php?id=3034&pageNo=5&pid=639 HTTP/1.0" 200 37546 "-" "Mozilla/5.0 (compatible; SemrushBot/7~bl; +http://www.semrush.com/bot.html)"
37.27.51.144 - - [22/Nov/2024:06:52:58 -0500] "GET /product_detail.php?pageNo=38&id=2304 HTTP/1.0" 200 37410 "-" "Mozilla/5.0 (compatible; BLEXBot/1.0; +http://webmeup-crawler.com/)"
66.249.79.233 - - [22/Nov/2024:06:52:59 -0500] "GET /product_detail.php?id=3752&pageNo=18&pid=639 HTTP/1.0" 200 37772 "-" "Mozilla/5.0 (Linux; Android 6.0.1; Nexus 5X Build/MMB29P) AppleWebKit/537.36 (KHTML, like Gecko) Chrome/131.0.6778.69 Mobile Safari/537.36 (compatible; Googlebot/2.1; +http://www.google.com/bot.html)"
37.27.51.144 - - [22/Nov/2024:06:53:00 -0500] "GET /product_detail.php?pageNo=38&id=2305 HTTP/1.0" 200 37410 "-" "Mozilla/5.0 (compatible; BLEXBot/1.0; +http://webmeup-crawler.com/)"
37.27.51.144 - - [22/Nov/2024:06:53:02 -0500] "GET /product_detail.php?pageNo=38&id=2305 HTTP/1.0" 200 37410 "-" "Mozilla/5.0 (compatible; BLEXBot/1.0; +http://webmeup-crawler.com/)"
37.27.51.144 - - [22/Nov/2024:06:53:04 -0500] "GET /product_detail.php?pageNo=38&id=2306 HTTP/1.0" 200 37410 "-" "Mozilla/5.0 (compatible; BLEXBot/1.0; +http://webmeup-crawler.com/)"
37.27.51.144 - - [22/Nov/2024:06:53:05 -0500] "GET /product_detail.php?pageNo=38&id=2306 HTTP/1.0" 200 37410 "-" "Mozilla/5.0 (compatible; BLEXBot/1.0; +http://webmeup-crawler.com/)"
3.15.239.50 - - [22/Nov/2024:06:53:07 -0500] "GET /product_detail.php?id=2519&pid=639 HTTP/1.0" 200 37432 "https://goldensunimport.com/product_detail.php?id=2519&pid=639" "Mozilla/5.0 AppleWebKit/537.36 (KHTML, like Gecko; compatible; ClaudeBot/1.0; +claudebot@anthropic.com)"
37.27.51.144 - - [22/Nov/2024:06:53:07 -0500] "GET /product_detail.php?pageNo=38&id=2307 HTTP/1.0" 200 37410 "-" "Mozilla/5.0 (compatible; BLEXBot/1.0; +http://webmeup-crawler.com/)"
37.27.51.144 - - [22/Nov/2024:06:53:09 -0500] "GET /product_detail.php?pageNo=38&id=2307 HTTP/1.0" 200 37410 "-" "Mozilla/5.0 (compatible; BLEXBot/1.0; +http://webmeup-crawler.com/)"
37.27.51.144 - - [22/Nov/2024:06:53:11 -0500] "GET /product_detail.php?pageNo=38&id=2308 HTTP/1.0" 200 37410 "-" "Mozilla/5.0 (compatible; BLEXBot/1.0; +http://webmeup-crawler.com/)"
37.27.51.144 - - [22/Nov/2024:06:53:14 -0500] "GET /product_detail.php?pageNo=38&id=2308 HTTP/1.0" 200 37410 "-" "Mozilla/5.0 (compatible; BLEXBot/1.0; +http://webmeup-crawler.com/)"
37.27.51.144 - - [22/Nov/2024:06:53:16 -0500] "GET /product_detail.php?pageNo=38&id=2309 HTTP/1.0" 200 37410 "-" "Mozilla/5.0 (compatible; BLEXBot/1.0; +http://webmeup-crawler.com/)"
37.27.51.144 - - [22/Nov/2024:06:53:18 -0500] "GET /product_detail.php?pageNo=38&id=2309 HTTP/1.0" 200 37410 "-" "Mozilla/5.0 (compatible; BLEXBot/1.0; +http://webmeup-crawler.com/)"
37.27.51.144 - - [22/Nov/2024:06:53:20 -0500] "GET /product_detail.php?pageNo=38&id=2310 HTTP/1.0" 200 37410 "-" "Mozilla/5.0 (compatible; BLEXBot/1.0; +http://webmeup-crawler.com/)"
37.27.51.144 - - [22/Nov/2024:06:53:22 -0500] "GET /product_detail.php?pageNo=38&id=2310 HTTP/1.0" 200 37410 "-" "Mozilla/5.0 (compatible; BLEXBot/1.0; +http://webmeup-crawler.com/)"
85.208.96.212 - - [22/Nov/2024:06:53:22 -0500] "GET /product_detail.php?id=2533&pageNo=4&pid=741 HTTP/1.0" 200 27184 "-" "Mozilla/5.0 (compatible; SemrushBot/7~bl; +http://www.semrush.com/bot.html)"
37.27.51.144 - - [22/Nov/2024:06:53:24 -0500] "GET /product_detail.php?pageNo=38&id=2311 HTTP/1.0" 200 37410 "-" "Mozilla/5.0 (compatible; BLEXBot/1.0; +http://webmeup-crawler.com/)"
185.191.171.16 - - [22/Nov/2024:06:53:24 -0500] "GET /product_detail.php?id=3248&pageNo=8&pid=639 HTTP/1.0" 200 37550 "-" "Mozilla/5.0 (compatible; SemrushBot/7~bl; +http://www.semrush.com/bot.html)"
37.27.51.144 - - [22/Nov/2024:06:53:25 -0500] "GET /product_detail.php?pageNo=38&id=2311 HTTP/1.0" 200 37410 "-" "Mozilla/5.0 (compatible; BLEXBot/1.0; +http://webmeup-crawler.com/)"
37.27.51.144 - - [22/Nov/2024:06:53:28 -0500] "GET /product_detail.php?pageNo=38&id=2312 HTTP/1.0" 200 37410 "-" "Mozilla/5.0 (compatible; BLEXBot/1.0; +http://webmeup-crawler.com/)"
37.27.51.144 - - [22/Nov/2024:06:53:29 -0500] "GET /product_detail.php?pageNo=38&id=2312 HTTP/1.0" 200 37410 "-" "Mozilla/5.0 (compatible; BLEXBot/1.0; +http://webmeup-crawler.com/)"
37.27.51.144 - - [22/Nov/2024:06:53:31 -0500] "GET /product_detail.php?pageNo=38&id=2313 HTTP/1.0" 200 37410 "-" "Mozilla/5.0 (compatible; BLEXBot/1.0; +http://webmeup-crawler.com/)"
37.27.51.144 - - [22/Nov/2024:06:53:33 -0500] "GET /product_detail.php?pageNo=38&id=2313 HTTP/1.0" 200 37410 "-" "Mozilla/5.0 (compatible; BLEXBot/1.0; +http://webmeup-crawler.com/)"
37.27.51.144 - - [22/Nov/2024:06:53:35 -0500] "GET /product_detail.php?pageNo=38&id=2314 HTTP/1.0" 200 37410 "-" "Mozilla/5.0 (compatible; BLEXBot/1.0; +http://webmeup-crawler.com/)"
37.27.51.144 - - [22/Nov/2024:06:53:37 -0500] "GET /product_detail.php?pageNo=38&id=2314 HTTP/1.0" 200 37410 "-" "Mozilla/5.0 (compatible; BLEXBot/1.0; +http://webmeup-crawler.com/)"
37.27.51.144 - - [22/Nov/2024:06:53:39 -0500] "GET /product_detail.php?pageNo=38&id=2315 HTTP/1.0" 200 37410 "-" "Mozilla/5.0 (compatible; BLEXBot/1.0; +http://webmeup-crawler.com/)"
37.27.51.144 - - [22/Nov/2024:06:53:41 -0500] "GET /product_detail.php?pageNo=38&id=2315 HTTP/1.0" 200 37410 "-" "Mozilla/5.0 (compatible; BLEXBot/1.0; +http://webmeup-crawler.com/)"
37.27.51.144 - - [22/Nov/2024:06:53:43 -0500] "GET /product_detail.php?pageNo=38&id=2316 HTTP/1.0" 200 37410 "-" "Mozilla/5.0 (compatible; BLEXBot/1.0; +http://webmeup-crawler.com/)"
37.27.51.144 - - [22/Nov/2024:06:53:45 -0500] "GET /product_detail.php?pageNo=38&id=2316 HTTP/1.0" 200 37410 "-" "Mozilla/5.0 (compatible; BLEXBot/1.0; +http://webmeup-crawler.com/)"
37.27.51.144 - - [22/Nov/2024:06:53:47 -0500] "GET /product_detail.php?pageNo=38&id=2317 HTTP/1.0" 200 37410 "-" "Mozilla/5.0 (compatible; BLEXBot/1.0; +http://webmeup-crawler.com/)"
37.27.51.144 - - [22/Nov/2024:06:53:49 -0500] "GET /product_detail.php?pageNo=38&id=2317 HTTP/1.0" 200 37410 "-" "Mozilla/5.0 (compatible; BLEXBot/1.0; +http://webmeup-crawler.com/)"
37.27.51.144 - - [22/Nov/2024:06:53:51 -0500] "GET /product_detail.php?pageNo=38&id=2318 HTTP/1.0" 200 37410 "-" "Mozilla/5.0 (compatible; BLEXBot/1.0; +http://webmeup-crawler.com/)"
37.27.51.144 - - [22/Nov/2024:06:53:53 -0500] "GET /product_detail.php?pageNo=38&id=2318 HTTP/1.0" 200 37410 "-" "Mozilla/5.0 (compatible; BLEXBot/1.0; +http://webmeup-crawler.com/)"
37.27.51.144 - - [22/Nov/2024:06:53:55 -0500] "GET /product_detail.php?pageNo=38&id=2319 HTTP/1.0" 200 37410 "-" "Mozilla/5.0 (compatible; BLEXBot/1.0; +http://webmeup-crawler.com/)"
37.27.51.144 - - [22/Nov/2024:06:53:57 -0500] "GET /product_detail.php?pageNo=38&id=2319 HTTP/1.0" 200 37410 "-" "Mozilla/5.0 (compatible; BLEXBot/1.0; +http://webmeup-crawler.com/)"
37.27.51.144 - - [22/Nov/2024:06:53:59 -0500] "GET /product_detail.php?pageNo=38&id=2320 HTTP/1.0" 200 37410 "-" "Mozilla/5.0 (compatible; BLEXBot/1.0; +http://webmeup-crawler.com/)"
66.249.79.233 - - [22/Nov/2024:06:54:00 -0500] "GET /lib/?site=pvp777 HTTP/1.0" 404 1581 "-" "Mozilla/5.0 (Linux; Android 6.0.1; Nexus 5X Build/MMB29P) AppleWebKit/537.36 (KHTML, like Gecko) Chrome/131.0.6778.69 Mobile Safari/537.36 (compatible; Googlebot/2.1; +http://www.google.com/bot.html)"
66.249.79.235 - - [22/Nov/2024:06:54:01 -0500] "GET /product_detail.php?pageNo=35&id=2215&pid=639 HTTP/1.0" 200 37673 "-" "Mozilla/5.0 (Linux; Android 6.0.1; Nexus 5X Build/MMB29P) AppleWebKit/537.36 (KHTML, like Gecko) Chrome/131.0.6778.69 Mobile Safari/537.36 (compatible; Googlebot/2.1; +http://www.google.com/bot.html)"
37.27.51.144 - - [22/Nov/2024:06:54:01 -0500] "GET /product_detail.php?pageNo=38&id=2320 HTTP/1.0" 200 37410 "-" "Mozilla/5.0 (compatible; BLEXBot/1.0; +http://webmeup-crawler.com/)"
37.27.51.144 - - [22/Nov/2024:06:54:03 -0500] "GET /product_detail.php?pageNo=38&id=2321 HTTP/1.0" 200 37410 "-" "Mozilla/5.0 (compatible; BLEXBot/1.0; +http://webmeup-crawler.com/)"
37.27.51.144 - - [22/Nov/2024:06:54:06 -0500] "GET /product_detail.php?pageNo=38&id=2321 HTTP/1.0" 200 37410 "-" "Mozilla/5.0 (compatible; BLEXBot/1.0; +http://webmeup-crawler.com/)"
37.27.51.144 - - [22/Nov/2024:06:54:08 -0500] "GET /product_detail.php?pageNo=38&id=2322 HTTP/1.0" 200 37410 "-" "Mozilla/5.0 (compatible; BLEXBot/1.0; +http://webmeup-crawler.com/)"
37.27.51.144 - - [22/Nov/2024:06:54:10 -0500] "GET /product_detail.php?pageNo=38&id=2322 HTTP/1.0" 200 37410 "-" "Mozilla/5.0 (compatible; BLEXBot/1.0; +http://webmeup-crawler.com/)"
37.27.51.144 - - [22/Nov/2024:06:54:12 -0500] "GET /product_detail.php?pageNo=38&id=2323 HTTP/1.0" 200 37410 "-" "Mozilla/5.0 (compatible; BLEXBot/1.0; +http://webmeup-crawler.com/)"
37.27.51.144 - - [22/Nov/2024:06:54:14 -0500] "GET /product_detail.php?pageNo=38&id=2323 HTTP/1.0" 200 37410 "-" "Mozilla/5.0 (compatible; BLEXBot/1.0; +http://webmeup-crawler.com/)"
37.27.51.144 - - [22/Nov/2024:06:54:16 -0500] "GET /product_detail.php?pageNo=38&id=2324 HTTP/1.0" 200 37410 "-" "Mozilla/5.0 (compatible; BLEXBot/1.0; +http://webmeup-crawler.com/)"
37.27.51.144 - - [22/Nov/2024:06:54:18 -0500] "GET /product_detail.php?pageNo=38&id=2324 HTTP/1.0" 200 37410 "-" "Mozilla/5.0 (compatible; BLEXBot/1.0; +http://webmeup-crawler.com/)"
85.208.96.204 - - [22/Nov/2024:06:54:19 -0500] "GET /product_detail.php?id=3202&pageNo=4&pid=639 HTTP/1.0" 200 37546 "-" "Mozilla/5.0 (compatible; SemrushBot/7~bl; +http://www.semrush.com/bot.html)"
37.27.51.144 - - [22/Nov/2024:06:54:19 -0500] "GET /product_detail.php?pageNo=38&id=2325 HTTP/1.0" 200 37410 "-" "Mozilla/5.0 (compatible; BLEXBot/1.0; +http://webmeup-crawler.com/)"
37.27.51.144 - - [22/Nov/2024:06:54:21 -0500] "GET /product_detail.php?pageNo=38&id=2325 HTTP/1.0" 200 37410 "-" "Mozilla/5.0 (compatible; BLEXBot/1.0; +http://webmeup-crawler.com/)"
37.27.51.144 - - [22/Nov/2024:06:54:23 -0500] "GET /product_detail.php?pageNo=38&id=2326 HTTP/1.0" 200 37410 "-" "Mozilla/5.0 (compatible; BLEXBot/1.0; +http://webmeup-crawler.com/)"
185.191.171.8 - - [22/Nov/2024:06:54:25 -0500] "GET /product_detail.php?id=2326&pid=741 HTTP/1.0" 200 27184 "-" "Mozilla/5.0 (compatible; SemrushBot/7~bl; +http://www.semrush.com/bot.html)"
37.27.51.144 - - [22/Nov/2024:06:54:25 -0500] "GET /product_detail.php?pageNo=38&id=2326 HTTP/1.0" 200 37410 "-" "Mozilla/5.0 (compatible; BLEXBot/1.0; +http://webmeup-crawler.com/)"
37.27.51.144 - - [22/Nov/2024:06:54:28 -0500] "GET /product_detail.php?pageNo=38&id=2327 HTTP/1.0" 200 37410 "-" "Mozilla/5.0 (compatible; BLEXBot/1.0; +http://webmeup-crawler.com/)"
37.27.51.144 - - [22/Nov/2024:06:54:30 -0500] "GET /product_detail.php?pageNo=38&id=2327 HTTP/1.0" 200 37410 "-" "Mozilla/5.0 (compatible; BLEXBot/1.0; +http://webmeup-crawler.com/)"
37.27.51.144 - - [22/Nov/2024:06:54:32 -0500] "GET /product_detail.php?pageNo=38&id=2328 HTTP/1.0" 200 37410 "-" "Mozilla/5.0 (compatible; BLEXBot/1.0; +http://webmeup-crawler.com/)"
37.27.51.144 - - [22/Nov/2024:06:54:34 -0500] "GET /product_detail.php?pageNo=38&id=2328 HTTP/1.0" 200 37410 "-" "Mozilla/5.0 (compatible; BLEXBot/1.0; +http://webmeup-crawler.com/)"
37.27.51.144 - - [22/Nov/2024:06:54:36 -0500] "GET /product_detail.php?pageNo=38&id=2329 HTTP/1.0" 200 37410 "-" "Mozilla/5.0 (compatible; BLEXBot/1.0; +http://webmeup-crawler.com/)"
37.27.51.144 - - [22/Nov/2024:06:54:38 -0500] "GET /product_detail.php?pageNo=38&id=2329 HTTP/1.0" 200 37410 "-" "Mozilla/5.0 (compatible; BLEXBot/1.0; +http://webmeup-crawler.com/)"
37.27.51.144 - - [22/Nov/2024:06:54:40 -0500] "GET /product_detail.php?pageNo=38&id=2330 HTTP/1.0" 200 37410 "-" "Mozilla/5.0 (compatible; BLEXBot/1.0; +http://webmeup-crawler.com/)"
37.27.51.144 - - [22/Nov/2024:06:54:42 -0500] "GET /product_detail.php?pageNo=38&id=2330 HTTP/1.0" 200 37410 "-" "Mozilla/5.0 (compatible; BLEXBot/1.0; +http://webmeup-crawler.com/)"
37.27.51.144 - - [22/Nov/2024:06:54:44 -0500] "GET /product_detail.php?pageNo=38&id=2331 HTTP/1.0" 200 37410 "-" "Mozilla/5.0 (compatible; BLEXBot/1.0; +http://webmeup-crawler.com/)"
37.27.51.144 - - [22/Nov/2024:06:54:47 -0500] "GET /product_detail.php?pageNo=38&id=2331 HTTP/1.0" 200 37410 "-" "Mozilla/5.0 (compatible; BLEXBot/1.0; +http://webmeup-crawler.com/)"
37.27.51.144 - - [22/Nov/2024:06:54:49 -0500] "GET /product_detail.php?pageNo=38&id=2332 HTTP/1.0" 200 37410 "-" "Mozilla/5.0 (compatible; BLEXBot/1.0; +http://webmeup-crawler.com/)"
37.27.51.144 - - [22/Nov/2024:06:54:51 -0500] "GET /product_detail.php?pageNo=38&id=2332 HTTP/1.0" 200 37410 "-" "Mozilla/5.0 (compatible; BLEXBot/1.0; +http://webmeup-crawler.com/)"
37.27.51.144 - - [22/Nov/2024:06:54:53 -0500] "GET /product_detail.php?pageNo=38&id=2333 HTTP/1.0" 200 37410 "-" "Mozilla/5.0 (compatible; BLEXBot/1.0; +http://webmeup-crawler.com/)"
37.27.51.144 - - [22/Nov/2024:06:54:55 -0500] "GET /product_detail.php?pageNo=38&id=2333 HTTP/1.0" 200 37410 "-" "Mozilla/5.0 (compatible; BLEXBot/1.0; +http://webmeup-crawler.com/)"
37.27.51.144 - - [22/Nov/2024:06:54:58 -0500] "GET /product_detail.php?pageNo=38&id=2334 HTTP/1.0" 200 37410 "-" "Mozilla/5.0 (compatible; BLEXBot/1.0; +http://webmeup-crawler.com/)"
37.27.51.144 - - [22/Nov/2024:06:55:00 -0500] "GET /product_detail.php?pageNo=38&id=2334 HTTP/1.0" 200 37410 "-" "Mozilla/5.0 (compatible; BLEXBot/1.0; +http://webmeup-crawler.com/)"
37.27.51.144 - - [22/Nov/2024:06:55:02 -0500] "GET /product_detail.php?pageNo=38&id=2335 HTTP/1.0" 200 37410 "-" "Mozilla/5.0 (compatible; BLEXBot/1.0; +http://webmeup-crawler.com/)"
185.191.171.19 - - [22/Nov/2024:06:55:04 -0500] "GET /product_detail.php?id=3811&pageNo=5&pid=639 HTTP/1.0" 200 37554 "-" "Mozilla/5.0 (compatible; SemrushBot/7~bl; +http://www.semrush.com/bot.html)"
37.27.51.144 - - [22/Nov/2024:06:55:04 -0500] "GET /product_detail.php?pageNo=38&id=2335 HTTP/1.0" 200 37410 "-" "Mozilla/5.0 (compatible; BLEXBot/1.0; +http://webmeup-crawler.com/)"
37.27.51.144 - - [22/Nov/2024:06:55:06 -0500] "GET /product_detail.php?pageNo=38&id=2336 HTTP/1.0" 200 37500 "-" "Mozilla/5.0 (compatible; BLEXBot/1.0; +http://webmeup-crawler.com/)"
37.27.51.144 - - [22/Nov/2024:06:55:08 -0500] "GET /product_detail.php?pageNo=38&id=2336 HTTP/1.0" 200 37500 "-" "Mozilla/5.0 (compatible; BLEXBot/1.0; +http://webmeup-crawler.com/)"
37.27.51.144 - - [22/Nov/2024:06:55:10 -0500] "GET /product_detail.php?pageNo=38&id=2337 HTTP/1.0" 200 37500 "-" "Mozilla/5.0 (compatible; BLEXBot/1.0; +http://webmeup-crawler.com/)"
85.208.96.211 - - [22/Nov/2024:06:55:11 -0500] "GET /product_detail.php?id=2309&pageNo=2&pid=741 HTTP/1.0" 200 27184 "-" "Mozilla/5.0 (compatible; SemrushBot/7~bl; +http://www.semrush.com/bot.html)"
37.27.51.144 - - [22/Nov/2024:06:55:12 -0500] "GET /product_detail.php?pageNo=38&id=2337 HTTP/1.0" 200 37500 "-" "Mozilla/5.0 (compatible; BLEXBot/1.0; +http://webmeup-crawler.com/)"
37.27.51.144 - - [22/Nov/2024:06:55:14 -0500] "GET /product_detail.php?pageNo=38&id=2338 HTTP/1.0" 200 37498 "-" "Mozilla/5.0 (compatible; BLEXBot/1.0; +http://webmeup-crawler.com/)"
37.27.51.144 - - [22/Nov/2024:06:55:16 -0500] "GET /product_detail.php?pageNo=38&id=2338 HTTP/1.0" 200 37498 "-" "Mozilla/5.0 (compatible; BLEXBot/1.0; +http://webmeup-crawler.com/)"
37.27.51.144 - - [22/Nov/2024:06:55:18 -0500] "GET /product_detail.php?pageNo=38&id=2339 HTTP/1.0" 200 37500 "-" "Mozilla/5.0 (compatible; BLEXBot/1.0; +http://webmeup-crawler.com/)"
37.27.51.144 - - [22/Nov/2024:06:55:20 -0500] "GET /product_detail.php?pageNo=38&id=2339 HTTP/1.0" 200 37500 "-" "Mozilla/5.0 (compatible; BLEXBot/1.0; +http://webmeup-crawler.com/)"
37.27.51.144 - - [22/Nov/2024:06:55:22 -0500] "GET /product_detail.php?pageNo=38&id=2340 HTTP/1.0" 200 37502 "-" "Mozilla/5.0 (compatible; BLEXBot/1.0; +http://webmeup-crawler.com/)"
37.27.51.144 - - [22/Nov/2024:06:55:24 -0500] "GET /product_detail.php?pageNo=38&id=2340 HTTP/1.0" 200 37502 "-" "Mozilla/5.0 (compatible; BLEXBot/1.0; +http://webmeup-crawler.com/)"
37.27.51.144 - - [22/Nov/2024:06:55:26 -0500] "GET /product_detail.php?pageNo=38&id=2341 HTTP/1.0" 200 37500 "-" "Mozilla/5.0 (compatible; BLEXBot/1.0; +http://webmeup-crawler.com/)"
37.27.51.144 - - [22/Nov/2024:06:55:28 -0500] "GET /product_detail.php?pageNo=38&id=2341 HTTP/1.0" 200 37500 "-" "Mozilla/5.0 (compatible; BLEXBot/1.0; +http://webmeup-crawler.com/)"
37.27.51.144 - - [22/Nov/2024:06:55:30 -0500] "GET /product_detail.php?pageNo=38&id=2342 HTTP/1.0" 200 37500 "-" "Mozilla/5.0 (compatible; BLEXBot/1.0; +http://webmeup-crawler.com/)"
37.27.51.144 - - [22/Nov/2024:06:55:32 -0500] "GET /product_detail.php?pageNo=38&id=2342 HTTP/1.0" 200 37500 "-" "Mozilla/5.0 (compatible; BLEXBot/1.0; +http://webmeup-crawler.com/)"
37.27.51.144 - - [22/Nov/2024:06:55:34 -0500] "GET /product_detail.php?pageNo=38&id=2343 HTTP/1.0" 200 37410 "-" "Mozilla/5.0 (compatible; BLEXBot/1.0; +http://webmeup-crawler.com/)"
37.27.51.144 - - [22/Nov/2024:06:55:35 -0500] "GET /product_detail.php?pageNo=38&id=2343 HTTP/1.0" 200 37410 "-" "Mozilla/5.0 (compatible; BLEXBot/1.0; +http://webmeup-crawler.com/)"
37.27.51.144 - - [22/Nov/2024:06:55:38 -0500] "GET /product_detail.php?pageNo=38&id=2344 HTTP/1.0" 200 37410 "-" "Mozilla/5.0 (compatible; BLEXBot/1.0; +http://webmeup-crawler.com/)"
37.27.51.144 - - [22/Nov/2024:06:55:40 -0500] "GET /product_detail.php?pageNo=38&id=2344 HTTP/1.0" 200 37410 "-" "Mozilla/5.0 (compatible; BLEXBot/1.0; +http://webmeup-crawler.com/)"
37.27.51.144 - - [22/Nov/2024:06:55:42 -0500] "GET /product_detail.php?pageNo=38&id=2345 HTTP/1.0" 200 37410 "-" "Mozilla/5.0 (compatible; BLEXBot/1.0; +http://webmeup-crawler.com/)"
37.27.51.144 - - [22/Nov/2024:06:55:44 -0500] "GET /product_detail.php?pageNo=38&id=2345 HTTP/1.0" 200 37410 "-" "Mozilla/5.0 (compatible; BLEXBot/1.0; +http://webmeup-crawler.com/)"
185.191.171.16 - - [22/Nov/2024:06:55:46 -0500] "GET /product_detail.php?id=2060&pageNo=8&pid=639 HTTP/1.0" 200 37546 "-" "Mozilla/5.0 (compatible; SemrushBot/7~bl; +http://www.semrush.com/bot.html)"
37.27.51.144 - - [22/Nov/2024:06:55:47 -0500] "GET /product_detail.php?pageNo=38&id=2346 HTTP/1.0" 200 37498 "-" "Mozilla/5.0 (compatible; BLEXBot/1.0; +http://webmeup-crawler.com/)"
37.27.51.144 - - [22/Nov/2024:06:55:49 -0500] "GET /product_detail.php?pageNo=38&id=2346 HTTP/1.0" 200 37498 "-" "Mozilla/5.0 (compatible; BLEXBot/1.0; +http://webmeup-crawler.com/)"
37.27.51.144 - - [22/Nov/2024:06:55:52 -0500] "GET /product_detail.php?pageNo=38&id=2347 HTTP/1.0" 200 37606 "-" "Mozilla/5.0 (compatible; BLEXBot/1.0; +http://webmeup-crawler.com/)"
37.27.51.144 - - [22/Nov/2024:06:55:54 -0500] "GET /product_detail.php?pageNo=38&id=2347 HTTP/1.0" 200 37606 "-" "Mozilla/5.0 (compatible; BLEXBot/1.0; +http://webmeup-crawler.com/)"
37.27.51.144 - - [22/Nov/2024:06:55:56 -0500] "GET /product_detail.php?pageNo=38&id=2348 HTTP/1.0" 200 37500 "-" "Mozilla/5.0 (compatible; BLEXBot/1.0; +http://webmeup-crawler.com/)"
37.27.51.144 - - [22/Nov/2024:06:55:58 -0500] "GET /product_detail.php?pageNo=38&id=2348 HTTP/1.0" 200 37500 "-" "Mozilla/5.0 (compatible; BLEXBot/1.0; +http://webmeup-crawler.com/)"
37.27.51.144 - - [22/Nov/2024:06:56:00 -0500] "GET /product_detail.php?pageNo=38&id=2349 HTTP/1.0" 200 37502 "-" "Mozilla/5.0 (compatible; BLEXBot/1.0; +http://webmeup-crawler.com/)"
66.249.79.235 - - [22/Nov/2024:06:56:03 -0500] "GET / HTTP/1.0" 200 28522 "-" "Mozilla/5.0 (compatible; Googlebot/2.1; +http://www.google.com/bot.html)"
37.27.51.144 - - [22/Nov/2024:06:56:03 -0500] "GET /product_detail.php?pageNo=38&id=2349 HTTP/1.0" 200 37502 "-" "Mozilla/5.0 (compatible; BLEXBot/1.0; +http://webmeup-crawler.com/)"
66.249.79.234 - - [22/Nov/2024:06:56:04 -0500] "GET /css/style.css HTTP/1.0" 200 756 "https://www.goldensunimport.com/" "Mozilla/5.0 AppleWebKit/537.36 (KHTML, like Gecko; compatible; Googlebot/2.1; +http://www.google.com/bot.html) Chrome/131.0.6778.69 Safari/537.36"
66.249.79.233 - - [22/Nov/2024:06:56:04 -0500] "GET /css/menu.css HTTP/1.0" 200 755 "https://www.goldensunimport.com/" "Mozilla/5.0 AppleWebKit/537.36 (KHTML, like Gecko; compatible; Googlebot/2.1; +http://www.google.com/bot.html) Chrome/131.0.6778.69 Safari/537.36"
66.249.79.235 - - [22/Nov/2024:06:56:05 -0500] "GET /coolmenus4.js HTTP/1.0" 200 770 "https://www.goldensunimport.com/" "Mozilla/5.0 AppleWebKit/537.36 (KHTML, like Gecko; compatible; Googlebot/2.1; +http://www.google.com/bot.html) Chrome/131.0.6778.69 Safari/537.36"
37.27.51.144 - - [22/Nov/2024:06:56:05 -0500] "GET /product_detail.php?pageNo=38&id=2350 HTTP/1.0" 200 37502 "-" "Mozilla/5.0 (compatible; BLEXBot/1.0; +http://webmeup-crawler.com/)"
37.27.51.144 - - [22/Nov/2024:06:56:07 -0500] "GET /product_detail.php?pageNo=38&id=2350 HTTP/1.0" 200 37502 "-" "Mozilla/5.0 (compatible; BLEXBot/1.0; +http://webmeup-crawler.com/)"
37.27.51.144 - - [22/Nov/2024:06:56:09 -0500] "GET /product_detail.php?pageNo=38&id=2351 HTTP/1.0" 200 37502 "-" "Mozilla/5.0 (compatible; BLEXBot/1.0; +http://webmeup-crawler.com/)"
37.27.51.144 - - [22/Nov/2024:06:56:11 -0500] "GET /product_detail.php?pageNo=38&id=2351 HTTP/1.0" 200 37502 "-" "Mozilla/5.0 (compatible; BLEXBot/1.0; +http://webmeup-crawler.com/)"
37.27.51.144 - - [22/Nov/2024:06:56:13 -0500] "GET /product_detail.php?pageNo=38&id=2352 HTTP/1.0" 200 37502 "-" "Mozilla/5.0 (compatible; BLEXBot/1.0; +http://webmeup-crawler.com/)"
37.27.51.144 - - [22/Nov/2024:06:56:16 -0500] "GET /product_detail.php?pageNo=38&id=2352 HTTP/1.0" 200 37502 "-" "Mozilla/5.0 (compatible; BLEXBot/1.0; +http://webmeup-crawler.com/)"
37.27.51.144 - - [22/Nov/2024:06:56:18 -0500] "GET /product_detail.php?pageNo=38&id=2353 HTTP/1.0" 200 37502 "-" "Mozilla/5.0 (compatible; BLEXBot/1.0; +http://webmeup-crawler.com/)"
37.27.51.144 - - [22/Nov/2024:06:56:20 -0500] "GET /product_detail.php?pageNo=38&id=2353 HTTP/1.0" 200 37502 "-" "Mozilla/5.0 (compatible; BLEXBot/1.0; +http://webmeup-crawler.com/)"
37.27.51.144 - - [22/Nov/2024:06:56:22 -0500] "GET /product_detail.php?pageNo=38&id=2354 HTTP/1.0" 200 37502 "-" "Mozilla/5.0 (compatible; BLEXBot/1.0; +http://webmeup-crawler.com/)"
37.27.51.144 - - [22/Nov/2024:06:56:24 -0500] "GET /product_detail.php?pageNo=38&id=2354 HTTP/1.0" 200 37502 "-" "Mozilla/5.0 (compatible; BLEXBot/1.0; +http://webmeup-crawler.com/)"
37.27.51.144 - - [22/Nov/2024:06:56:26 -0500] "GET /product_detail.php?pageNo=38&id=2355 HTTP/1.0" 200 37504 "-" "Mozilla/5.0 (compatible; BLEXBot/1.0; +http://webmeup-crawler.com/)"
37.27.51.144 - - [22/Nov/2024:06:56:28 -0500] "GET /product_detail.php?pageNo=38&id=2355 HTTP/1.0" 200 37504 "-" "Mozilla/5.0 (compatible; BLEXBot/1.0; +http://webmeup-crawler.com/)"
37.27.51.144 - - [22/Nov/2024:06:56:30 -0500] "GET /product_detail.php?pageNo=38&id=2356 HTTP/1.0" 200 37502 "-" "Mozilla/5.0 (compatible; BLEXBot/1.0; +http://webmeup-crawler.com/)"
37.27.51.144 - - [22/Nov/2024:06:56:32 -0500] "GET /product_detail.php?pageNo=38&id=2356 HTTP/1.0" 200 37502 "-" "Mozilla/5.0 (compatible; BLEXBot/1.0; +http://webmeup-crawler.com/)"
37.27.51.144 - - [22/Nov/2024:06:56:34 -0500] "GET /product_detail.php?pageNo=38&id=2357 HTTP/1.0" 200 37502 "-" "Mozilla/5.0 (compatible; BLEXBot/1.0; +http://webmeup-crawler.com/)"
37.27.51.144 - - [22/Nov/2024:06:56:36 -0500] "GET /product_detail.php?pageNo=38&id=2357 HTTP/1.0" 200 37502 "-" "Mozilla/5.0 (compatible; BLEXBot/1.0; +http://webmeup-crawler.com/)"
37.27.51.144 - - [22/Nov/2024:06:56:38 -0500] "GET /product_detail.php?pageNo=38&id=2358 HTTP/1.0" 200 37502 "-" "Mozilla/5.0 (compatible; BLEXBot/1.0; +http://webmeup-crawler.com/)"
37.27.51.144 - - [22/Nov/2024:06:56:40 -0500] "GET /product_detail.php?pageNo=38&id=2358 HTTP/1.0" 200 37502 "-" "Mozilla/5.0 (compatible; BLEXBot/1.0; +http://webmeup-crawler.com/)"
37.27.51.144 - - [22/Nov/2024:06:56:42 -0500] "GET /product_detail.php?pageNo=38&id=2359 HTTP/1.0" 200 37502 "-" "Mozilla/5.0 (compatible; BLEXBot/1.0; +http://webmeup-crawler.com/)"
37.27.51.144 - - [22/Nov/2024:06:56:44 -0500] "GET /product_detail.php?pageNo=38&id=2359 HTTP/1.0" 200 37502 "-" "Mozilla/5.0 (compatible; BLEXBot/1.0; +http://webmeup-crawler.com/)"
185.191.171.11 - - [22/Nov/2024:06:56:45 -0500] "GET /product_detail.php?id=783&pageNo=3&pid=639 HTTP/1.0" 200 37444 "-" "Mozilla/5.0 (compatible; SemrushBot/7~bl; +http://www.semrush.com/bot.html)"
37.27.51.144 - - [22/Nov/2024:06:56:46 -0500] "GET /product_detail.php?pageNo=38&id=2360 HTTP/1.0" 200 37498 "-" "Mozilla/5.0 (compatible; BLEXBot/1.0; +http://webmeup-crawler.com/)"
37.27.51.144 - - [22/Nov/2024:06:56:47 -0500] "GET /product_detail.php?pageNo=38&id=2360 HTTP/1.0" 200 37498 "-" "Mozilla/5.0 (compatible; BLEXBot/1.0; +http://webmeup-crawler.com/)"
37.27.51.144 - - [22/Nov/2024:06:56:49 -0500] "GET /product_detail.php?pageNo=38&id=2361 HTTP/1.0" 200 37498 "-" "Mozilla/5.0 (compatible; BLEXBot/1.0; +http://webmeup-crawler.com/)"
37.27.51.144 - - [22/Nov/2024:06:56:51 -0500] "GET /product_detail.php?pageNo=38&id=2361 HTTP/1.0" 200 37498 "-" "Mozilla/5.0 (compatible; BLEXBot/1.0; +http://webmeup-crawler.com/)"
37.27.51.144 - - [22/Nov/2024:06:56:53 -0500] "GET /product_detail.php?pageNo=38&id=2362 HTTP/1.0" 200 37498 "-" "Mozilla/5.0 (compatible; BLEXBot/1.0; +http://webmeup-crawler.com/)"
37.27.51.144 - - [22/Nov/2024:06:56:55 -0500] "GET /product_detail.php?pageNo=38&id=2362 HTTP/1.0" 200 37498 "-" "Mozilla/5.0 (compatible; BLEXBot/1.0; +http://webmeup-crawler.com/)"
37.27.51.144 - - [22/Nov/2024:06:56:57 -0500] "GET /product_detail.php?pageNo=38&id=2363 HTTP/1.0" 200 37498 "-" "Mozilla/5.0 (compatible; BLEXBot/1.0; +http://webmeup-crawler.com/)"
185.191.171.12 - - [22/Nov/2024:06:56:58 -0500] "GET /product_detail.php?id=3027&pageNo=9&pid=639 HTTP/1.0" 200 37551 "-" "Mozilla/5.0 (compatible; SemrushBot/7~bl; +http://www.semrush.com/bot.html)"
37.27.51.144 - - [22/Nov/2024:06:56:59 -0500] "GET /product_detail.php?pageNo=38&id=2363 HTTP/1.0" 200 37498 "-" "Mozilla/5.0 (compatible; BLEXBot/1.0; +http://webmeup-crawler.com/)"
37.27.51.144 - - [22/Nov/2024:06:57:01 -0500] "GET /product_detail.php?pageNo=38&id=2364 HTTP/1.0" 200 37500 "-" "Mozilla/5.0 (compatible; BLEXBot/1.0; +http://webmeup-crawler.com/)"
37.27.51.144 - - [22/Nov/2024:06:57:03 -0500] "GET /product_detail.php?pageNo=38&id=2364 HTTP/1.0" 200 37500 "-" "Mozilla/5.0 (compatible; BLEXBot/1.0; +http://webmeup-crawler.com/)"
37.27.51.144 - - [22/Nov/2024:06:57:05 -0500] "GET /product_detail.php?pageNo=38&id=2365 HTTP/1.0" 200 37502 "-" "Mozilla/5.0 (compatible; BLEXBot/1.0; +http://webmeup-crawler.com/)"
37.27.51.144 - - [22/Nov/2024:06:57:07 -0500] "GET /product_detail.php?pageNo=38&id=2365 HTTP/1.0" 200 37502 "-" "Mozilla/5.0 (compatible; BLEXBot/1.0; +http://webmeup-crawler.com/)"
37.27.51.144 - - [22/Nov/2024:06:57:09 -0500] "GET /product_detail.php?pageNo=38&id=2366 HTTP/1.0" 200 37502 "-" "Mozilla/5.0 (compatible; BLEXBot/1.0; +http://webmeup-crawler.com/)"
37.27.51.144 - - [22/Nov/2024:06:57:11 -0500] "GET /product_detail.php?pageNo=38&id=2366 HTTP/1.0" 200 37502 "-" "Mozilla/5.0 (compatible; BLEXBot/1.0; +http://webmeup-crawler.com/)"
37.27.51.144 - - [22/Nov/2024:06:57:13 -0500] "GET /product_detail.php?pageNo=38&id=2367 HTTP/1.0" 200 37502 "-" "Mozilla/5.0 (compatible; BLEXBot/1.0; +http://webmeup-crawler.com/)"
37.27.51.144 - - [22/Nov/2024:06:57:15 -0500] "GET /product_detail.php?pageNo=38&id=2367 HTTP/1.0" 200 37502 "-" "Mozilla/5.0 (compatible; BLEXBot/1.0; +http://webmeup-crawler.com/)"
37.27.51.144 - - [22/Nov/2024:06:57:17 -0500] "GET /product_detail.php?pageNo=38&id=2368 HTTP/1.0" 200 37502 "-" "Mozilla/5.0 (compatible; BLEXBot/1.0; +http://webmeup-crawler.com/)"
37.27.51.144 - - [22/Nov/2024:06:57:19 -0500] "GET /product_detail.php?pageNo=38&id=2368 HTTP/1.0" 200 37502 "-" "Mozilla/5.0 (compatible; BLEXBot/1.0; +http://webmeup-crawler.com/)"
37.27.51.144 - - [22/Nov/2024:06:57:21 -0500] "GET /product_detail.php?pageNo=38&id=2369 HTTP/1.0" 200 37498 "-" "Mozilla/5.0 (compatible; BLEXBot/1.0; +http://webmeup-crawler.com/)"
37.27.51.144 - - [22/Nov/2024:06:57:22 -0500] "GET /product_detail.php?pageNo=38&id=2369 HTTP/1.0" 200 37498 "-" "Mozilla/5.0 (compatible; BLEXBot/1.0; +http://webmeup-crawler.com/)"
85.208.96.206 - - [22/Nov/2024:06:57:24 -0500] "GET /product_detail.php?id=1388&pageNo=8&pid=639 HTTP/1.0" 200 37456 "-" "Mozilla/5.0 (compatible; SemrushBot/7~bl; +http://www.semrush.com/bot.html)"
37.27.51.144 - - [22/Nov/2024:06:57:24 -0500] "GET /product_detail.php?pageNo=38&id=2370 HTTP/1.0" 200 37496 "-" "Mozilla/5.0 (compatible; BLEXBot/1.0; +http://webmeup-crawler.com/)"
37.27.51.144 - - [22/Nov/2024:06:57:26 -0500] "GET /product_detail.php?pageNo=38&id=2370 HTTP/1.0" 200 37496 "-" "Mozilla/5.0 (compatible; BLEXBot/1.0; +http://webmeup-crawler.com/)"
37.27.51.144 - - [22/Nov/2024:06:57:29 -0500] "GET /product_detail.php?pageNo=38&id=2371 HTTP/1.0" 200 37502 "-" "Mozilla/5.0 (compatible; BLEXBot/1.0; +http://webmeup-crawler.com/)"
37.27.51.144 - - [22/Nov/2024:06:57:31 -0500] "GET /product_detail.php?pageNo=38&id=2371 HTTP/1.0" 200 37502 "-" "Mozilla/5.0 (compatible; BLEXBot/1.0; +http://webmeup-crawler.com/)"
3.15.186.56 - - [22/Nov/2024:06:57:32 -0500] "GET /product_detail.php?id=2522&pid=639 HTTP/1.0" 200 37926 "https://goldensunimport.com/product_detail.php?id=2522&pid=639" "Mozilla/5.0 AppleWebKit/537.36 (KHTML, like Gecko; compatible; ClaudeBot/1.0; +claudebot@anthropic.com)"
37.27.51.144 - - [22/Nov/2024:06:57:33 -0500] "GET /product_detail.php?pageNo=38&id=2372 HTTP/1.0" 200 37410 "-" "Mozilla/5.0 (compatible; BLEXBot/1.0; +http://webmeup-crawler.com/)"
37.27.51.144 - - [22/Nov/2024:06:57:35 -0500] "GET /product_detail.php?pageNo=38&id=2372 HTTP/1.0" 200 37410 "-" "Mozilla/5.0 (compatible; BLEXBot/1.0; +http://webmeup-crawler.com/)"
37.27.51.144 - - [22/Nov/2024:06:57:38 -0500] "GET /product_detail.php?pageNo=38&id=2373 HTTP/1.0" 200 37504 "-" "Mozilla/5.0 (compatible; BLEXBot/1.0; +http://webmeup-crawler.com/)"
37.27.51.144 - - [22/Nov/2024:06:57:40 -0500] "GET /product_detail.php?pageNo=38&id=2373 HTTP/1.0" 200 37504 "-" "Mozilla/5.0 (compatible; BLEXBot/1.0; +http://webmeup-crawler.com/)"
