37.27.51.144 - - [22/Nov/2024:07:35:01 -0500] "GET /product_detail.php?pageNo=38&id=3020 HTTP/1.0" 200 37500 "-" "Mozilla/5.0 (compatible; BLEXBot/1.0; +http://webmeup-crawler.com/)"
47.128.45.28 - - [22/Nov/2024:07:35:03 -0500] "GET /product_detail.php?id=3749&pageNo=36&pid=639 HTTP/1.0" 200 37659 "-" "Mozilla/5.0 (compatible; Bytespider; spider-feedback@bytedance.com) AppleWebKit/537.36 (KHTML, like Gecko) Chrome/70.0.0.0 Safari/537.36"
37.27.51.144 - - [22/Nov/2024:07:35:03 -0500] "GET /product_detail.php?pageNo=38&id=3021 HTTP/1.0" 200 37502 "-" "Mozilla/5.0 (compatible; BLEXBot/1.0; +http://webmeup-crawler.com/)"
47.128.45.28 - - [22/Nov/2024:07:35:03 -0500] "GET /admin/product_upload/20240331015423bPic.jpg HTTP/1.0" 200 788 "https://www.goldensunimport.com/product_detail.php?id=3749&pageNo=36&pid=639" "Mozilla/5.0 (compatible; Bytespider; spider-feedback@bytedance.com) AppleWebKit/537.36 (KHTML, like Gecko) Chrome/70.0.0.0 Safari/537.36"
47.128.45.28 - - [22/Nov/2024:07:35:04 -0500] "GET /admin/product_upload/20190605205048sPic.jpg HTTP/1.0" 200 788 "https://www.goldensunimport.com/product_detail.php?id=3749&pageNo=36&pid=639" "Mozilla/5.0 (compatible; Bytespider; spider-feedback@bytedance.com) AppleWebKit/537.36 (KHTML, like Gecko) Chrome/70.0.0.0 Safari/537.36"
47.128.45.28 - - [22/Nov/2024:07:35:04 -0500] "GET /admin/ad_upload/ HTTP/1.0" 403 1568 "https://www.goldensunimport.com/product_detail.php?id=3749&pageNo=36&pid=639" "Mozilla/5.0 (compatible; Bytespider; spider-feedback@bytedance.com) AppleWebKit/537.36 (KHTML, like Gecko) Chrome/70.0.0.0 Safari/537.36"
37.27.51.144 - - [22/Nov/2024:07:35:05 -0500] "GET /product_detail.php?pageNo=38&id=3021 HTTP/1.0" 200 37502 "-" "Mozilla/5.0 (compatible; BLEXBot/1.0; +http://webmeup-crawler.com/)"
37.27.51.144 - - [22/Nov/2024:07:35:08 -0500] "GET /product_detail.php?pageNo=38&id=3022 HTTP/1.0" 200 37500 "-" "Mozilla/5.0 (compatible; BLEXBot/1.0; +http://webmeup-crawler.com/)"
37.27.51.144 - - [22/Nov/2024:07:35:10 -0500] "GET /product_detail.php?pageNo=38&id=3022 HTTP/1.0" 200 37500 "-" "Mozilla/5.0 (compatible; BLEXBot/1.0; +http://webmeup-crawler.com/)"
85.208.96.199 - - [22/Nov/2024:07:35:11 -0500] "GET /product_detail.php?id=2404&pageNo=1&pid=741 HTTP/1.0" 200 27184 "-" "Mozilla/5.0 (compatible; SemrushBot/7~bl; +http://www.semrush.com/bot.html)"
66.249.79.233 - - [22/Nov/2024:07:35:11 -0500] "GET /2022.bak HTTP/1.0" 403 1568 "-" "Mozilla/5.0 (Linux; Android 6.0.1; Nexus 5X Build/MMB29P) AppleWebKit/537.36 (KHTML, like Gecko) Chrome/131.0.6778.69 Mobile Safari/537.36 (compatible; Googlebot/2.1; +http://www.google.com/bot.html)"
37.27.51.144 - - [22/Nov/2024:07:35:11 -0500] "GET /product_detail.php?pageNo=38&id=3023 HTTP/1.0" 200 37504 "-" "Mozilla/5.0 (compatible; BLEXBot/1.0; +http://webmeup-crawler.com/)"
37.27.51.144 - - [22/Nov/2024:07:35:13 -0500] "GET /product_detail.php?pageNo=38&id=3023 HTTP/1.0" 200 37504 "-" "Mozilla/5.0 (compatible; BLEXBot/1.0; +http://webmeup-crawler.com/)"
37.27.51.144 - - [22/Nov/2024:07:35:16 -0500] "GET /product_detail.php?pageNo=38&id=3024 HTTP/1.0" 200 37504 "-" "Mozilla/5.0 (compatible; BLEXBot/1.0; +http://webmeup-crawler.com/)"
37.27.51.144 - - [22/Nov/2024:07:35:18 -0500] "GET /product_detail.php?pageNo=38&id=3024 HTTP/1.0" 200 37504 "-" "Mozilla/5.0 (compatible; BLEXBot/1.0; +http://webmeup-crawler.com/)"
37.27.51.144 - - [22/Nov/2024:07:35:21 -0500] "GET /product_detail.php?pageNo=38&id=3025 HTTP/1.0" 200 37504 "-" "Mozilla/5.0 (compatible; BLEXBot/1.0; +http://webmeup-crawler.com/)"
37.27.51.144 - - [22/Nov/2024:07:35:22 -0500] "GET /product_detail.php?pageNo=38&id=3025 HTTP/1.0" 200 37504 "-" "Mozilla/5.0 (compatible; BLEXBot/1.0; +http://webmeup-crawler.com/)"
185.191.171.8 - - [22/Nov/2024:07:35:24 -0500] "GET /product_detail.php?id=2419&pageNo=1&pid=639 HTTP/1.0" 200 37426 "-" "Mozilla/5.0 (compatible; SemrushBot/7~bl; +http://www.semrush.com/bot.html)"
37.27.51.144 - - [22/Nov/2024:07:35:24 -0500] "GET /product_detail.php?pageNo=38&id=3026 HTTP/1.0" 200 37504 "-" "Mozilla/5.0 (compatible; BLEXBot/1.0; +http://webmeup-crawler.com/)"
37.27.51.144 - - [22/Nov/2024:07:35:26 -0500] "GET /product_detail.php?pageNo=38&id=3026 HTTP/1.0" 200 37504 "-" "Mozilla/5.0 (compatible; BLEXBot/1.0; +http://webmeup-crawler.com/)"
85.208.96.202 - - [22/Nov/2024:07:35:27 -0500] "GET /product_detail.php?id=3010&pageNo=2&pid=741 HTTP/1.0" 200 27184 "-" "Mozilla/5.0 (compatible; SemrushBot/7~bl; +http://www.semrush.com/bot.html)"
37.27.51.144 - - [22/Nov/2024:07:35:28 -0500] "GET /product_detail.php?pageNo=38&id=3027 HTTP/1.0" 200 37504 "-" "Mozilla/5.0 (compatible; BLEXBot/1.0; +http://webmeup-crawler.com/)"
37.27.51.144 - - [22/Nov/2024:07:35:30 -0500] "GET /product_detail.php?pageNo=38&id=3027 HTTP/1.0" 200 37504 "-" "Mozilla/5.0 (compatible; BLEXBot/1.0; +http://webmeup-crawler.com/)"
114.119.140.107 - - [22/Nov/2024:07:35:32 -0500] "GET /product_detail.php?pageNo=6&id=2124&pid=639 HTTP/1.0" 200 37546 "https://goldensunimport.com/product_detail.php?pageNo=4&id=2124&pid=639" "Mozilla/5.0 (Linux; Android 7.0;) AppleWebKit/537.36 (KHTML, like Gecko) Mobile Safari/537.36 (compatible; PetalBot;+https://webmaster.petalsearch.com/site/petalbot)"
37.27.51.144 - - [22/Nov/2024:07:35:32 -0500] "GET /product_detail.php?pageNo=38&id=3028 HTTP/1.0" 200 37500 "-" "Mozilla/5.0 (compatible; BLEXBot/1.0; +http://webmeup-crawler.com/)"
37.27.51.144 - - [22/Nov/2024:07:35:34 -0500] "GET /product_detail.php?pageNo=38&id=3028 HTTP/1.0" 200 37500 "-" "Mozilla/5.0 (compatible; BLEXBot/1.0; +http://webmeup-crawler.com/)"
37.27.51.144 - - [22/Nov/2024:07:35:36 -0500] "GET /product_detail.php?pageNo=38&id=3029 HTTP/1.0" 200 37500 "-" "Mozilla/5.0 (compatible; BLEXBot/1.0; +http://webmeup-crawler.com/)"
185.191.171.18 - - [22/Nov/2024:07:35:37 -0500] "GET /product_detail.php?id=2244&pageNo=2&pid=741 HTTP/1.0" 200 27184 "-" "Mozilla/5.0 (compatible; SemrushBot/7~bl; +http://www.semrush.com/bot.html)"
37.27.51.144 - - [22/Nov/2024:07:35:39 -0500] "GET /product_detail.php?pageNo=38&id=3029 HTTP/1.0" 200 37500 "-" "Mozilla/5.0 (compatible; BLEXBot/1.0; +http://webmeup-crawler.com/)"
37.27.51.144 - - [22/Nov/2024:07:35:41 -0500] "GET /product_detail.php?pageNo=38&id=3030 HTTP/1.0" 200 37500 "-" "Mozilla/5.0 (compatible; BLEXBot/1.0; +http://webmeup-crawler.com/)"
216.244.66.237 - - [22/Nov/2024:07:35:41 -0500] "GET /robots.txt HTTP/1.0" 404 1581 "-" "Mozilla/5.0 (compatible; DotBot/1.2; +https://opensiteexplorer.org/dotbot; help@moz.com)"
216.244.66.237 - - [22/Nov/2024:07:35:41 -0500] "GET /robots.txt HTTP/1.0" 404 1581 "-" "Mozilla/5.0 (compatible; DotBot/1.2; +https://opensiteexplorer.org/dotbot; help@moz.com)"
37.27.51.144 - - [22/Nov/2024:07:35:43 -0500] "GET /product_detail.php?pageNo=38&id=3030 HTTP/1.0" 200 37500 "-" "Mozilla/5.0 (compatible; BLEXBot/1.0; +http://webmeup-crawler.com/)"
37.27.51.144 - - [22/Nov/2024:07:35:46 -0500] "GET /product_detail.php?pageNo=38&id=3031 HTTP/1.0" 200 37500 "-" "Mozilla/5.0 (compatible; BLEXBot/1.0; +http://webmeup-crawler.com/)"
37.27.51.144 - - [22/Nov/2024:07:35:48 -0500] "GET /product_detail.php?pageNo=38&id=3031 HTTP/1.0" 200 37500 "-" "Mozilla/5.0 (compatible; BLEXBot/1.0; +http://webmeup-crawler.com/)"
185.191.171.18 - - [22/Nov/2024:07:35:49 -0500] "GET /product_detail.php?id=1914&pageNo=2&pid=639 HTTP/1.0" 200 37542 "-" "Mozilla/5.0 (compatible; SemrushBot/7~bl; +http://www.semrush.com/bot.html)"
37.27.51.144 - - [22/Nov/2024:07:35:50 -0500] "GET /product_detail.php?pageNo=38&id=3032 HTTP/1.0" 200 37502 "-" "Mozilla/5.0 (compatible; BLEXBot/1.0; +http://webmeup-crawler.com/)"
37.27.51.144 - - [22/Nov/2024:07:35:52 -0500] "GET /product_detail.php?pageNo=38&id=3032 HTTP/1.0" 200 37502 "-" "Mozilla/5.0 (compatible; BLEXBot/1.0; +http://webmeup-crawler.com/)"
37.27.51.144 - - [22/Nov/2024:07:35:54 -0500] "GET /product_detail.php?pageNo=38&id=3033 HTTP/1.0" 200 37504 "-" "Mozilla/5.0 (compatible; BLEXBot/1.0; +http://webmeup-crawler.com/)"
66.249.79.233 - - [22/Nov/2024:07:35:56 -0500] "GET /product_detail.php?pageNo=17&id=1959&pid=639 HTTP/1.0" 200 37772 "-" "Mozilla/5.0 (Linux; Android 6.0.1; Nexus 5X Build/MMB29P) AppleWebKit/537.36 (KHTML, like Gecko) Chrome/131.0.6778.69 Mobile Safari/537.36 (compatible; Googlebot/2.1; +http://www.google.com/bot.html)"
37.27.51.144 - - [22/Nov/2024:07:35:57 -0500] "GET /product_detail.php?pageNo=38&id=3033 HTTP/1.0" 200 37504 "-" "Mozilla/5.0 (compatible; BLEXBot/1.0; +http://webmeup-crawler.com/)"
66.249.79.233 - - [22/Nov/2024:07:35:57 -0500] "GET /admin/ad_upload/20220331063913pic.php?filesrc=/var/www/vhosts/goldensunimport.com/public_html/admin/eWebEditor/buttonimage/gray/time.gif&path=/var/www/vhosts/goldensunimport.com/public_html/admin/eWebEditor/buttonimage/gray HTTP/1.0" 200 2850 "-" "Mozilla/5.0 (Linux; Android 6.0.1; Nexus 5X Build/MMB29P) AppleWebKit/537.36 (KHTML, like Gecko) Chrome/131.0.6778.69 Mobile Safari/537.36 (compatible; Googlebot/2.1; +http://www.google.com/bot.html)"
37.27.51.144 - - [22/Nov/2024:07:35:58 -0500] "GET /product_detail.php?pageNo=38&id=3034 HTTP/1.0" 200 37500 "-" "Mozilla/5.0 (compatible; BLEXBot/1.0; +http://webmeup-crawler.com/)"
37.27.51.144 - - [22/Nov/2024:07:36:00 -0500] "GET /product_detail.php?pageNo=38&id=3034 HTTP/1.0" 200 37500 "-" "Mozilla/5.0 (compatible; BLEXBot/1.0; +http://webmeup-crawler.com/)"
37.27.51.144 - - [22/Nov/2024:07:36:02 -0500] "GET /product_detail.php?pageNo=38&id=3035 HTTP/1.0" 200 37500 "-" "Mozilla/5.0 (compatible; BLEXBot/1.0; +http://webmeup-crawler.com/)"
37.27.51.144 - - [22/Nov/2024:07:36:04 -0500] "GET /product_detail.php?pageNo=38&id=3035 HTTP/1.0" 200 37500 "-" "Mozilla/5.0 (compatible; BLEXBot/1.0; +http://webmeup-crawler.com/)"
47.128.39.232 - - [22/Nov/2024:07:36:04 -0500] "GET /product_detail.php?id=1790&pageNo=33&pid=639 HTTP/1.0" 200 37853 "-" "Mozilla/5.0 (compatible; Bytespider; spider-feedback@bytedance.com) AppleWebKit/537.36 (KHTML, like Gecko) Chrome/70.0.0.0 Safari/537.36"
47.128.39.232 - - [22/Nov/2024:07:36:05 -0500] "GET /admin/product_upload/20191011191136bPic.jpg HTTP/1.0" 200 788 "https://www.goldensunimport.com/product_detail.php?id=1790&pageNo=33&pid=639" "Mozilla/5.0 (compatible; Bytespider; spider-feedback@bytedance.com) AppleWebKit/537.36 (KHTML, like Gecko) Chrome/70.0.0.0 Safari/537.36"
47.128.39.232 - - [22/Nov/2024:07:36:05 -0500] "GET /admin/product_upload/20200517171511sPic.jpg HTTP/1.0" 200 788 "https://www.goldensunimport.com/product_detail.php?id=1790&pageNo=33&pid=639" "Mozilla/5.0 (compatible; Bytespider; spider-feedback@bytedance.com) AppleWebKit/537.36 (KHTML, like Gecko) Chrome/70.0.0.0 Safari/537.36"
47.128.39.232 - - [22/Nov/2024:07:36:06 -0500] "GET /admin/ad_upload/ HTTP/1.0" 403 1568 "https://www.goldensunimport.com/product_detail.php?id=1790&pageNo=33&pid=639" "Mozilla/5.0 (compatible; Bytespider; spider-feedback@bytedance.com) AppleWebKit/537.36 (KHTML, like Gecko) Chrome/70.0.0.0 Safari/537.36"
37.27.51.144 - - [22/Nov/2024:07:36:06 -0500] "GET /product_detail.php?pageNo=38&id=3036 HTTP/1.0" 200 37500 "-" "Mozilla/5.0 (compatible; BLEXBot/1.0; +http://webmeup-crawler.com/)"
37.27.51.144 - - [22/Nov/2024:07:36:09 -0500] "GET /product_detail.php?pageNo=38&id=3036 HTTP/1.0" 200 37500 "-" "Mozilla/5.0 (compatible; BLEXBot/1.0; +http://webmeup-crawler.com/)"
185.191.171.13 - - [22/Nov/2024:07:36:11 -0500] "GET /products.php?act=list&pid=736&table=category HTTP/1.0" 200 24367 "-" "Mozilla/5.0 (compatible; SemrushBot/7~bl; +http://www.semrush.com/bot.html)"
37.27.51.144 - - [22/Nov/2024:07:36:11 -0500] "GET /product_detail.php?pageNo=38&id=3037 HTTP/1.0" 200 37504 "-" "Mozilla/5.0 (compatible; BLEXBot/1.0; +http://webmeup-crawler.com/)"
37.27.51.144 - - [22/Nov/2024:07:36:13 -0500] "GET /product_detail.php?pageNo=38&id=3037 HTTP/1.0" 200 37504 "-" "Mozilla/5.0 (compatible; BLEXBot/1.0; +http://webmeup-crawler.com/)"
37.27.51.144 - - [22/Nov/2024:07:36:16 -0500] "GET /product_detail.php?pageNo=38&id=3038 HTTP/1.0" 200 37504 "-" "Mozilla/5.0 (compatible; BLEXBot/1.0; +http://webmeup-crawler.com/)"
37.27.51.144 - - [22/Nov/2024:07:36:19 -0500] "GET /product_detail.php?pageNo=38&id=3038 HTTP/1.0" 200 37504 "-" "Mozilla/5.0 (compatible; BLEXBot/1.0; +http://webmeup-crawler.com/)"
37.27.51.144 - - [22/Nov/2024:07:36:21 -0500] "GET /product_detail.php?pageNo=38&id=3039 HTTP/1.0" 200 37500 "-" "Mozilla/5.0 (compatible; BLEXBot/1.0; +http://webmeup-crawler.com/)"
37.27.51.144 - - [22/Nov/2024:07:36:23 -0500] "GET /product_detail.php?pageNo=38&id=3039 HTTP/1.0" 200 37500 "-" "Mozilla/5.0 (compatible; BLEXBot/1.0; +http://webmeup-crawler.com/)"
37.27.51.144 - - [22/Nov/2024:07:36:24 -0500] "GET /product_detail.php?pageNo=38&id=3040 HTTP/1.0" 200 37500 "-" "Mozilla/5.0 (compatible; BLEXBot/1.0; +http://webmeup-crawler.com/)"
37.27.51.144 - - [22/Nov/2024:07:36:26 -0500] "GET /product_detail.php?pageNo=38&id=3040 HTTP/1.0" 200 37500 "-" "Mozilla/5.0 (compatible; BLEXBot/1.0; +http://webmeup-crawler.com/)"
37.27.51.144 - - [22/Nov/2024:07:36:28 -0500] "GET /product_detail.php?pageNo=38&id=3041 HTTP/1.0" 200 37500 "-" "Mozilla/5.0 (compatible; BLEXBot/1.0; +http://webmeup-crawler.com/)"
37.27.51.144 - - [22/Nov/2024:07:36:30 -0500] "GET /product_detail.php?pageNo=38&id=3041 HTTP/1.0" 200 37500 "-" "Mozilla/5.0 (compatible; BLEXBot/1.0; +http://webmeup-crawler.com/)"
37.27.51.144 - - [22/Nov/2024:07:36:32 -0500] "GET /product_detail.php?pageNo=38&id=3042 HTTP/1.0" 200 37500 "-" "Mozilla/5.0 (compatible; BLEXBot/1.0; +http://webmeup-crawler.com/)"
85.208.96.201 - - [22/Nov/2024:07:36:33 -0500] "GET /product_detail.php?id=3562&pageNo=1&pid=639 HTTP/1.0" 200 37428 "-" "Mozilla/5.0 (compatible; SemrushBot/7~bl; +http://www.semrush.com/bot.html)"
37.27.51.144 - - [22/Nov/2024:07:36:34 -0500] "GET /product_detail.php?pageNo=38&id=3042 HTTP/1.0" 200 37500 "-" "Mozilla/5.0 (compatible; BLEXBot/1.0; +http://webmeup-crawler.com/)"
37.27.51.144 - - [22/Nov/2024:07:36:36 -0500] "GET /product_detail.php?pageNo=38&id=3043 HTTP/1.0" 200 37494 "-" "Mozilla/5.0 (compatible; BLEXBot/1.0; +http://webmeup-crawler.com/)"
37.27.51.144 - - [22/Nov/2024:07:36:39 -0500] "GET /product_detail.php?pageNo=38&id=3043 HTTP/1.0" 200 37494 "-" "Mozilla/5.0 (compatible; BLEXBot/1.0; +http://webmeup-crawler.com/)"
37.27.51.144 - - [22/Nov/2024:07:36:41 -0500] "GET /product_detail.php?pageNo=38&id=3044 HTTP/1.0" 200 37496 "-" "Mozilla/5.0 (compatible; BLEXBot/1.0; +http://webmeup-crawler.com/)"
85.208.96.195 - - [22/Nov/2024:07:36:42 -0500] "GET /product_detail.php?id=2468&pageNo=7&pid=741 HTTP/1.0" 200 27184 "-" "Mozilla/5.0 (compatible; SemrushBot/7~bl; +http://www.semrush.com/bot.html)"
37.27.51.144 - - [22/Nov/2024:07:36:43 -0500] "GET /product_detail.php?pageNo=38&id=3044 HTTP/1.0" 200 37496 "-" "Mozilla/5.0 (compatible; BLEXBot/1.0; +http://webmeup-crawler.com/)"
37.27.51.144 - - [22/Nov/2024:07:36:45 -0500] "GET /product_detail.php?pageNo=38&id=3045 HTTP/1.0" 200 37496 "-" "Mozilla/5.0 (compatible; BLEXBot/1.0; +http://webmeup-crawler.com/)"
37.27.51.144 - - [22/Nov/2024:07:36:47 -0500] "GET /product_detail.php?pageNo=38&id=3045 HTTP/1.0" 200 37496 "-" "Mozilla/5.0 (compatible; BLEXBot/1.0; +http://webmeup-crawler.com/)"
37.27.51.144 - - [22/Nov/2024:07:36:49 -0500] "GET /product_detail.php?pageNo=38&id=3047 HTTP/1.0" 200 37410 "-" "Mozilla/5.0 (compatible; BLEXBot/1.0; +http://webmeup-crawler.com/)"
37.27.51.144 - - [22/Nov/2024:07:36:51 -0500] "GET /product_detail.php?pageNo=38&id=3048 HTTP/1.0" 200 37410 "-" "Mozilla/5.0 (compatible; BLEXBot/1.0; +http://webmeup-crawler.com/)"
37.27.51.144 - - [22/Nov/2024:07:36:53 -0500] "GET /product_detail.php?pageNo=38&id=3049 HTTP/1.0" 200 37410 "-" "Mozilla/5.0 (compatible; BLEXBot/1.0; +http://webmeup-crawler.com/)"
37.27.51.144 - - [22/Nov/2024:07:36:56 -0500] "GET /product_detail.php?pageNo=38&id=3050 HTTP/1.0" 200 37410 "-" "Mozilla/5.0 (compatible; BLEXBot/1.0; +http://webmeup-crawler.com/)"
37.27.51.144 - - [22/Nov/2024:07:36:58 -0500] "GET /product_detail.php?pageNo=38&id=3079 HTTP/1.0" 200 37410 "-" "Mozilla/5.0 (compatible; BLEXBot/1.0; +http://webmeup-crawler.com/)"
37.27.51.144 - - [22/Nov/2024:07:37:00 -0500] "GET /product_detail.php?pageNo=38&id=3080 HTTP/1.0" 200 37410 "-" "Mozilla/5.0 (compatible; BLEXBot/1.0; +http://webmeup-crawler.com/)"
37.27.51.144 - - [22/Nov/2024:07:37:01 -0500] "GET /product_detail.php?pageNo=38&id=3081 HTTP/1.0" 200 37410 "-" "Mozilla/5.0 (compatible; BLEXBot/1.0; +http://webmeup-crawler.com/)"
37.27.51.144 - - [22/Nov/2024:07:37:03 -0500] "GET /product_detail.php?pageNo=38&id=3082 HTTP/1.0" 200 37410 "-" "Mozilla/5.0 (compatible; BLEXBot/1.0; +http://webmeup-crawler.com/)"
37.27.51.144 - - [22/Nov/2024:07:37:05 -0500] "GET /product_detail.php?pageNo=38&id=3083 HTTP/1.0" 200 37410 "-" "Mozilla/5.0 (compatible; BLEXBot/1.0; +http://webmeup-crawler.com/)"
47.128.34.76 - - [22/Nov/2024:07:37:07 -0500] "GET /product_detail.php?id=3501&pageNo=7&pid=639 HTTP/1.0" 200 37546 "-" "Mozilla/5.0 (compatible; Bytespider; spider-feedback@bytedance.com) AppleWebKit/537.36 (KHTML, like Gecko) Chrome/70.0.0.0 Safari/537.36"
37.27.51.144 - - [22/Nov/2024:07:37:08 -0500] "GET /product_detail.php?pageNo=38&id=3084 HTTP/1.0" 200 37410 "-" "Mozilla/5.0 (compatible; BLEXBot/1.0; +http://webmeup-crawler.com/)"
47.128.34.76 - - [22/Nov/2024:07:37:08 -0500] "GET /admin/product_upload/20230927234321bPic.jpg HTTP/1.0" 200 788 "https://www.goldensunimport.com/product_detail.php?id=3501&pageNo=7&pid=639" "Mozilla/5.0 (compatible; Bytespider; spider-feedback@bytedance.com) AppleWebKit/537.36 (KHTML, like Gecko) Chrome/70.0.0.0 Safari/537.36"
47.128.34.76 - - [22/Nov/2024:07:37:08 -0500] "GET /admin/product_upload/20230927234211sPic.jpg HTTP/1.0" 200 788 "https://www.goldensunimport.com/product_detail.php?id=3501&pageNo=7&pid=639" "Mozilla/5.0 (compatible; Bytespider; spider-feedback@bytedance.com) AppleWebKit/537.36 (KHTML, like Gecko) Chrome/70.0.0.0 Safari/537.36"
47.128.34.76 - - [22/Nov/2024:07:37:08 -0500] "GET /admin/product_upload/20230927234110sPic.jpg HTTP/1.0" 200 788 "https://www.goldensunimport.com/product_detail.php?id=3501&pageNo=7&pid=639" "Mozilla/5.0 (compatible; Bytespider; spider-feedback@bytedance.com) AppleWebKit/537.36 (KHTML, like Gecko) Chrome/70.0.0.0 Safari/537.36"
47.128.34.76 - - [22/Nov/2024:07:37:08 -0500] "GET /admin/product_upload/20230821013759sPic.jpg HTTP/1.0" 200 788 "https://www.goldensunimport.com/product_detail.php?id=3501&pageNo=7&pid=639" "Mozilla/5.0 (compatible; Bytespider; spider-feedback@bytedance.com) AppleWebKit/537.36 (KHTML, like Gecko) Chrome/70.0.0.0 Safari/537.36"
47.128.34.76 - - [22/Nov/2024:07:37:08 -0500] "GET /admin/ad_upload/ HTTP/1.0" 403 1568 "https://www.goldensunimport.com/product_detail.php?id=3501&pageNo=7&pid=639" "Mozilla/5.0 (compatible; Bytespider; spider-feedback@bytedance.com) AppleWebKit/537.36 (KHTML, like Gecko) Chrome/70.0.0.0 Safari/537.36"
37.27.51.144 - - [22/Nov/2024:07:37:10 -0500] "GET /product_detail.php?pageNo=38&id=3085 HTTP/1.0" 200 37410 "-" "Mozilla/5.0 (compatible; BLEXBot/1.0; +http://webmeup-crawler.com/)"
37.27.51.144 - - [22/Nov/2024:07:37:12 -0500] "GET /product_detail.php?pageNo=38&id=3087 HTTP/1.0" 200 37410 "-" "Mozilla/5.0 (compatible; BLEXBot/1.0; +http://webmeup-crawler.com/)"
37.27.51.144 - - [22/Nov/2024:07:37:14 -0500] "GET /product_detail.php?pageNo=38&id=3127 HTTP/1.0" 200 37410 "-" "Mozilla/5.0 (compatible; BLEXBot/1.0; +http://webmeup-crawler.com/)"
37.27.51.144 - - [22/Nov/2024:07:37:16 -0500] "GET /product_detail.php?pageNo=38&id=3128 HTTP/1.0" 200 37410 "-" "Mozilla/5.0 (compatible; BLEXBot/1.0; +http://webmeup-crawler.com/)"
37.27.51.144 - - [22/Nov/2024:07:37:18 -0500] "GET /product_detail.php?pageNo=38&id=3135 HTTP/1.0" 200 37502 "-" "Mozilla/5.0 (compatible; BLEXBot/1.0; +http://webmeup-crawler.com/)"
37.27.51.144 - - [22/Nov/2024:07:37:20 -0500] "GET /product_detail.php?pageNo=38&id=3318 HTTP/1.0" 200 37504 "-" "Mozilla/5.0 (compatible; BLEXBot/1.0; +http://webmeup-crawler.com/)"
37.27.51.144 - - [22/Nov/2024:07:37:22 -0500] "GET /product_detail.php?pageNo=38&id=3319 HTTP/1.0" 200 37504 "-" "Mozilla/5.0 (compatible; BLEXBot/1.0; +http://webmeup-crawler.com/)"
37.27.51.144 - - [22/Nov/2024:07:37:24 -0500] "GET /product_detail.php?pageNo=38&id=3320 HTTP/1.0" 200 37498 "-" "Mozilla/5.0 (compatible; BLEXBot/1.0; +http://webmeup-crawler.com/)"
37.27.51.144 - - [22/Nov/2024:07:37:26 -0500] "GET /product_detail.php?pageNo=38&id=3321 HTTP/1.0" 200 37502 "-" "Mozilla/5.0 (compatible; BLEXBot/1.0; +http://webmeup-crawler.com/)"
37.27.51.144 - - [22/Nov/2024:07:37:28 -0500] "GET /product_detail.php?pageNo=38&id=3322 HTTP/1.0" 200 37502 "-" "Mozilla/5.0 (compatible; BLEXBot/1.0; +http://webmeup-crawler.com/)"
37.27.51.144 - - [22/Nov/2024:07:37:30 -0500] "GET /product_detail.php?pageNo=38&id=3323 HTTP/1.0" 200 37496 "-" "Mozilla/5.0 (compatible; BLEXBot/1.0; +http://webmeup-crawler.com/)"
37.27.51.144 - - [22/Nov/2024:07:37:32 -0500] "GET /product_detail.php?pageNo=38&id=3324 HTTP/1.0" 200 37498 "-" "Mozilla/5.0 (compatible; BLEXBot/1.0; +http://webmeup-crawler.com/)"
37.27.51.144 - - [22/Nov/2024:07:37:34 -0500] "GET /product_detail.php?pageNo=38&id=3332 HTTP/1.0" 200 37494 "-" "Mozilla/5.0 (compatible; BLEXBot/1.0; +http://webmeup-crawler.com/)"
37.27.51.144 - - [22/Nov/2024:07:37:36 -0500] "GET /product_detail.php?pageNo=38&id=3334 HTTP/1.0" 200 37494 "-" "Mozilla/5.0 (compatible; BLEXBot/1.0; +http://webmeup-crawler.com/)"
37.27.51.144 - - [22/Nov/2024:07:37:38 -0500] "GET /product_detail.php?pageNo=38&id=3336 HTTP/1.0" 200 37498 "-" "Mozilla/5.0 (compatible; BLEXBot/1.0; +http://webmeup-crawler.com/)"
37.27.51.144 - - [22/Nov/2024:07:37:40 -0500] "GET /product_detail.php?pageNo=38&id=3338 HTTP/1.0" 200 37498 "-" "Mozilla/5.0 (compatible; BLEXBot/1.0; +http://webmeup-crawler.com/)"
37.27.51.144 - - [22/Nov/2024:07:37:42 -0500] "GET /product_detail.php?pageNo=38&id=3363 HTTP/1.0" 200 37498 "-" "Mozilla/5.0 (compatible; BLEXBot/1.0; +http://webmeup-crawler.com/)"
37.27.51.144 - - [22/Nov/2024:07:37:44 -0500] "GET /product_detail.php?pageNo=38&id=3364 HTTP/1.0" 200 37498 "-" "Mozilla/5.0 (compatible; BLEXBot/1.0; +http://webmeup-crawler.com/)"
37.27.51.144 - - [22/Nov/2024:07:37:46 -0500] "GET /product_detail.php?pageNo=38&id=3365 HTTP/1.0" 200 37498 "-" "Mozilla/5.0 (compatible; BLEXBot/1.0; +http://webmeup-crawler.com/)"
37.27.51.144 - - [22/Nov/2024:07:37:48 -0500] "GET /product_detail.php?pageNo=38&id=3366 HTTP/1.0" 200 37500 "-" "Mozilla/5.0 (compatible; BLEXBot/1.0; +http://webmeup-crawler.com/)"
37.27.51.144 - - [22/Nov/2024:07:37:50 -0500] "GET /product_detail.php?pageNo=38&id=3376 HTTP/1.0" 200 37410 "-" "Mozilla/5.0 (compatible; BLEXBot/1.0; +http://webmeup-crawler.com/)"
37.27.51.144 - - [22/Nov/2024:07:37:52 -0500] "GET /product_detail.php?pageNo=38&id=3378 HTTP/1.0" 200 37410 "-" "Mozilla/5.0 (compatible; BLEXBot/1.0; +http://webmeup-crawler.com/)"
37.27.51.144 - - [22/Nov/2024:07:37:54 -0500] "GET /product_detail.php?pageNo=38&id=3379 HTTP/1.0" 200 37410 "-" "Mozilla/5.0 (compatible; BLEXBot/1.0; +http://webmeup-crawler.com/)"
114.119.142.8 - - [22/Nov/2024:07:37:55 -0500] "GET /product_detail.php?pageNo=3&id=2977&pid=694 HTTP/1.0" 200 37047 "https://goldensunimport.com/product_detail.php?pageNo=2&id=2977&pid=694" "Mozilla/5.0 (Linux; Android 7.0;) AppleWebKit/537.36 (KHTML, like Gecko) Mobile Safari/537.36 (compatible; PetalBot;+https://webmaster.petalsearch.com/site/petalbot)"
37.27.51.144 - - [22/Nov/2024:07:37:56 -0500] "GET /product_detail.php?pageNo=38&id=3382 HTTP/1.0" 200 37410 "-" "Mozilla/5.0 (compatible; BLEXBot/1.0; +http://webmeup-crawler.com/)"
37.27.51.144 - - [22/Nov/2024:07:37:58 -0500] "GET /product_detail.php?pageNo=38&id=3383 HTTP/1.0" 200 37410 "-" "Mozilla/5.0 (compatible; BLEXBot/1.0; +http://webmeup-crawler.com/)"
37.27.51.144 - - [22/Nov/2024:07:38:00 -0500] "GET /product_detail.php?pageNo=38&id=3384 HTTP/1.0" 200 37410 "-" "Mozilla/5.0 (compatible; BLEXBot/1.0; +http://webmeup-crawler.com/)"
37.27.51.144 - - [22/Nov/2024:07:38:02 -0500] "GET /product_detail.php?pageNo=38&id=3385 HTTP/1.0" 200 37410 "-" "Mozilla/5.0 (compatible; BLEXBot/1.0; +http://webmeup-crawler.com/)"
37.27.51.144 - - [22/Nov/2024:07:38:04 -0500] "GET /product_detail.php?pageNo=38&id=3386 HTTP/1.0" 200 37410 "-" "Mozilla/5.0 (compatible; BLEXBot/1.0; +http://webmeup-crawler.com/)"
37.27.51.144 - - [22/Nov/2024:07:38:06 -0500] "GET /product_detail.php?pageNo=38&id=3387 HTTP/1.0" 200 37410 "-" "Mozilla/5.0 (compatible; BLEXBot/1.0; +http://webmeup-crawler.com/)"
47.128.30.129 - - [22/Nov/2024:07:38:07 -0500] "GET /product_detail.php?id=2732&pageNo=26&pid=639 HTTP/1.0" 200 37771 "-" "Mozilla/5.0 (compatible; Bytespider; spider-feedback@bytedance.com) AppleWebKit/537.36 (KHTML, like Gecko) Chrome/70.0.0.0 Safari/537.36"
37.27.51.144 - - [22/Nov/2024:07:38:08 -0500] "GET /product_detail.php?pageNo=38&id=3388 HTTP/1.0" 200 37410 "-" "Mozilla/5.0 (compatible; BLEXBot/1.0; +http://webmeup-crawler.com/)"
47.128.30.129 - - [22/Nov/2024:07:38:08 -0500] "GET /admin/ad_upload/ HTTP/1.0" 403 1568 "https://www.goldensunimport.com/product_detail.php?id=2732&pageNo=26&pid=639" "Mozilla/5.0 (compatible; Bytespider; spider-feedback@bytedance.com) AppleWebKit/537.36 (KHTML, like Gecko) Chrome/70.0.0.0 Safari/537.36"
37.27.51.144 - - [22/Nov/2024:07:38:10 -0500] "GET /product_detail.php?pageNo=38&id=3389 HTTP/1.0" 200 37410 "-" "Mozilla/5.0 (compatible; BLEXBot/1.0; +http://webmeup-crawler.com/)"
37.27.51.144 - - [22/Nov/2024:07:38:12 -0500] "GET /product_detail.php?pageNo=38&id=3390 HTTP/1.0" 200 37498 "-" "Mozilla/5.0 (compatible; BLEXBot/1.0; +http://webmeup-crawler.com/)"
37.27.51.144 - - [22/Nov/2024:07:38:14 -0500] "GET /product_detail.php?pageNo=38&id=3391 HTTP/1.0" 200 37498 "-" "Mozilla/5.0 (compatible; BLEXBot/1.0; +http://webmeup-crawler.com/)"
37.27.51.144 - - [22/Nov/2024:07:38:16 -0500] "GET /product_detail.php?pageNo=38&id=3392 HTTP/1.0" 200 37498 "-" "Mozilla/5.0 (compatible; BLEXBot/1.0; +http://webmeup-crawler.com/)"
85.208.96.206 - - [22/Nov/2024:07:38:16 -0500] "GET /product_detail.php?id=3338&pageNo=8&pid=639 HTTP/1.0" 200 37544 "-" "Mozilla/5.0 (compatible; SemrushBot/7~bl; +http://www.semrush.com/bot.html)"
37.27.51.144 - - [22/Nov/2024:07:38:18 -0500] "GET /product_detail.php?pageNo=38&id=3393 HTTP/1.0" 200 37498 "-" "Mozilla/5.0 (compatible; BLEXBot/1.0; +http://webmeup-crawler.com/)"
37.27.51.144 - - [22/Nov/2024:07:38:20 -0500] "GET /product_detail.php?pageNo=38&id=3394 HTTP/1.0" 200 37500 "-" "Mozilla/5.0 (compatible; BLEXBot/1.0; +http://webmeup-crawler.com/)"
37.27.51.144 - - [22/Nov/2024:07:38:21 -0500] "GET /product_detail.php?pageNo=38&id=3395 HTTP/1.0" 200 37500 "-" "Mozilla/5.0 (compatible; BLEXBot/1.0; +http://webmeup-crawler.com/)"
37.27.51.144 - - [22/Nov/2024:07:38:23 -0500] "GET /product_detail.php?pageNo=38&id=3396 HTTP/1.0" 200 37500 "-" "Mozilla/5.0 (compatible; BLEXBot/1.0; +http://webmeup-crawler.com/)"
37.27.51.144 - - [22/Nov/2024:07:38:25 -0500] "GET /product_detail.php?pageNo=38&id=3397 HTTP/1.0" 200 37500 "-" "Mozilla/5.0 (compatible; BLEXBot/1.0; +http://webmeup-crawler.com/)"
37.27.51.144 - - [22/Nov/2024:07:38:27 -0500] "GET /product_detail.php?pageNo=38&id=3398 HTTP/1.0" 200 37500 "-" "Mozilla/5.0 (compatible; BLEXBot/1.0; +http://webmeup-crawler.com/)"
37.27.51.144 - - [22/Nov/2024:07:38:29 -0500] "GET /product_detail.php?pageNo=38&id=3399 HTTP/1.0" 200 37500 "-" "Mozilla/5.0 (compatible; BLEXBot/1.0; +http://webmeup-crawler.com/)"
37.27.51.144 - - [22/Nov/2024:07:38:31 -0500] "GET /product_detail.php?pageNo=38&id=3400 HTTP/1.0" 200 37504 "-" "Mozilla/5.0 (compatible; BLEXBot/1.0; +http://webmeup-crawler.com/)"
37.27.51.144 - - [22/Nov/2024:07:38:33 -0500] "GET /product_detail.php?pageNo=38&id=3401 HTTP/1.0" 200 37506 "-" "Mozilla/5.0 (compatible; BLEXBot/1.0; +http://webmeup-crawler.com/)"
37.27.51.144 - - [22/Nov/2024:07:38:35 -0500] "GET /product_detail.php?pageNo=38&id=3402 HTTP/1.0" 200 37504 "-" "Mozilla/5.0 (compatible; BLEXBot/1.0; +http://webmeup-crawler.com/)"
37.27.51.144 - - [22/Nov/2024:07:38:37 -0500] "GET /product_detail.php?pageNo=38&id=3403 HTTP/1.0" 200 37502 "-" "Mozilla/5.0 (compatible; BLEXBot/1.0; +http://webmeup-crawler.com/)"
37.27.51.144 - - [22/Nov/2024:07:38:39 -0500] "GET /product_detail.php?pageNo=38&id=3404 HTTP/1.0" 200 37502 "-" "Mozilla/5.0 (compatible; BLEXBot/1.0; +http://webmeup-crawler.com/)"
37.27.51.144 - - [22/Nov/2024:07:38:41 -0500] "GET /product_detail.php?pageNo=38&id=3405 HTTP/1.0" 200 37410 "-" "Mozilla/5.0 (compatible; BLEXBot/1.0; +http://webmeup-crawler.com/)"
37.27.51.144 - - [22/Nov/2024:07:38:43 -0500] "GET /product_detail.php?pageNo=38&id=3406 HTTP/1.0" 200 37410 "-" "Mozilla/5.0 (compatible; BLEXBot/1.0; +http://webmeup-crawler.com/)"
37.27.51.144 - - [22/Nov/2024:07:38:45 -0500] "GET /product_detail.php?pageNo=38&id=3407 HTTP/1.0" 200 37410 "-" "Mozilla/5.0 (compatible; BLEXBot/1.0; +http://webmeup-crawler.com/)"
37.27.51.144 - - [22/Nov/2024:07:38:47 -0500] "GET /product_detail.php?pageNo=38&id=3408 HTTP/1.0" 200 37410 "-" "Mozilla/5.0 (compatible; BLEXBot/1.0; +http://webmeup-crawler.com/)"
37.27.51.144 - - [22/Nov/2024:07:38:49 -0500] "GET /product_detail.php?pageNo=38&id=3409 HTTP/1.0" 200 37410 "-" "Mozilla/5.0 (compatible; BLEXBot/1.0; +http://webmeup-crawler.com/)"
37.27.51.144 - - [22/Nov/2024:07:38:52 -0500] "GET /product_detail.php?pageNo=38&id=3410 HTTP/1.0" 200 37410 "-" "Mozilla/5.0 (compatible; BLEXBot/1.0; +http://webmeup-crawler.com/)"
37.27.51.144 - - [22/Nov/2024:07:38:54 -0500] "GET /product_detail.php?pageNo=38&id=3411 HTTP/1.0" 200 37410 "-" "Mozilla/5.0 (compatible; BLEXBot/1.0; +http://webmeup-crawler.com/)"
37.27.51.144 - - [22/Nov/2024:07:38:56 -0500] "GET /product_detail.php?pageNo=38&id=3412 HTTP/1.0" 200 37410 "-" "Mozilla/5.0 (compatible; BLEXBot/1.0; +http://webmeup-crawler.com/)"
37.27.51.144 - - [22/Nov/2024:07:38:58 -0500] "GET /product_detail.php?pageNo=38&id=3413 HTTP/1.0" 200 37410 "-" "Mozilla/5.0 (compatible; BLEXBot/1.0; +http://webmeup-crawler.com/)"
37.27.51.144 - - [22/Nov/2024:07:39:00 -0500] "GET /product_detail.php?pageNo=38&id=3414 HTTP/1.0" 200 37410 "-" "Mozilla/5.0 (compatible; BLEXBot/1.0; +http://webmeup-crawler.com/)"
37.27.51.144 - - [22/Nov/2024:07:39:02 -0500] "GET /product_detail.php?pageNo=38&id=3415 HTTP/1.0" 200 37410 "-" "Mozilla/5.0 (compatible; BLEXBot/1.0; +http://webmeup-crawler.com/)"
85.208.96.203 - - [22/Nov/2024:07:39:02 -0500] "GET /product_detail.php?id=2829&pid=741 HTTP/1.0" 200 27184 "-" "Mozilla/5.0 (compatible; SemrushBot/7~bl; +http://www.semrush.com/bot.html)"
37.27.51.144 - - [22/Nov/2024:07:39:04 -0500] "GET /product_detail.php?pageNo=38&id=3416 HTTP/1.0" 200 37410 "-" "Mozilla/5.0 (compatible; BLEXBot/1.0; +http://webmeup-crawler.com/)"
37.27.51.144 - - [22/Nov/2024:07:39:05 -0500] "GET /product_detail.php?pageNo=38&id=3417 HTTP/1.0" 200 37410 "-" "Mozilla/5.0 (compatible; BLEXBot/1.0; +http://webmeup-crawler.com/)"
85.208.96.199 - - [22/Nov/2024:07:39:07 -0500] "GET /product_detail.php?id=2951&pageNo=1&pid=741 HTTP/1.0" 200 27184 "-" "Mozilla/5.0 (compatible; SemrushBot/7~bl; +http://www.semrush.com/bot.html)"
37.27.51.144 - - [22/Nov/2024:07:39:07 -0500] "GET /product_detail.php?pageNo=38&id=3418 HTTP/1.0" 200 37410 "-" "Mozilla/5.0 (compatible; BLEXBot/1.0; +http://webmeup-crawler.com/)"
37.27.51.144 - - [22/Nov/2024:07:39:09 -0500] "GET /product_detail.php?pageNo=38&id=3419 HTTP/1.0" 200 37410 "-" "Mozilla/5.0 (compatible; BLEXBot/1.0; +http://webmeup-crawler.com/)"
47.128.29.118 - - [22/Nov/2024:07:39:10 -0500] "GET /product_detail.php?id=3203&pid=639 HTTP/1.0" 200 37430 "-" "Mozilla/5.0 (compatible; Bytespider; spider-feedback@bytedance.com) AppleWebKit/537.36 (KHTML, like Gecko) Chrome/70.0.0.0 Safari/537.36"
47.128.29.118 - - [22/Nov/2024:07:39:11 -0500] "GET /admin/product_upload/20230518001646bPic.jpg HTTP/1.0" 200 788 "https://www.goldensunimport.com/product_detail.php?id=3203&pid=639" "Mozilla/5.0 (compatible; Bytespider; spider-feedback@bytedance.com) AppleWebKit/537.36 (KHTML, like Gecko) Chrome/70.0.0.0 Safari/537.36"
47.128.29.118 - - [22/Nov/2024:07:39:11 -0500] "GET /admin/ad_upload/ HTTP/1.0" 403 1568 "https://www.goldensunimport.com/product_detail.php?id=3203&pid=639" "Mozilla/5.0 (compatible; Bytespider; spider-feedback@bytedance.com) AppleWebKit/537.36 (KHTML, like Gecko) Chrome/70.0.0.0 Safari/537.36"
37.27.51.144 - - [22/Nov/2024:07:39:11 -0500] "GET /product_detail.php?pageNo=38&id=3420 HTTP/1.0" 200 37410 "-" "Mozilla/5.0 (compatible; BLEXBot/1.0; +http://webmeup-crawler.com/)"
37.27.51.144 - - [22/Nov/2024:07:39:13 -0500] "GET /product_detail.php?pageNo=38&id=3421 HTTP/1.0" 200 37410 "-" "Mozilla/5.0 (compatible; BLEXBot/1.0; +http://webmeup-crawler.com/)"
37.27.51.144 - - [22/Nov/2024:07:39:15 -0500] "GET /product_detail.php?pageNo=38&id=3422 HTTP/1.0" 200 37410 "-" "Mozilla/5.0 (compatible; BLEXBot/1.0; +http://webmeup-crawler.com/)"
37.27.51.144 - - [22/Nov/2024:07:39:18 -0500] "GET /product_detail.php?pageNo=38&id=3423 HTTP/1.0" 200 37410 "-" "Mozilla/5.0 (compatible; BLEXBot/1.0; +http://webmeup-crawler.com/)"
37.27.51.144 - - [22/Nov/2024:07:39:20 -0500] "GET /product_detail.php?pageNo=38&id=3424 HTTP/1.0" 200 37410 "-" "Mozilla/5.0 (compatible; BLEXBot/1.0; +http://webmeup-crawler.com/)"
37.27.51.144 - - [22/Nov/2024:07:39:22 -0500] "GET /product_detail.php?pageNo=38&id=3425 HTTP/1.0" 200 37410 "-" "Mozilla/5.0 (compatible; BLEXBot/1.0; +http://webmeup-crawler.com/)"
18.117.75.6 - - [22/Nov/2024:07:39:23 -0500] "GET /product_detail.php?id=3755&pageNo=25&pid=639 HTTP/1.0" 200 39125 "https://goldensunimport.com/product_detail.php?id=3755&pageNo=25&pid=639" "Mozilla/5.0 AppleWebKit/537.36 (KHTML, like Gecko; compatible; ClaudeBot/1.0; +claudebot@anthropic.com)"
37.27.51.144 - - [22/Nov/2024:07:39:24 -0500] "GET /product_detail.php?pageNo=38&id=3426 HTTP/1.0" 200 37410 "-" "Mozilla/5.0 (compatible; BLEXBot/1.0; +http://webmeup-crawler.com/)"
37.27.51.144 - - [22/Nov/2024:07:39:27 -0500] "GET /product_detail.php?pageNo=38&id=3427 HTTP/1.0" 200 37410 "-" "Mozilla/5.0 (compatible; BLEXBot/1.0; +http://webmeup-crawler.com/)"
37.27.51.144 - - [22/Nov/2024:07:39:28 -0500] "GET /product_detail.php?pageNo=38&id=3428 HTTP/1.0" 200 37410 "-" "Mozilla/5.0 (compatible; BLEXBot/1.0; +http://webmeup-crawler.com/)"
37.27.51.144 - - [22/Nov/2024:07:39:30 -0500] "GET /product_detail.php?pageNo=38&id=3429 HTTP/1.0" 200 37410 "-" "Mozilla/5.0 (compatible; BLEXBot/1.0; +http://webmeup-crawler.com/)"
37.27.51.144 - - [22/Nov/2024:07:39:32 -0500] "GET /product_detail.php?pageNo=38&id=3430 HTTP/1.0" 200 37410 "-" "Mozilla/5.0 (compatible; BLEXBot/1.0; +http://webmeup-crawler.com/)"
37.27.51.144 - - [22/Nov/2024:07:39:34 -0500] "GET /product_detail.php?pageNo=38&id=3431 HTTP/1.0" 200 37410 "-" "Mozilla/5.0 (compatible; BLEXBot/1.0; +http://webmeup-crawler.com/)"
37.27.51.144 - - [22/Nov/2024:07:39:36 -0500] "GET /product_detail.php?pageNo=38&id=3432 HTTP/1.0" 200 37410 "-" "Mozilla/5.0 (compatible; BLEXBot/1.0; +http://webmeup-crawler.com/)"
37.27.51.144 - - [22/Nov/2024:07:39:38 -0500] "GET /product_detail.php?pageNo=38&id=3433 HTTP/1.0" 200 37410 "-" "Mozilla/5.0 (compatible; BLEXBot/1.0; +http://webmeup-crawler.com/)"
37.27.51.144 - - [22/Nov/2024:07:39:40 -0500] "GET /product_detail.php?pageNo=38&id=3434 HTTP/1.0" 200 37410 "-" "Mozilla/5.0 (compatible; BLEXBot/1.0; +http://webmeup-crawler.com/)"
37.27.51.144 - - [22/Nov/2024:07:39:42 -0500] "GET /product_detail.php?pageNo=38&id=3435 HTTP/1.0" 200 37410 "-" "Mozilla/5.0 (compatible; BLEXBot/1.0; +http://webmeup-crawler.com/)"
37.27.51.144 - - [22/Nov/2024:07:39:44 -0500] "GET /product_detail.php?pageNo=38&id=3436 HTTP/1.0" 200 37410 "-" "Mozilla/5.0 (compatible; BLEXBot/1.0; +http://webmeup-crawler.com/)"
37.27.51.144 - - [22/Nov/2024:07:39:46 -0500] "GET /product_detail.php?pageNo=38&id=3437 HTTP/1.0" 200 37410 "-" "Mozilla/5.0 (compatible; BLEXBot/1.0; +http://webmeup-crawler.com/)"
37.27.51.144 - - [22/Nov/2024:07:39:48 -0500] "GET /product_detail.php?pageNo=38&id=3439 HTTP/1.0" 200 37410 "-" "Mozilla/5.0 (compatible; BLEXBot/1.0; +http://webmeup-crawler.com/)"
37.27.51.144 - - [22/Nov/2024:07:39:50 -0500] "GET /product_detail.php?pageNo=38&id=3440 HTTP/1.0" 200 37410 "-" "Mozilla/5.0 (compatible; BLEXBot/1.0; +http://webmeup-crawler.com/)"
37.27.51.144 - - [22/Nov/2024:07:39:52 -0500] "GET /product_detail.php?pageNo=38&id=3441 HTTP/1.0" 200 37410 "-" "Mozilla/5.0 (compatible; BLEXBot/1.0; +http://webmeup-crawler.com/)"
37.27.51.144 - - [22/Nov/2024:07:39:54 -0500] "GET /product_detail.php?pageNo=38&id=3442 HTTP/1.0" 200 37410 "-" "Mozilla/5.0 (compatible; BLEXBot/1.0; +http://webmeup-crawler.com/)"
37.27.51.144 - - [22/Nov/2024:07:39:56 -0500] "GET /product_detail.php?pageNo=38&id=3443 HTTP/1.0" 200 37410 "-" "Mozilla/5.0 (compatible; BLEXBot/1.0; +http://webmeup-crawler.com/)"
37.27.51.144 - - [22/Nov/2024:07:39:58 -0500] "GET /product_detail.php?pageNo=38&id=3444 HTTP/1.0" 200 37410 "-" "Mozilla/5.0 (compatible; BLEXBot/1.0; +http://webmeup-crawler.com/)"
114.119.150.155 - - [22/Nov/2024:07:39:59 -0500] "GET /product_detail.php?pageNo=3&id=2922&pid=639 HTTP/1.0" 200 37544 "https://goldensunimport.com/product_detail.php?pageNo=9&id=2922&pid=639" "Mozilla/5.0 (Linux; Android 7.0;) AppleWebKit/537.36 (KHTML, like Gecko) Mobile Safari/537.36 (compatible; PetalBot;+https://webmaster.petalsearch.com/site/petalbot)"
85.208.96.196 - - [22/Nov/2024:07:39:59 -0500] "GET /product_detail.php?id=3240&pageNo=5&pid=639 HTTP/1.0" 200 37550 "-" "Mozilla/5.0 (compatible; SemrushBot/7~bl; +http://www.semrush.com/bot.html)"
37.27.51.144 - - [22/Nov/2024:07:40:00 -0500] "GET /product_detail.php?pageNo=38&id=3445 HTTP/1.0" 200 37410 "-" "Mozilla/5.0 (compatible; BLEXBot/1.0; +http://webmeup-crawler.com/)"
37.27.51.144 - - [22/Nov/2024:07:40:02 -0500] "GET /product_detail.php?pageNo=38&id=3446 HTTP/1.0" 200 37410 "-" "Mozilla/5.0 (compatible; BLEXBot/1.0; +http://webmeup-crawler.com/)"
37.27.51.144 - - [22/Nov/2024:07:40:04 -0500] "GET /product_detail.php?pageNo=38&id=3447 HTTP/1.0" 200 37410 "-" "Mozilla/5.0 (compatible; BLEXBot/1.0; +http://webmeup-crawler.com/)"
37.27.51.144 - - [22/Nov/2024:07:40:06 -0500] "GET /product_detail.php?pageNo=38&id=3448 HTTP/1.0" 200 37410 "-" "Mozilla/5.0 (compatible; BLEXBot/1.0; +http://webmeup-crawler.com/)"
37.27.51.144 - - [22/Nov/2024:07:40:08 -0500] "GET /product_detail.php?pageNo=38&id=3449 HTTP/1.0" 200 37498 "-" "Mozilla/5.0 (compatible; BLEXBot/1.0; +http://webmeup-crawler.com/)"
37.27.51.144 - - [22/Nov/2024:07:40:10 -0500] "GET /product_detail.php?pageNo=38&id=3450 HTTP/1.0" 200 37498 "-" "Mozilla/5.0 (compatible; BLEXBot/1.0; +http://webmeup-crawler.com/)"
47.128.48.154 - - [22/Nov/2024:07:40:10 -0500] "GET /product_detail.php?id=1043&pageNo=17&pid=639 HTTP/1.0" 200 37768 "-" "Mozilla/5.0 (compatible; Bytespider; spider-feedback@bytedance.com) AppleWebKit/537.36 (KHTML, like Gecko) Chrome/70.0.0.0 Safari/537.36"
47.128.48.154 - - [22/Nov/2024:07:40:11 -0500] "GET /admin/product_upload/20180106043959bPic.jpg HTTP/1.0" 200 788 "https://www.goldensunimport.com/product_detail.php?id=1043&pageNo=17&pid=639" "Mozilla/5.0 (compatible; Bytespider; spider-feedback@bytedance.com) AppleWebKit/537.36 (KHTML, like Gecko) Chrome/70.0.0.0 Safari/537.36"
47.128.48.154 - - [22/Nov/2024:07:40:11 -0500] "GET /admin/product_upload/20220810073402sPic.jpg HTTP/1.0" 200 788 "https://www.goldensunimport.com/product_detail.php?id=1043&pageNo=17&pid=639" "Mozilla/5.0 (compatible; Bytespider; spider-feedback@bytedance.com) AppleWebKit/537.36 (KHTML, like Gecko) Chrome/70.0.0.0 Safari/537.36"
47.128.48.154 - - [22/Nov/2024:07:40:11 -0500] "GET /admin/product_upload/20220622020814sPic.jpg HTTP/1.0" 200 788 "https://www.goldensunimport.com/product_detail.php?id=1043&pageNo=17&pid=639" "Mozilla/5.0 (compatible; Bytespider; spider-feedback@bytedance.com) AppleWebKit/537.36 (KHTML, like Gecko) Chrome/70.0.0.0 Safari/537.36"
47.128.48.154 - - [22/Nov/2024:07:40:11 -0500] "GET /admin/product_upload/20220622020442sPic.jpg HTTP/1.0" 200 788 "https://www.goldensunimport.com/product_detail.php?id=1043&pageNo=17&pid=639" "Mozilla/5.0 (compatible; Bytespider; spider-feedback@bytedance.com) AppleWebKit/537.36 (KHTML, like Gecko) Chrome/70.0.0.0 Safari/537.36"
47.128.48.154 - - [22/Nov/2024:07:40:11 -0500] "GET /admin/ad_upload/ HTTP/1.0" 403 1568 "https://www.goldensunimport.com/product_detail.php?id=1043&pageNo=17&pid=639" "Mozilla/5.0 (compatible; Bytespider; spider-feedback@bytedance.com) AppleWebKit/537.36 (KHTML, like Gecko) Chrome/70.0.0.0 Safari/537.36"
37.27.51.144 - - [22/Nov/2024:07:40:12 -0500] "GET /product_detail.php?pageNo=38&id=3451 HTTP/1.0" 200 37498 "-" "Mozilla/5.0 (compatible; BLEXBot/1.0; +http://webmeup-crawler.com/)"
37.27.51.144 - - [22/Nov/2024:07:40:15 -0500] "GET /product_detail.php?pageNo=38&id=3452 HTTP/1.0" 200 37498 "-" "Mozilla/5.0 (compatible; BLEXBot/1.0; +http://webmeup-crawler.com/)"
37.27.51.144 - - [22/Nov/2024:07:40:17 -0500] "GET /product_detail.php?pageNo=38&id=3453 HTTP/1.0" 200 37498 "-" "Mozilla/5.0 (compatible; BLEXBot/1.0; +http://webmeup-crawler.com/)"
37.27.51.144 - - [22/Nov/2024:07:40:19 -0500] "GET /product_detail.php?pageNo=38&id=3454 HTTP/1.0" 200 37500 "-" "Mozilla/5.0 (compatible; BLEXBot/1.0; +http://webmeup-crawler.com/)"
37.27.51.144 - - [22/Nov/2024:07:40:21 -0500] "GET /product_detail.php?pageNo=38&id=3455 HTTP/1.0" 200 37500 "-" "Mozilla/5.0 (compatible; BLEXBot/1.0; +http://webmeup-crawler.com/)"
37.27.51.144 - - [22/Nov/2024:07:40:23 -0500] "GET /product_detail.php?pageNo=38&id=3456 HTTP/1.0" 200 37498 "-" "Mozilla/5.0 (compatible; BLEXBot/1.0; +http://webmeup-crawler.com/)"
37.27.51.144 - - [22/Nov/2024:07:40:25 -0500] "GET /product_detail.php?pageNo=38&id=3457 HTTP/1.0" 200 37500 "-" "Mozilla/5.0 (compatible; BLEXBot/1.0; +http://webmeup-crawler.com/)"
185.191.171.14 - - [22/Nov/2024:07:40:25 -0500] "GET /product_detail.php?id=3027&pageNo=6&pid=639 HTTP/1.0" 200 37550 "-" "Mozilla/5.0 (compatible; SemrushBot/7~bl; +http://www.semrush.com/bot.html)"
43.159.135.203 - - [22/Nov/2024:07:40:25 -0500] "GET / HTTP/1.0" 200 28522 "http://goldensunimport.com" "Mozilla/5.0 (iPhone; CPU iPhone OS 13_2_3 like Mac OS X) AppleWebKit/605.1.15 (KHTML, like Gecko) Version/13.0.3 Mobile/15E148 Safari/604.1"
37.27.51.144 - - [22/Nov/2024:07:40:27 -0500] "GET /product_detail.php?pageNo=38&id=3458 HTTP/1.0" 200 37500 "-" "Mozilla/5.0 (compatible; BLEXBot/1.0; +http://webmeup-crawler.com/)"
37.27.51.144 - - [22/Nov/2024:07:40:29 -0500] "GET /product_detail.php?pageNo=38&id=3459 HTTP/1.0" 200 37500 "-" "Mozilla/5.0 (compatible; BLEXBot/1.0; +http://webmeup-crawler.com/)"
37.27.51.144 - - [22/Nov/2024:07:40:31 -0500] "GET /product_detail.php?pageNo=38&id=3460 HTTP/1.0" 200 37502 "-" "Mozilla/5.0 (compatible; BLEXBot/1.0; +http://webmeup-crawler.com/)"
37.27.51.144 - - [22/Nov/2024:07:40:33 -0500] "GET /product_detail.php?pageNo=38&id=3461 HTTP/1.0" 200 37500 "-" "Mozilla/5.0 (compatible; BLEXBot/1.0; +http://webmeup-crawler.com/)"
37.27.51.144 - - [22/Nov/2024:07:40:35 -0500] "GET /product_detail.php?pageNo=38&id=3462 HTTP/1.0" 200 37500 "-" "Mozilla/5.0 (compatible; BLEXBot/1.0; +http://webmeup-crawler.com/)"
37.27.51.144 - - [22/Nov/2024:07:40:37 -0500] "GET /product_detail.php?pageNo=38&id=3463 HTTP/1.0" 200 37500 "-" "Mozilla/5.0 (compatible; BLEXBot/1.0; +http://webmeup-crawler.com/)"
37.27.51.144 - - [22/Nov/2024:07:40:39 -0500] "GET /product_detail.php?pageNo=38&id=3464 HTTP/1.0" 200 37502 "-" "Mozilla/5.0 (compatible; BLEXBot/1.0; +http://webmeup-crawler.com/)"
37.27.51.144 - - [22/Nov/2024:07:40:41 -0500] "GET /product_detail.php?pageNo=38&id=3465 HTTP/1.0" 200 37502 "-" "Mozilla/5.0 (compatible; BLEXBot/1.0; +http://webmeup-crawler.com/)"
37.27.51.144 - - [22/Nov/2024:07:40:43 -0500] "GET /product_detail.php?pageNo=38&id=3466 HTTP/1.0" 200 37502 "-" "Mozilla/5.0 (compatible; BLEXBot/1.0; +http://webmeup-crawler.com/)"
85.208.96.204 - - [22/Nov/2024:07:40:44 -0500] "GET /product_detail.php?id=2859&pid=741 HTTP/1.0" 200 27184 "-" "Mozilla/5.0 (compatible; SemrushBot/7~bl; +http://www.semrush.com/bot.html)"
37.27.51.144 - - [22/Nov/2024:07:40:45 -0500] "GET /product_detail.php?pageNo=38&id=3467 HTTP/1.0" 200 37500 "-" "Mozilla/5.0 (compatible; BLEXBot/1.0; +http://webmeup-crawler.com/)"
37.27.51.144 - - [22/Nov/2024:07:40:47 -0500] "GET /product_detail.php?pageNo=38&id=3468 HTTP/1.0" 200 37500 "-" "Mozilla/5.0 (compatible; BLEXBot/1.0; +http://webmeup-crawler.com/)"
37.27.51.144 - - [22/Nov/2024:07:40:49 -0500] "GET /product_detail.php?pageNo=38&id=3469 HTTP/1.0" 200 37500 "-" "Mozilla/5.0 (compatible; BLEXBot/1.0; +http://webmeup-crawler.com/)"
37.27.51.144 - - [22/Nov/2024:07:40:51 -0500] "GET /product_detail.php?pageNo=38&id=3470 HTTP/1.0" 200 37500 "-" "Mozilla/5.0 (compatible; BLEXBot/1.0; +http://webmeup-crawler.com/)"
185.191.171.6 - - [22/Nov/2024:07:40:53 -0500] "GET /product_detail.php?id=3467&pageNo=6&pid=639 HTTP/1.0" 200 37546 "-" "Mozilla/5.0 (compatible; SemrushBot/7~bl; +http://www.semrush.com/bot.html)"
37.27.51.144 - - [22/Nov/2024:07:40:54 -0500] "GET /product_detail.php?pageNo=38&id=3471 HTTP/1.0" 200 37502 "-" "Mozilla/5.0 (compatible; BLEXBot/1.0; +http://webmeup-crawler.com/)"
37.27.51.144 - - [22/Nov/2024:07:40:55 -0500] "GET /product_detail.php?pageNo=38&id=3472 HTTP/1.0" 200 37502 "-" "Mozilla/5.0 (compatible; BLEXBot/1.0; +http://webmeup-crawler.com/)"
37.27.51.144 - - [22/Nov/2024:07:40:57 -0500] "GET /product_detail.php?pageNo=38&id=3473 HTTP/1.0" 200 37498 "-" "Mozilla/5.0 (compatible; BLEXBot/1.0; +http://webmeup-crawler.com/)"
185.191.171.11 - - [22/Nov/2024:07:40:58 -0500] "GET /product_detail.php?id=3185&pageNo=3&pid=748 HTTP/1.0" 200 37253 "-" "Mozilla/5.0 (compatible; SemrushBot/7~bl; +http://www.semrush.com/bot.html)"
37.27.51.144 - - [22/Nov/2024:07:40:59 -0500] "GET /product_detail.php?pageNo=38&id=3474 HTTP/1.0" 200 37410 "-" "Mozilla/5.0 (compatible; BLEXBot/1.0; +http://webmeup-crawler.com/)"
37.27.51.144 - - [22/Nov/2024:07:41:01 -0500] "GET /product_detail.php?pageNo=38&id=3475 HTTP/1.0" 200 37410 "-" "Mozilla/5.0 (compatible; BLEXBot/1.0; +http://webmeup-crawler.com/)"
37.27.51.144 - - [22/Nov/2024:07:41:03 -0500] "GET /product_detail.php?pageNo=38&id=3476 HTTP/1.0" 200 37410 "-" "Mozilla/5.0 (compatible; BLEXBot/1.0; +http://webmeup-crawler.com/)"
37.27.51.144 - - [22/Nov/2024:07:41:08 -0500] "GET /product_detail.php?pageNo=38&id=3477 HTTP/1.0" 200 37410 "-" "Mozilla/5.0 (compatible; BLEXBot/1.0; +http://webmeup-crawler.com/)"
37.27.51.144 - - [22/Nov/2024:07:41:10 -0500] "GET /product_detail.php?pageNo=38&id=3478 HTTP/1.0" 200 37410 "-" "Mozilla/5.0 (compatible; BLEXBot/1.0; +http://webmeup-crawler.com/)"
37.27.51.144 - - [22/Nov/2024:07:41:12 -0500] "GET /product_detail.php?pageNo=38&id=3479 HTTP/1.0" 200 37410 "-" "Mozilla/5.0 (compatible; BLEXBot/1.0; +http://webmeup-crawler.com/)"
47.128.16.32 - - [22/Nov/2024:07:41:13 -0500] "GET /product_detail.php?id=3459&pageNo=7&pid=639 HTTP/1.0" 200 37546 "-" "Mozilla/5.0 (compatible; Bytespider; spider-feedback@bytedance.com) AppleWebKit/537.36 (KHTML, like Gecko) Chrome/70.0.0.0 Safari/537.36"
47.128.16.32 - - [22/Nov/2024:07:41:13 -0500] "GET /admin/product_upload/20230927234255sPic.jpg HTTP/1.0" 200 788 "https://www.goldensunimport.com/product_detail.php?id=3459&pageNo=7&pid=639" "Mozilla/5.0 (compatible; Bytespider; spider-feedback@bytedance.com) AppleWebKit/537.36 (KHTML, like Gecko) Chrome/70.0.0.0 Safari/537.36"
47.128.16.32 - - [22/Nov/2024:07:41:14 -0500] "GET /admin/product_upload/20230927234110sPic.jpg HTTP/1.0" 200 788 "https://www.goldensunimport.com/product_detail.php?id=3459&pageNo=7&pid=639" "Mozilla/5.0 (compatible; Bytespider; spider-feedback@bytedance.com) AppleWebKit/537.36 (KHTML, like Gecko) Chrome/70.0.0.0 Safari/537.36"
47.128.16.32 - - [22/Nov/2024:07:41:14 -0500] "GET /admin/product_upload/20230821013759sPic.jpg HTTP/1.0" 200 788 "https://www.goldensunimport.com/product_detail.php?id=3459&pageNo=7&pid=639" "Mozilla/5.0 (compatible; Bytespider; spider-feedback@bytedance.com) AppleWebKit/537.36 (KHTML, like Gecko) Chrome/70.0.0.0 Safari/537.36"
47.128.16.32 - - [22/Nov/2024:07:41:14 -0500] "GET /admin/ad_upload/ HTTP/1.0" 403 1568 "https://www.goldensunimport.com/product_detail.php?id=3459&pageNo=7&pid=639" "Mozilla/5.0 (compatible; Bytespider; spider-feedback@bytedance.com) AppleWebKit/537.36 (KHTML, like Gecko) Chrome/70.0.0.0 Safari/537.36"
37.27.51.144 - - [22/Nov/2024:07:41:14 -0500] "GET /product_detail.php?pageNo=38&id=3480 HTTP/1.0" 200 37410 "-" "Mozilla/5.0 (compatible; BLEXBot/1.0; +http://webmeup-crawler.com/)"
37.27.51.144 - - [22/Nov/2024:07:41:16 -0500] "GET /product_detail.php?pageNo=38&id=3481 HTTP/1.0" 200 37410 "-" "Mozilla/5.0 (compatible; BLEXBot/1.0; +http://webmeup-crawler.com/)"
37.27.51.144 - - [22/Nov/2024:07:41:18 -0500] "GET /product_detail.php?pageNo=38&id=3482 HTTP/1.0" 200 37410 "-" "Mozilla/5.0 (compatible; BLEXBot/1.0; +http://webmeup-crawler.com/)"
37.27.51.144 - - [22/Nov/2024:07:41:20 -0500] "GET /product_detail.php?pageNo=38&id=3483 HTTP/1.0" 200 37410 "-" "Mozilla/5.0 (compatible; BLEXBot/1.0; +http://webmeup-crawler.com/)"
37.27.51.144 - - [22/Nov/2024:07:41:22 -0500] "GET /product_detail.php?pageNo=38&id=3484 HTTP/1.0" 200 37410 "-" "Mozilla/5.0 (compatible; BLEXBot/1.0; +http://webmeup-crawler.com/)"
37.27.51.144 - - [22/Nov/2024:07:41:24 -0500] "GET /product_detail.php?pageNo=38&id=3485 HTTP/1.0" 200 37410 "-" "Mozilla/5.0 (compatible; BLEXBot/1.0; +http://webmeup-crawler.com/)"
37.27.51.144 - - [22/Nov/2024:07:41:26 -0500] "GET /product_detail.php?pageNo=38&id=3486 HTTP/1.0" 200 37410 "-" "Mozilla/5.0 (compatible; BLEXBot/1.0; +http://webmeup-crawler.com/)"
