Linux ns65.myhostcenters.net 4.18.0-553.16.1.el8_10.x86_64 #1 SMP Thu Aug 8 07:11:46 EDT 2024 x86_64
Apache
199.96.128.195
Cant read /etc/named.conf
/
var
/
www
/
vhosts
/
goldensunimport.com
/
logs
[ HOME ]
Exec
Submit
File Name : access_ssl_log
66.249.79.233 - - [22/Nov/2024:03:39:35 -0500] "GET /product_detail.php?pageNo=12&id=893&pid=639 HTTP/1.0" 200 37752 "-" "Mozilla/5.0 (Linux; Android 6.0.1; Nexus 5X Build/MMB29P) AppleWebKit/537.36 (KHTML, like Gecko) Chrome/131.0.6778.69 Mobile Safari/537.36 (compatible; Googlebot/2.1; +http://www.google.com/bot.html)"
37.27.51.144 - - [22/Nov/2024:03:39:35 -0500] "GET /product_detail.php?pageNo=36&id=2081 HTTP/1.0" 200 37496 "-" "Mozilla/5.0 (compatible; BLEXBot/1.0; +http://webmeup-crawler.com/)"
47.128.111.189 - - [22/Nov/2024:03:39:36 -0500] "GET /product_detail.php?id=2750&pageNo=2&pid=639 HTTP/1.0" 200 37546 "-" "Mozilla/5.0 (compatible; Bytespider; spider-feedback@bytedance.com) AppleWebKit/537.36 (KHTML, like Gecko) Chrome/70.0.0.0 Safari/537.36"
47.128.111.189 - - [22/Nov/2024:03:39:36 -0500] "GET /admin/product_upload/20220228234714bPic.jpg HTTP/1.0" 200 788 "https://www.goldensunimport.com/product_detail.php?id=2750&pageNo=2&pid=639" "Mozilla/5.0 (compatible; Bytespider; spider-feedback@bytedance.com) AppleWebKit/537.36 (KHTML, like Gecko) Chrome/70.0.0.0 Safari/537.36"
47.128.111.189 - - [22/Nov/2024:03:39:36 -0500] "GET /admin/product_upload/20240614132253sPic.jpg HTTP/1.0" 200 788 "https://www.goldensunimport.com/product_detail.php?id=2750&pageNo=2&pid=639" "Mozilla/5.0 (compatible; Bytespider; spider-feedback@bytedance.com) AppleWebKit/537.36 (KHTML, like Gecko) Chrome/70.0.0.0 Safari/537.36"
47.128.111.189 - - [22/Nov/2024:03:39:37 -0500] "GET /admin/product_upload/20240614132147sPic.jpg HTTP/1.0" 200 788 "https://www.goldensunimport.com/product_detail.php?id=2750&pageNo=2&pid=639" "Mozilla/5.0 (compatible; Bytespider; spider-feedback@bytedance.com) AppleWebKit/537.36 (KHTML, like Gecko) Chrome/70.0.0.0 Safari/537.36"
47.128.111.189 - - [22/Nov/2024:03:39:37 -0500] "GET /admin/ad_upload/ HTTP/1.0" 403 1568 "https://www.goldensunimport.com/product_detail.php?id=2750&pageNo=2&pid=639" "Mozilla/5.0 (compatible; Bytespider; spider-feedback@bytedance.com) AppleWebKit/537.36 (KHTML, like Gecko) Chrome/70.0.0.0 Safari/537.36"
3.129.67.248 - - [22/Nov/2024:03:39:37 -0500] "GET /product_detail.php?id=3452&pageNo=12&pid=639 HTTP/1.0" 200 38470 "https://goldensunimport.com/product_detail.php?id=3452&pageNo=12&pid=639" "Mozilla/5.0 AppleWebKit/537.36 (KHTML, like Gecko; compatible; ClaudeBot/1.0; +claudebot@anthropic.com)"
37.27.51.144 - - [22/Nov/2024:03:39:37 -0500] "GET /product_detail.php?pageNo=36&id=2082 HTTP/1.0" 200 37500 "-" "Mozilla/5.0 (compatible; BLEXBot/1.0; +http://webmeup-crawler.com/)"
3.144.123.24 - - [22/Nov/2024:03:39:39 -0500] "GET /product_detail.php?id=1858&pageNo=3&pid=737 HTTP/1.0" 200 37512 "https://goldensunimport.com/product_detail.php?id=1858&pageNo=3&pid=737" "Mozilla/5.0 AppleWebKit/537.36 (KHTML, like Gecko; compatible; ClaudeBot/1.0; +claudebot@anthropic.com)"
37.27.51.144 - - [22/Nov/2024:03:39:39 -0500] "GET /product_detail.php?pageNo=36&id=2082 HTTP/1.0" 200 37500 "-" "Mozilla/5.0 (compatible; BLEXBot/1.0; +http://webmeup-crawler.com/)"
37.27.51.144 - - [22/Nov/2024:03:39:42 -0500] "GET /product_detail.php?pageNo=36&id=2110 HTTP/1.0" 200 37506 "-" "Mozilla/5.0 (compatible; BLEXBot/1.0; +http://webmeup-crawler.com/)"
18.227.190.231 - - [22/Nov/2024:03:39:43 -0500] "GET /product_detail.php?id=3200&pageNo=5&pid=639 HTTP/1.0" 200 38096 "https://goldensunimport.com/product_detail.php?id=3200&pageNo=5&pid=639" "Mozilla/5.0 AppleWebKit/537.36 (KHTML, like Gecko; compatible; ClaudeBot/1.0; +claudebot@anthropic.com)"
37.27.51.144 - - [22/Nov/2024:03:39:44 -0500] "GET /product_detail.php?pageNo=36&id=2110 HTTP/1.0" 200 37506 "-" "Mozilla/5.0 (compatible; BLEXBot/1.0; +http://webmeup-crawler.com/)"
37.27.51.144 - - [22/Nov/2024:03:39:46 -0500] "GET /product_detail.php?pageNo=36&id=2111 HTTP/1.0" 200 37496 "-" "Mozilla/5.0 (compatible; BLEXBot/1.0; +http://webmeup-crawler.com/)"
37.27.51.144 - - [22/Nov/2024:03:39:48 -0500] "GET /product_detail.php?pageNo=36&id=2111 HTTP/1.0" 200 37496 "-" "Mozilla/5.0 (compatible; BLEXBot/1.0; +http://webmeup-crawler.com/)"
37.27.51.144 - - [22/Nov/2024:03:39:50 -0500] "GET /product_detail.php?pageNo=36&id=2113 HTTP/1.0" 200 37500 "-" "Mozilla/5.0 (compatible; BLEXBot/1.0; +http://webmeup-crawler.com/)"
37.27.51.144 - - [22/Nov/2024:03:39:52 -0500] "GET /product_detail.php?pageNo=36&id=2113 HTTP/1.0" 200 37500 "-" "Mozilla/5.0 (compatible; BLEXBot/1.0; +http://webmeup-crawler.com/)"
37.27.51.144 - - [22/Nov/2024:03:39:54 -0500] "GET /product_detail.php?pageNo=36&id=2114 HTTP/1.0" 200 37500 "-" "Mozilla/5.0 (compatible; BLEXBot/1.0; +http://webmeup-crawler.com/)"
37.27.51.144 - - [22/Nov/2024:03:39:56 -0500] "GET /product_detail.php?pageNo=36&id=2114 HTTP/1.0" 200 37500 "-" "Mozilla/5.0 (compatible; BLEXBot/1.0; +http://webmeup-crawler.com/)"
37.27.51.144 - - [22/Nov/2024:03:39:58 -0500] "GET /product_detail.php?pageNo=36&id=2115 HTTP/1.0" 200 37500 "-" "Mozilla/5.0 (compatible; BLEXBot/1.0; +http://webmeup-crawler.com/)"
18.188.113.189 - - [22/Nov/2024:03:39:59 -0500] "GET /product_detail.php?id=2781&pageNo=3&pid=705 HTTP/1.0" 200 37433 "https://goldensunimport.com/product_detail.php?id=2781&pageNo=3&pid=705" "Mozilla/5.0 AppleWebKit/537.36 (KHTML, like Gecko; compatible; ClaudeBot/1.0; +claudebot@anthropic.com)"
37.27.51.144 - - [22/Nov/2024:03:40:01 -0500] "GET /product_detail.php?pageNo=36&id=2115 HTTP/1.0" 200 37500 "-" "Mozilla/5.0 (compatible; BLEXBot/1.0; +http://webmeup-crawler.com/)"
37.27.51.144 - - [22/Nov/2024:03:40:03 -0500] "GET /product_detail.php?pageNo=36&id=2116 HTTP/1.0" 200 37500 "-" "Mozilla/5.0 (compatible; BLEXBot/1.0; +http://webmeup-crawler.com/)"
37.27.51.144 - - [22/Nov/2024:03:40:05 -0500] "GET /product_detail.php?pageNo=36&id=2116 HTTP/1.0" 200 37500 "-" "Mozilla/5.0 (compatible; BLEXBot/1.0; +http://webmeup-crawler.com/)"
185.191.171.3 - - [22/Nov/2024:03:40:05 -0500] "GET /product_detail.php?id=695&pid=641 HTTP/1.0" 200 30757 "-" "Mozilla/5.0 (compatible; SemrushBot/7~bl; +http://www.semrush.com/bot.html)"
37.27.51.144 - - [22/Nov/2024:03:40:07 -0500] "GET /product_detail.php?pageNo=36&id=2117 HTTP/1.0" 200 37500 "-" "Mozilla/5.0 (compatible; BLEXBot/1.0; +http://webmeup-crawler.com/)"
37.27.51.144 - - [22/Nov/2024:03:40:09 -0500] "GET /product_detail.php?pageNo=36&id=2117 HTTP/1.0" 200 37500 "-" "Mozilla/5.0 (compatible; BLEXBot/1.0; +http://webmeup-crawler.com/)"
3.145.63.131 - - [22/Nov/2024:03:40:11 -0500] "GET /product_detail.php?id=2273&pageNo=1&pid=737 HTTP/1.0" 200 37828 "https://goldensunimport.com/product_detail.php?id=2273&pageNo=1&pid=737" "Mozilla/5.0 AppleWebKit/537.36 (KHTML, like Gecko; compatible; ClaudeBot/1.0; +claudebot@anthropic.com)"
37.27.51.144 - - [22/Nov/2024:03:40:11 -0500] "GET /product_detail.php?pageNo=36&id=2118 HTTP/1.0" 200 37502 "-" "Mozilla/5.0 (compatible; BLEXBot/1.0; +http://webmeup-crawler.com/)"
37.27.51.144 - - [22/Nov/2024:03:40:14 -0500] "GET /product_detail.php?pageNo=36&id=2118 HTTP/1.0" 200 37502 "-" "Mozilla/5.0 (compatible; BLEXBot/1.0; +http://webmeup-crawler.com/)"
37.27.51.144 - - [22/Nov/2024:03:40:16 -0500] "GET /product_detail.php?pageNo=36&id=2119 HTTP/1.0" 200 37500 "-" "Mozilla/5.0 (compatible; BLEXBot/1.0; +http://webmeup-crawler.com/)"
37.27.51.144 - - [22/Nov/2024:03:40:18 -0500] "GET /product_detail.php?pageNo=36&id=2119 HTTP/1.0" 200 37500 "-" "Mozilla/5.0 (compatible; BLEXBot/1.0; +http://webmeup-crawler.com/)"
3.144.8.68 - - [22/Nov/2024:03:40:19 -0500] "GET /product_detail.php?id=2978&pageNo=3&pid=694 HTTP/1.0" 200 37045 "https://goldensunimport.com/product_detail.php?id=2978&pageNo=3&pid=694" "Mozilla/5.0 AppleWebKit/537.36 (KHTML, like Gecko; compatible; ClaudeBot/1.0; +claudebot@anthropic.com)"
37.27.51.144 - - [22/Nov/2024:03:40:20 -0500] "GET /product_detail.php?pageNo=36&id=2120 HTTP/1.0" 200 37410 "-" "Mozilla/5.0 (compatible; BLEXBot/1.0; +http://webmeup-crawler.com/)"
37.27.51.144 - - [22/Nov/2024:03:40:22 -0500] "GET /product_detail.php?pageNo=36&id=2121 HTTP/1.0" 200 37410 "-" "Mozilla/5.0 (compatible; BLEXBot/1.0; +http://webmeup-crawler.com/)"
37.27.51.144 - - [22/Nov/2024:03:40:24 -0500] "GET /product_detail.php?pageNo=36&id=2122 HTTP/1.0" 200 37410 "-" "Mozilla/5.0 (compatible; BLEXBot/1.0; +http://webmeup-crawler.com/)"
85.208.96.207 - - [22/Nov/2024:03:40:26 -0500] "GET /product_detail.php?id=3747&pageNo=6&pid=748 HTTP/1.0" 200 37357 "-" "Mozilla/5.0 (compatible; SemrushBot/7~bl; +http://www.semrush.com/bot.html)"
37.27.51.144 - - [22/Nov/2024:03:40:27 -0500] "GET /product_detail.php?pageNo=36&id=2123 HTTP/1.0" 200 37410 "-" "Mozilla/5.0 (compatible; BLEXBot/1.0; +http://webmeup-crawler.com/)"
37.27.51.144 - - [22/Nov/2024:03:40:29 -0500] "GET /product_detail.php?pageNo=36&id=2124 HTTP/1.0" 200 37500 "-" "Mozilla/5.0 (compatible; BLEXBot/1.0; +http://webmeup-crawler.com/)"
37.27.51.144 - - [22/Nov/2024:03:40:31 -0500] "GET /product_detail.php?pageNo=36&id=2124 HTTP/1.0" 200 37500 "-" "Mozilla/5.0 (compatible; BLEXBot/1.0; +http://webmeup-crawler.com/)"
37.27.51.144 - - [22/Nov/2024:03:40:35 -0500] "GET /product_detail.php?pageNo=36&id=2125 HTTP/1.0" 200 37498 "-" "Mozilla/5.0 (compatible; BLEXBot/1.0; +http://webmeup-crawler.com/)"
47.128.29.127 - - [22/Nov/2024:03:40:36 -0500] "GET /product_detail.php?pageNo=34&id=2732&pid=639 HTTP/1.0" 200 37653 "-" "Mozilla/5.0 (compatible; Bytespider; spider-feedback@bytedance.com) AppleWebKit/537.36 (KHTML, like Gecko) Chrome/70.0.0.0 Safari/537.36"
47.128.29.127 - - [22/Nov/2024:03:40:37 -0500] "GET /admin/product_upload/20200112182112sPic.jpg HTTP/1.0" 200 788 "https://www.goldensunimport.com/product_detail.php?pageNo=34&id=2732&pid=639" "Mozilla/5.0 (compatible; Bytespider; spider-feedback@bytedance.com) AppleWebKit/537.36 (KHTML, like Gecko) Chrome/70.0.0.0 Safari/537.36"
47.128.29.127 - - [22/Nov/2024:03:40:37 -0500] "GET /admin/product_upload/20200112182235sPic.jpg HTTP/1.0" 200 788 "https://www.goldensunimport.com/product_detail.php?pageNo=34&id=2732&pid=639" "Mozilla/5.0 (compatible; Bytespider; spider-feedback@bytedance.com) AppleWebKit/537.36 (KHTML, like Gecko) Chrome/70.0.0.0 Safari/537.36"
47.128.29.127 - - [22/Nov/2024:03:40:37 -0500] "GET /admin/product_upload/20200112181638sPic.jpg HTTP/1.0" 200 788 "https://www.goldensunimport.com/product_detail.php?pageNo=34&id=2732&pid=639" "Mozilla/5.0 (compatible; Bytespider; spider-feedback@bytedance.com) AppleWebKit/537.36 (KHTML, like Gecko) Chrome/70.0.0.0 Safari/537.36"
47.128.29.127 - - [22/Nov/2024:03:40:37 -0500] "GET /admin/product_upload/20200112181433sPic.jpg HTTP/1.0" 200 788 "https://www.goldensunimport.com/product_detail.php?pageNo=34&id=2732&pid=639" "Mozilla/5.0 (compatible; Bytespider; spider-feedback@bytedance.com) AppleWebKit/537.36 (KHTML, like Gecko) Chrome/70.0.0.0 Safari/537.36"
47.128.29.127 - - [22/Nov/2024:03:40:37 -0500] "GET /admin/product_upload/20191011191228sPic.jpg HTTP/1.0" 200 788 "https://www.goldensunimport.com/product_detail.php?pageNo=34&id=2732&pid=639" "Mozilla/5.0 (compatible; Bytespider; spider-feedback@bytedance.com) AppleWebKit/537.36 (KHTML, like Gecko) Chrome/70.0.0.0 Safari/537.36"
47.128.29.127 - - [22/Nov/2024:03:40:37 -0500] "GET /admin/product_upload/20220211212701sPic.jpg HTTP/1.0" 200 788 "https://www.goldensunimport.com/product_detail.php?pageNo=34&id=2732&pid=639" "Mozilla/5.0 (compatible; Bytespider; spider-feedback@bytedance.com) AppleWebKit/537.36 (KHTML, like Gecko) Chrome/70.0.0.0 Safari/537.36"
47.128.29.127 - - [22/Nov/2024:03:40:37 -0500] "GET /admin/ad_upload/ HTTP/1.0" 403 1568 "https://www.goldensunimport.com/product_detail.php?pageNo=34&id=2732&pid=639" "Mozilla/5.0 (compatible; Bytespider; spider-feedback@bytedance.com) AppleWebKit/537.36 (KHTML, like Gecko) Chrome/70.0.0.0 Safari/537.36"
37.27.51.144 - - [22/Nov/2024:03:40:37 -0500] "GET /product_detail.php?pageNo=36&id=2125 HTTP/1.0" 200 37498 "-" "Mozilla/5.0 (compatible; BLEXBot/1.0; +http://webmeup-crawler.com/)"
185.191.171.11 - - [22/Nov/2024:03:40:38 -0500] "GET /product_detail.php?id=2862&pageNo=8&pid=741 HTTP/1.0" 200 27184 "-" "Mozilla/5.0 (compatible; SemrushBot/7~bl; +http://www.semrush.com/bot.html)"
37.27.51.144 - - [22/Nov/2024:03:40:39 -0500] "GET /product_detail.php?pageNo=36&id=2126 HTTP/1.0" 200 37410 "-" "Mozilla/5.0 (compatible; BLEXBot/1.0; +http://webmeup-crawler.com/)"
18.219.253.199 - - [22/Nov/2024:03:40:41 -0500] "GET /product_detail.php?id=3236&pageNo=3&pid=639 HTTP/1.0" 200 38690 "https://goldensunimport.com/product_detail.php?id=3236&pageNo=3&pid=639" "Mozilla/5.0 AppleWebKit/537.36 (KHTML, like Gecko; compatible; ClaudeBot/1.0; +claudebot@anthropic.com)"
37.27.51.144 - - [22/Nov/2024:03:40:41 -0500] "GET /product_detail.php?pageNo=36&id=2127 HTTP/1.0" 200 37508 "-" "Mozilla/5.0 (compatible; BLEXBot/1.0; +http://webmeup-crawler.com/)"
37.27.51.144 - - [22/Nov/2024:03:40:43 -0500] "GET /product_detail.php?pageNo=36&id=2127 HTTP/1.0" 200 37508 "-" "Mozilla/5.0 (compatible; BLEXBot/1.0; +http://webmeup-crawler.com/)"
37.27.51.144 - - [22/Nov/2024:03:40:45 -0500] "GET /product_detail.php?pageNo=36&id=2128 HTTP/1.0" 200 37712 "-" "Mozilla/5.0 (compatible; BLEXBot/1.0; +http://webmeup-crawler.com/)"
3.144.31.86 - - [22/Nov/2024:03:40:46 -0500] "GET /product_detail.php?id=3181&pageNo=9&pid=639 HTTP/1.0" 200 38101 "https://goldensunimport.com/product_detail.php?id=3181&pageNo=9&pid=639" "Mozilla/5.0 AppleWebKit/537.36 (KHTML, like Gecko; compatible; ClaudeBot/1.0; +claudebot@anthropic.com)"
37.27.51.144 - - [22/Nov/2024:03:40:48 -0500] "GET /product_detail.php?pageNo=36&id=2128 HTTP/1.0" 200 37712 "-" "Mozilla/5.0 (compatible; BLEXBot/1.0; +http://webmeup-crawler.com/)"
37.27.51.144 - - [22/Nov/2024:03:40:50 -0500] "GET /product_detail.php?pageNo=36&id=2129 HTTP/1.0" 200 37712 "-" "Mozilla/5.0 (compatible; BLEXBot/1.0; +http://webmeup-crawler.com/)"
37.27.51.144 - - [22/Nov/2024:03:40:52 -0500] "GET /product_detail.php?pageNo=36&id=2129 HTTP/1.0" 200 37712 "-" "Mozilla/5.0 (compatible; BLEXBot/1.0; +http://webmeup-crawler.com/)"
37.27.51.144 - - [22/Nov/2024:03:40:54 -0500] "GET /product_detail.php?pageNo=36&id=2130 HTTP/1.0" 200 37734 "-" "Mozilla/5.0 (compatible; BLEXBot/1.0; +http://webmeup-crawler.com/)"
37.27.51.144 - - [22/Nov/2024:03:40:56 -0500] "GET /product_detail.php?pageNo=36&id=2130 HTTP/1.0" 200 37734 "-" "Mozilla/5.0 (compatible; BLEXBot/1.0; +http://webmeup-crawler.com/)"
37.27.51.144 - - [22/Nov/2024:03:40:58 -0500] "GET /product_detail.php?pageNo=36&id=2131 HTTP/1.0" 200 37720 "-" "Mozilla/5.0 (compatible; BLEXBot/1.0; +http://webmeup-crawler.com/)"
185.191.171.10 - - [22/Nov/2024:03:40:59 -0500] "GET /product_detail.php?id=2334&pid=741 HTTP/1.0" 200 27184 "-" "Mozilla/5.0 (compatible; SemrushBot/7~bl; +http://www.semrush.com/bot.html)"
37.27.51.144 - - [22/Nov/2024:03:41:00 -0500] "GET /product_detail.php?pageNo=36&id=2131 HTTP/1.0" 200 37720 "-" "Mozilla/5.0 (compatible; BLEXBot/1.0; +http://webmeup-crawler.com/)"
37.27.51.144 - - [22/Nov/2024:03:41:02 -0500] "GET /product_detail.php?pageNo=36&id=2184 HTTP/1.0" 200 37502 "-" "Mozilla/5.0 (compatible; BLEXBot/1.0; +http://webmeup-crawler.com/)"
37.27.51.144 - - [22/Nov/2024:03:41:05 -0500] "GET /product_detail.php?pageNo=36&id=2184 HTTP/1.0" 200 37502 "-" "Mozilla/5.0 (compatible; BLEXBot/1.0; +http://webmeup-crawler.com/)"
37.27.51.144 - - [22/Nov/2024:03:41:07 -0500] "GET /product_detail.php?pageNo=36&id=2185 HTTP/1.0" 200 37500 "-" "Mozilla/5.0 (compatible; BLEXBot/1.0; +http://webmeup-crawler.com/)"
37.27.51.144 - - [22/Nov/2024:03:41:09 -0500] "GET /product_detail.php?pageNo=36&id=2185 HTTP/1.0" 200 37500 "-" "Mozilla/5.0 (compatible; BLEXBot/1.0; +http://webmeup-crawler.com/)"
37.27.51.144 - - [22/Nov/2024:03:41:11 -0500] "GET /product_detail.php?pageNo=36&id=2186 HTTP/1.0" 200 37500 "-" "Mozilla/5.0 (compatible; BLEXBot/1.0; +http://webmeup-crawler.com/)"
37.27.51.144 - - [22/Nov/2024:03:41:13 -0500] "GET /product_detail.php?pageNo=36&id=2186 HTTP/1.0" 200 37500 "-" "Mozilla/5.0 (compatible; BLEXBot/1.0; +http://webmeup-crawler.com/)"
37.27.51.144 - - [22/Nov/2024:03:41:15 -0500] "GET /product_detail.php?pageNo=36&id=2187 HTTP/1.0" 200 37500 "-" "Mozilla/5.0 (compatible; BLEXBot/1.0; +http://webmeup-crawler.com/)"
185.191.171.8 - - [22/Nov/2024:03:41:17 -0500] "GET /product_detail.php?id=3756&pageNo=4&pid=694 HTTP/1.0" 200 35230 "-" "Mozilla/5.0 (compatible; SemrushBot/7~bl; +http://www.semrush.com/bot.html)"
37.27.51.144 - - [22/Nov/2024:03:41:17 -0500] "GET /product_detail.php?pageNo=36&id=2187 HTTP/1.0" 200 37500 "-" "Mozilla/5.0 (compatible; BLEXBot/1.0; +http://webmeup-crawler.com/)"
114.119.139.166 - - [22/Nov/2024:03:41:18 -0500] "GET /product_detail.php?pageNo=12&id=1786&pid=639 HTTP/1.0" 200 37772 "https://goldensunimport.com/product_detail.php?pageNo=2&id=1786&pid=639" "Mozilla/5.0 (Linux; Android 7.0;) AppleWebKit/537.36 (KHTML, like Gecko) Mobile Safari/537.36 (compatible; PetalBot;+https://webmaster.petalsearch.com/site/petalbot)"
37.27.51.144 - - [22/Nov/2024:03:41:19 -0500] "GET /product_detail.php?pageNo=36&id=2188 HTTP/1.0" 200 37506 "-" "Mozilla/5.0 (compatible; BLEXBot/1.0; +http://webmeup-crawler.com/)"
37.27.51.144 - - [22/Nov/2024:03:41:21 -0500] "GET /product_detail.php?pageNo=36&id=2188 HTTP/1.0" 200 37506 "-" "Mozilla/5.0 (compatible; BLEXBot/1.0; +http://webmeup-crawler.com/)"
37.27.51.144 - - [22/Nov/2024:03:41:24 -0500] "GET /product_detail.php?pageNo=36&id=2189 HTTP/1.0" 200 37502 "-" "Mozilla/5.0 (compatible; BLEXBot/1.0; +http://webmeup-crawler.com/)"
37.27.51.144 - - [22/Nov/2024:03:41:26 -0500] "GET /product_detail.php?pageNo=36&id=2189 HTTP/1.0" 200 37502 "-" "Mozilla/5.0 (compatible; BLEXBot/1.0; +http://webmeup-crawler.com/)"
3.15.12.95 - - [22/Nov/2024:03:41:27 -0500] "GET /product_detail.php?id=2778&pageNo=2&pid=705 HTTP/1.0" 200 37290 "https://goldensunimport.com/product_detail.php?id=2778&pageNo=2&pid=705" "Mozilla/5.0 AppleWebKit/537.36 (KHTML, like Gecko; compatible; ClaudeBot/1.0; +claudebot@anthropic.com)"
37.27.51.144 - - [22/Nov/2024:03:41:28 -0500] "GET /product_detail.php?pageNo=36&id=2190 HTTP/1.0" 200 37504 "-" "Mozilla/5.0 (compatible; BLEXBot/1.0; +http://webmeup-crawler.com/)"
3.137.176.213 - - [22/Nov/2024:03:41:29 -0500] "GET /product_detail.php?id=2800&pid=705 HTTP/1.0" 200 37184 "https://goldensunimport.com/product_detail.php?id=2800&pid=705" "Mozilla/5.0 AppleWebKit/537.36 (KHTML, like Gecko; compatible; ClaudeBot/1.0; +claudebot@anthropic.com)"
37.27.51.144 - - [22/Nov/2024:03:41:30 -0500] "GET /product_detail.php?pageNo=36&id=2190 HTTP/1.0" 200 37504 "-" "Mozilla/5.0 (compatible; BLEXBot/1.0; +http://webmeup-crawler.com/)"
37.27.51.144 - - [22/Nov/2024:03:41:32 -0500] "GET /product_detail.php?pageNo=36&id=2191 HTTP/1.0" 200 37502 "-" "Mozilla/5.0 (compatible; BLEXBot/1.0; +http://webmeup-crawler.com/)"
3.149.24.143 - - [22/Nov/2024:03:41:33 -0500] "GET /product_detail.php?id=2410&pid=639 HTTP/1.0" 200 37428 "https://goldensunimport.com/product_detail.php?id=2410&pid=639" "Mozilla/5.0 AppleWebKit/537.36 (KHTML, like Gecko; compatible; ClaudeBot/1.0; +claudebot@anthropic.com)"
37.27.51.144 - - [22/Nov/2024:03:41:35 -0500] "GET /product_detail.php?pageNo=36&id=2191 HTTP/1.0" 200 37502 "-" "Mozilla/5.0 (compatible; BLEXBot/1.0; +http://webmeup-crawler.com/)"
37.27.51.144 - - [22/Nov/2024:03:41:37 -0500] "GET /product_detail.php?pageNo=36&id=2192 HTTP/1.0" 200 37502 "-" "Mozilla/5.0 (compatible; BLEXBot/1.0; +http://webmeup-crawler.com/)"
47.128.26.57 - - [22/Nov/2024:03:41:39 -0500] "GET /product_detail.php?id=2966&pageNo=3&pid=639 HTTP/1.0" 200 37546 "-" "Mozilla/5.0 (compatible; Bytespider; spider-feedback@bytedance.com) AppleWebKit/537.36 (KHTML, like Gecko) Chrome/70.0.0.0 Safari/537.36"
37.27.51.144 - - [22/Nov/2024:03:41:39 -0500] "GET /product_detail.php?pageNo=36&id=2192 HTTP/1.0" 200 37502 "-" "Mozilla/5.0 (compatible; BLEXBot/1.0; +http://webmeup-crawler.com/)"
47.128.26.57 - - [22/Nov/2024:03:41:40 -0500] "GET /admin/ad_upload/ HTTP/1.0" 403 1568 "https://www.goldensunimport.com/product_detail.php?id=2966&pageNo=3&pid=639" "Mozilla/5.0 (compatible; Bytespider; spider-feedback@bytedance.com) AppleWebKit/537.36 (KHTML, like Gecko) Chrome/70.0.0.0 Safari/537.36"
37.27.51.144 - - [22/Nov/2024:03:41:41 -0500] "GET /product_detail.php?pageNo=36&id=2193 HTTP/1.0" 200 37508 "-" "Mozilla/5.0 (compatible; BLEXBot/1.0; +http://webmeup-crawler.com/)"
37.27.51.144 - - [22/Nov/2024:03:41:43 -0500] "GET /product_detail.php?pageNo=36&id=2193 HTTP/1.0" 200 37508 "-" "Mozilla/5.0 (compatible; BLEXBot/1.0; +http://webmeup-crawler.com/)"
37.27.51.144 - - [22/Nov/2024:03:41:45 -0500] "GET /product_detail.php?pageNo=36&id=2194 HTTP/1.0" 200 37502 "-" "Mozilla/5.0 (compatible; BLEXBot/1.0; +http://webmeup-crawler.com/)"
37.27.51.144 - - [22/Nov/2024:03:41:47 -0500] "GET /product_detail.php?pageNo=36&id=2194 HTTP/1.0" 200 37502 "-" "Mozilla/5.0 (compatible; BLEXBot/1.0; +http://webmeup-crawler.com/)"
37.27.51.144 - - [22/Nov/2024:03:41:49 -0500] "GET /product_detail.php?pageNo=36&id=2195 HTTP/1.0" 200 37410 "-" "Mozilla/5.0 (compatible; BLEXBot/1.0; +http://webmeup-crawler.com/)"
3.143.203.129 - - [22/Nov/2024:03:41:50 -0500] "GET /product_detail.php?id=3755&pageNo=24&pid=639 HTTP/1.0" 200 37773 "https://goldensunimport.com/product_detail.php?id=3755&pageNo=24&pid=639" "Mozilla/5.0 AppleWebKit/537.36 (KHTML, like Gecko; compatible; ClaudeBot/1.0; +claudebot@anthropic.com)"
37.27.51.144 - - [22/Nov/2024:03:41:51 -0500] "GET /product_detail.php?pageNo=36&id=2196 HTTP/1.0" 200 37410 "-" "Mozilla/5.0 (compatible; BLEXBot/1.0; +http://webmeup-crawler.com/)"
37.27.51.144 - - [22/Nov/2024:03:41:53 -0500] "GET /product_detail.php?pageNo=36&id=2197 HTTP/1.0" 200 37410 "-" "Mozilla/5.0 (compatible; BLEXBot/1.0; +http://webmeup-crawler.com/)"
37.27.51.144 - - [22/Nov/2024:03:41:55 -0500] "GET /product_detail.php?pageNo=36&id=2197 HTTP/1.0" 200 37410 "-" "Mozilla/5.0 (compatible; BLEXBot/1.0; +http://webmeup-crawler.com/)"
37.27.51.144 - - [22/Nov/2024:03:41:58 -0500] "GET /product_detail.php?pageNo=36&id=2198 HTTP/1.0" 200 37410 "-" "Mozilla/5.0 (compatible; BLEXBot/1.0; +http://webmeup-crawler.com/)"
66.249.79.233 - - [22/Nov/2024:03:41:58 -0500] "GET /robots.txt HTTP/1.0" 404 1581 "-" "Mozilla/5.0 (compatible; Googlebot/2.1; +http://www.google.com/bot.html)"
66.249.79.233 - - [22/Nov/2024:03:41:58 -0500] "GET /product_detail.php?pageNo=34&id=2962&pid=639 HTTP/1.0" 200 37659 "-" "Mozilla/5.0 (Linux; Android 6.0.1; Nexus 5X Build/MMB29P) AppleWebKit/537.36 (KHTML, like Gecko) Chrome/131.0.6778.85 Mobile Safari/537.36 (compatible; Googlebot/2.1; +http://www.google.com/bot.html)"
37.27.51.144 - - [22/Nov/2024:03:42:00 -0500] "GET /product_detail.php?pageNo=36&id=2198 HTTP/1.0" 200 37410 "-" "Mozilla/5.0 (compatible; BLEXBot/1.0; +http://webmeup-crawler.com/)"
185.191.171.7 - - [22/Nov/2024:03:42:00 -0500] "GET /products.php?act=list&pageNo=9&pid=741&table=category HTTP/1.0" 200 24367 "-" "Mozilla/5.0 (compatible; SemrushBot/7~bl; +http://www.semrush.com/bot.html)"
37.27.51.144 - - [22/Nov/2024:03:42:02 -0500] "GET /product_detail.php?pageNo=36&id=2199 HTTP/1.0" 200 37502 "-" "Mozilla/5.0 (compatible; BLEXBot/1.0; +http://webmeup-crawler.com/)"
18.190.253.56 - - [22/Nov/2024:03:42:02 -0500] "GET /product_detail.php?id=2963&pid=639 HTTP/1.0" 200 38438 "https://goldensunimport.com/product_detail.php?id=2963&pid=639" "Mozilla/5.0 AppleWebKit/537.36 (KHTML, like Gecko; compatible; ClaudeBot/1.0; +claudebot@anthropic.com)"
37.27.51.144 - - [22/Nov/2024:03:42:04 -0500] "GET /product_detail.php?pageNo=36&id=2199 HTTP/1.0" 200 37502 "-" "Mozilla/5.0 (compatible; BLEXBot/1.0; +http://webmeup-crawler.com/)"
37.27.51.144 - - [22/Nov/2024:03:42:06 -0500] "GET /product_detail.php?pageNo=36&id=2200 HTTP/1.0" 200 37504 "-" "Mozilla/5.0 (compatible; BLEXBot/1.0; +http://webmeup-crawler.com/)"
37.27.51.144 - - [22/Nov/2024:03:42:08 -0500] "GET /product_detail.php?pageNo=36&id=2200 HTTP/1.0" 200 37504 "-" "Mozilla/5.0 (compatible; BLEXBot/1.0; +http://webmeup-crawler.com/)"
66.249.79.233 - - [22/Nov/2024:03:42:09 -0500] "GET /product_detail.php?pageNo=36&id=2962&pid=639 HTTP/1.0" 200 37659 "-" "Mozilla/5.0 (Linux; Android 6.0.1; Nexus 5X Build/MMB29P) AppleWebKit/537.36 (KHTML, like Gecko) Chrome/131.0.6778.85 Mobile Safari/537.36 (compatible; Googlebot/2.1; +http://www.google.com/bot.html)"
37.27.51.144 - - [22/Nov/2024:03:42:10 -0500] "GET /product_detail.php?pageNo=36&id=2201 HTTP/1.0" 200 37656 "-" "Mozilla/5.0 (compatible; BLEXBot/1.0; +http://webmeup-crawler.com/)"
185.191.171.10 - - [22/Nov/2024:03:42:10 -0500] "GET /product_detail.php?id=2595&pageNo=3&pid=639 HTTP/1.0" 200 37548 "-" "Mozilla/5.0 (compatible; SemrushBot/7~bl; +http://www.semrush.com/bot.html)"
37.27.51.144 - - [22/Nov/2024:03:42:12 -0500] "GET /product_detail.php?pageNo=36&id=2201 HTTP/1.0" 200 37656 "-" "Mozilla/5.0 (compatible; BLEXBot/1.0; +http://webmeup-crawler.com/)"
37.27.51.144 - - [22/Nov/2024:03:42:14 -0500] "GET /product_detail.php?pageNo=36&id=2202 HTTP/1.0" 200 37506 "-" "Mozilla/5.0 (compatible; BLEXBot/1.0; +http://webmeup-crawler.com/)"
37.27.51.144 - - [22/Nov/2024:03:42:17 -0500] "GET /product_detail.php?pageNo=36&id=2202 HTTP/1.0" 200 37506 "-" "Mozilla/5.0 (compatible; BLEXBot/1.0; +http://webmeup-crawler.com/)"
37.27.51.144 - - [22/Nov/2024:03:42:18 -0500] "GET /product_detail.php?pageNo=36&id=2203 HTTP/1.0" 200 37498 "-" "Mozilla/5.0 (compatible; BLEXBot/1.0; +http://webmeup-crawler.com/)"
37.27.51.144 - - [22/Nov/2024:03:42:21 -0500] "GET /product_detail.php?pageNo=36&id=2203 HTTP/1.0" 200 37498 "-" "Mozilla/5.0 (compatible; BLEXBot/1.0; +http://webmeup-crawler.com/)"
37.27.51.144 - - [22/Nov/2024:03:42:23 -0500] "GET /product_detail.php?pageNo=36&id=2204 HTTP/1.0" 200 37502 "-" "Mozilla/5.0 (compatible; BLEXBot/1.0; +http://webmeup-crawler.com/)"
37.27.51.144 - - [22/Nov/2024:03:42:25 -0500] "GET /product_detail.php?pageNo=36&id=2204 HTTP/1.0" 200 37502 "-" "Mozilla/5.0 (compatible; BLEXBot/1.0; +http://webmeup-crawler.com/)"
37.27.51.144 - - [22/Nov/2024:03:42:27 -0500] "GET /product_detail.php?pageNo=36&id=2205 HTTP/1.0" 200 37508 "-" "Mozilla/5.0 (compatible; BLEXBot/1.0; +http://webmeup-crawler.com/)"
18.190.176.176 - - [22/Nov/2024:03:42:29 -0500] "GET /product_detail.php?act=list&pid=705&table=category HTTP/1.0" 200 37022 "https://goldensunimport.com/product_detail.php?act=list&pid=705&table=category" "Mozilla/5.0 AppleWebKit/537.36 (KHTML, like Gecko; compatible; ClaudeBot/1.0; +claudebot@anthropic.com)"
37.27.51.144 - - [22/Nov/2024:03:42:29 -0500] "GET /product_detail.php?pageNo=36&id=2205 HTTP/1.0" 200 37508 "-" "Mozilla/5.0 (compatible; BLEXBot/1.0; +http://webmeup-crawler.com/)"
37.27.51.144 - - [22/Nov/2024:03:42:31 -0500] "GET /product_detail.php?pageNo=36&id=2206 HTTP/1.0" 200 37410 "-" "Mozilla/5.0 (compatible; BLEXBot/1.0; +http://webmeup-crawler.com/)"
85.208.96.208 - - [22/Nov/2024:03:42:33 -0500] "GET /product_detail.php?id=2082&pageNo=6&pid=639 HTTP/1.0" 200 37546 "-" "Mozilla/5.0 (compatible; SemrushBot/7~bl; +http://www.semrush.com/bot.html)"
3.141.201.95 - - [22/Nov/2024:03:42:35 -0500] "GET /product_detail.php?id=3205&pageNo=5&pid=639 HTTP/1.0" 200 37552 "https://goldensunimport.com/product_detail.php?id=3205&pageNo=5&pid=639" "Mozilla/5.0 AppleWebKit/537.36 (KHTML, like Gecko; compatible; ClaudeBot/1.0; +claudebot@anthropic.com)"
37.27.51.144 - - [22/Nov/2024:03:42:35 -0500] "GET /product_detail.php?pageNo=36&id=2206 HTTP/1.0" 200 37410 "-" "Mozilla/5.0 (compatible; BLEXBot/1.0; +http://webmeup-crawler.com/)"
18.227.190.231 - - [22/Nov/2024:03:42:37 -0500] "GET /product_detail.php?id=2809&pid=705 HTTP/1.0" 200 37336 "https://goldensunimport.com/product_detail.php?id=2809&pid=705" "Mozilla/5.0 AppleWebKit/537.36 (KHTML, like Gecko; compatible; ClaudeBot/1.0; +claudebot@anthropic.com)"
37.27.51.144 - - [22/Nov/2024:03:42:37 -0500] "GET /product_detail.php?pageNo=36&id=2207 HTTP/1.0" 200 37410 "-" "Mozilla/5.0 (compatible; BLEXBot/1.0; +http://webmeup-crawler.com/)"
47.128.26.70 - - [22/Nov/2024:03:42:39 -0500] "GET /product_detail.php?pageNo=25&id=1971&pid=639 HTTP/1.0" 200 37959 "-" "Mozilla/5.0 (compatible; Bytespider; spider-feedback@bytedance.com) AppleWebKit/537.36 (KHTML, like Gecko) Chrome/70.0.0.0 Safari/537.36"
37.27.51.144 - - [22/Nov/2024:03:42:39 -0500] "GET /product_detail.php?pageNo=36&id=2207 HTTP/1.0" 200 37410 "-" "Mozilla/5.0 (compatible; BLEXBot/1.0; +http://webmeup-crawler.com/)"
47.128.26.70 - - [22/Nov/2024:03:42:40 -0500] "GET /admin/product_upload/20220211002052sPic.jpg HTTP/1.0" 200 788 "https://www.goldensunimport.com/product_detail.php?pageNo=25&id=1971&pid=639" "Mozilla/5.0 (compatible; Bytespider; spider-feedback@bytedance.com) AppleWebKit/537.36 (KHTML, like Gecko) Chrome/70.0.0.0 Safari/537.36"
47.128.26.70 - - [22/Nov/2024:03:42:40 -0500] "GET /admin/product_upload/20210728020306sPic.jpg HTTP/1.0" 200 788 "https://www.goldensunimport.com/product_detail.php?pageNo=25&id=1971&pid=639" "Mozilla/5.0 (compatible; Bytespider; spider-feedback@bytedance.com) AppleWebKit/537.36 (KHTML, like Gecko) Chrome/70.0.0.0 Safari/537.36"
47.128.26.70 - - [22/Nov/2024:03:42:40 -0500] "GET /admin/ad_upload/ HTTP/1.0" 403 1568 "https://www.goldensunimport.com/product_detail.php?pageNo=25&id=1971&pid=639" "Mozilla/5.0 (compatible; Bytespider; spider-feedback@bytedance.com) AppleWebKit/537.36 (KHTML, like Gecko) Chrome/70.0.0.0 Safari/537.36"
37.27.51.144 - - [22/Nov/2024:03:42:42 -0500] "GET /product_detail.php?pageNo=36&id=2208 HTTP/1.0" 200 37502 "-" "Mozilla/5.0 (compatible; BLEXBot/1.0; +http://webmeup-crawler.com/)"
37.27.51.144 - - [22/Nov/2024:03:42:44 -0500] "GET /product_detail.php?pageNo=36&id=2208 HTTP/1.0" 200 37502 "-" "Mozilla/5.0 (compatible; BLEXBot/1.0; +http://webmeup-crawler.com/)"
37.27.51.144 - - [22/Nov/2024:03:42:46 -0500] "GET /product_detail.php?pageNo=36&id=2209 HTTP/1.0" 200 37728 "-" "Mozilla/5.0 (compatible; BLEXBot/1.0; +http://webmeup-crawler.com/)"
37.27.51.144 - - [22/Nov/2024:03:42:48 -0500] "GET /product_detail.php?pageNo=36&id=2209 HTTP/1.0" 200 37728 "-" "Mozilla/5.0 (compatible; BLEXBot/1.0; +http://webmeup-crawler.com/)"
37.27.51.144 - - [22/Nov/2024:03:42:50 -0500] "GET /product_detail.php?pageNo=36&id=2210 HTTP/1.0" 200 37410 "-" "Mozilla/5.0 (compatible; BLEXBot/1.0; +http://webmeup-crawler.com/)"
37.27.51.144 - - [22/Nov/2024:03:42:52 -0500] "GET /product_detail.php?pageNo=36&id=2210 HTTP/1.0" 200 37410 "-" "Mozilla/5.0 (compatible; BLEXBot/1.0; +http://webmeup-crawler.com/)"
37.27.51.144 - - [22/Nov/2024:03:42:55 -0500] "GET /product_detail.php?pageNo=36&id=2211 HTTP/1.0" 200 37410 "-" "Mozilla/5.0 (compatible; BLEXBot/1.0; +http://webmeup-crawler.com/)"
18.226.200.93 - - [22/Nov/2024:03:42:56 -0500] "GET /products.php?new=1&pageNo=42 HTTP/1.0" 200 34608 "https://goldensunimport.com/products.php?new=1&pageNo=42" "Mozilla/5.0 AppleWebKit/537.36 (KHTML, like Gecko; compatible; ClaudeBot/1.0; +claudebot@anthropic.com)"
37.27.51.144 - - [22/Nov/2024:03:42:57 -0500] "GET /product_detail.php?pageNo=36&id=2211 HTTP/1.0" 200 37410 "-" "Mozilla/5.0 (compatible; BLEXBot/1.0; +http://webmeup-crawler.com/)"
37.27.51.144 - - [22/Nov/2024:03:42:59 -0500] "GET /product_detail.php?pageNo=36&id=2212 HTTP/1.0" 200 37410 "-" "Mozilla/5.0 (compatible; BLEXBot/1.0; +http://webmeup-crawler.com/)"
37.27.51.144 - - [22/Nov/2024:03:43:01 -0500] "GET /product_detail.php?pageNo=36&id=2212 HTTP/1.0" 200 37410 "-" "Mozilla/5.0 (compatible; BLEXBot/1.0; +http://webmeup-crawler.com/)"
37.27.51.144 - - [22/Nov/2024:03:43:03 -0500] "GET /product_detail.php?pageNo=36&id=2213 HTTP/1.0" 200 37516 "-" "Mozilla/5.0 (compatible; BLEXBot/1.0; +http://webmeup-crawler.com/)"
3.128.31.76 - - [22/Nov/2024:03:43:05 -0500] "GET /product_detail.php?id=2408&pid=639 HTTP/1.0" 200 38076 "https://goldensunimport.com/product_detail.php?id=2408&pid=639" "Mozilla/5.0 AppleWebKit/537.36 (KHTML, like Gecko; compatible; ClaudeBot/1.0; +claudebot@anthropic.com)"
37.27.51.144 - - [22/Nov/2024:03:43:05 -0500] "GET /product_detail.php?pageNo=36&id=2213 HTTP/1.0" 200 37516 "-" "Mozilla/5.0 (compatible; BLEXBot/1.0; +http://webmeup-crawler.com/)"
37.27.51.144 - - [22/Nov/2024:03:43:08 -0500] "GET /product_detail.php?pageNo=36&id=2214 HTTP/1.0" 200 37510 "-" "Mozilla/5.0 (compatible; BLEXBot/1.0; +http://webmeup-crawler.com/)"
37.27.51.144 - - [22/Nov/2024:03:43:10 -0500] "GET /product_detail.php?pageNo=36&id=2214 HTTP/1.0" 200 37510 "-" "Mozilla/5.0 (compatible; BLEXBot/1.0; +http://webmeup-crawler.com/)"
37.27.51.144 - - [22/Nov/2024:03:43:11 -0500] "GET /product_detail.php?pageNo=36&id=2215 HTTP/1.0" 200 37520 "-" "Mozilla/5.0 (compatible; BLEXBot/1.0; +http://webmeup-crawler.com/)"
37.27.51.144 - - [22/Nov/2024:03:43:14 -0500] "GET /product_detail.php?pageNo=36&id=2215 HTTP/1.0" 200 37520 "-" "Mozilla/5.0 (compatible; BLEXBot/1.0; +http://webmeup-crawler.com/)"
37.27.51.144 - - [22/Nov/2024:03:43:16 -0500] "GET /product_detail.php?pageNo=36&id=2216 HTTP/1.0" 200 37510 "-" "Mozilla/5.0 (compatible; BLEXBot/1.0; +http://webmeup-crawler.com/)"
37.27.51.144 - - [22/Nov/2024:03:43:18 -0500] "GET /product_detail.php?pageNo=36&id=2216 HTTP/1.0" 200 37510 "-" "Mozilla/5.0 (compatible; BLEXBot/1.0; +http://webmeup-crawler.com/)"
185.191.171.14 - - [22/Nov/2024:03:43:18 -0500] "GET /product_detail.php?id=2885&pageNo=2&pid=741 HTTP/1.0" 200 27184 "-" "Mozilla/5.0 (compatible; SemrushBot/7~bl; +http://www.semrush.com/bot.html)"
85.208.96.194 - - [22/Nov/2024:03:43:20 -0500] "GET /product_detail.php?id=2299&pageNo=4&pid=741 HTTP/1.0" 200 27184 "-" "Mozilla/5.0 (compatible; SemrushBot/7~bl; +http://www.semrush.com/bot.html)"
37.27.51.144 - - [22/Nov/2024:03:43:20 -0500] "GET /product_detail.php?pageNo=36&id=2257 HTTP/1.0" 200 37410 "-" "Mozilla/5.0 (compatible; BLEXBot/1.0; +http://webmeup-crawler.com/)"
114.119.128.10 - - [22/Nov/2024:03:43:21 -0500] "GET /product_detail.php?pageNo=12&id=1469&pid=639 HTTP/1.0" 200 37776 "https://goldensunimport.com/product_detail.php?pageNo=13&id=1469&pid=639" "Mozilla/5.0 (Linux; Android 7.0;) AppleWebKit/537.36 (KHTML, like Gecko) Mobile Safari/537.36 (compatible; PetalBot;+https://webmaster.petalsearch.com/site/petalbot)"
185.191.171.4 - - [22/Nov/2024:03:43:21 -0500] "GET /product_detail.php?id=3135&pageNo=1&pid=639 HTTP/1.0" 200 37430 "-" "Mozilla/5.0 (compatible; SemrushBot/7~bl; +http://www.semrush.com/bot.html)"
37.27.51.144 - - [22/Nov/2024:03:43:22 -0500] "GET /product_detail.php?pageNo=36&id=2257 HTTP/1.0" 200 37410 "-" "Mozilla/5.0 (compatible; BLEXBot/1.0; +http://webmeup-crawler.com/)"
37.27.51.144 - - [22/Nov/2024:03:43:24 -0500] "GET /product_detail.php?pageNo=36&id=2258 HTTP/1.0" 200 37410 "-" "Mozilla/5.0 (compatible; BLEXBot/1.0; +http://webmeup-crawler.com/)"
37.27.51.144 - - [22/Nov/2024:03:43:26 -0500] "GET /product_detail.php?pageNo=36&id=2258 HTTP/1.0" 200 37410 "-" "Mozilla/5.0 (compatible; BLEXBot/1.0; +http://webmeup-crawler.com/)"
37.27.51.144 - - [22/Nov/2024:03:43:29 -0500] "GET /product_detail.php?pageNo=36&id=2259 HTTP/1.0" 200 37410 "-" "Mozilla/5.0 (compatible; BLEXBot/1.0; +http://webmeup-crawler.com/)"
37.27.51.144 - - [22/Nov/2024:03:43:31 -0500] "GET /product_detail.php?pageNo=36&id=2259 HTTP/1.0" 200 37410 "-" "Mozilla/5.0 (compatible; BLEXBot/1.0; +http://webmeup-crawler.com/)"
37.27.51.144 - - [22/Nov/2024:03:43:33 -0500] "GET /product_detail.php?pageNo=36&id=2260 HTTP/1.0" 200 37410 "-" "Mozilla/5.0 (compatible; BLEXBot/1.0; +http://webmeup-crawler.com/)"
37.27.51.144 - - [22/Nov/2024:03:43:35 -0500] "GET /product_detail.php?pageNo=36&id=2260 HTTP/1.0" 200 37410 "-" "Mozilla/5.0 (compatible; BLEXBot/1.0; +http://webmeup-crawler.com/)"
37.27.51.144 - - [22/Nov/2024:03:43:37 -0500] "GET /product_detail.php?pageNo=36&id=2261 HTTP/1.0" 200 37410 "-" "Mozilla/5.0 (compatible; BLEXBot/1.0; +http://webmeup-crawler.com/)"
37.27.51.144 - - [22/Nov/2024:03:43:39 -0500] "GET /product_detail.php?pageNo=36&id=2261 HTTP/1.0" 200 37410 "-" "Mozilla/5.0 (compatible; BLEXBot/1.0; +http://webmeup-crawler.com/)"
18.188.13.127 - - [22/Nov/2024:03:43:40 -0500] "GET /product_detail.php?id=1858&pageNo=2&pid=737 HTTP/1.0" 200 37422 "https://goldensunimport.com/product_detail.php?id=1858&pageNo=2&pid=737" "Mozilla/5.0 AppleWebKit/537.36 (KHTML, like Gecko; compatible; ClaudeBot/1.0; +claudebot@anthropic.com)"
47.128.111.245 - - [22/Nov/2024:03:43:40 -0500] "GET /product_detail.php?id=2118&pageNo=20&pid=639 HTTP/1.0" 200 37773 "-" "Mozilla/5.0 (compatible; Bytespider; spider-feedback@bytedance.com) AppleWebKit/537.36 (KHTML, like Gecko) Chrome/70.0.0.0 Safari/537.36"
47.128.111.245 - - [22/Nov/2024:03:43:41 -0500] "GET /admin/product_upload/20201111184641bPic.jpg HTTP/1.0" 200 788 "https://www.goldensunimport.com/product_detail.php?id=2118&pageNo=20&pid=639" "Mozilla/5.0 (compatible; Bytespider; spider-feedback@bytedance.com) AppleWebKit/537.36 (KHTML, like Gecko) Chrome/70.0.0.0 Safari/537.36"
47.128.111.245 - - [22/Nov/2024:03:43:41 -0500] "GET /admin/ad_upload/ HTTP/1.0" 403 1568 "https://www.goldensunimport.com/product_detail.php?id=2118&pageNo=20&pid=639" "Mozilla/5.0 (compatible; Bytespider; spider-feedback@bytedance.com) AppleWebKit/537.36 (KHTML, like Gecko) Chrome/70.0.0.0 Safari/537.36"
37.27.51.144 - - [22/Nov/2024:03:43:41 -0500] "GET /product_detail.php?pageNo=36&id=2262 HTTP/1.0" 200 37410 "-" "Mozilla/5.0 (compatible; BLEXBot/1.0; +http://webmeup-crawler.com/)"
37.27.51.144 - - [22/Nov/2024:03:43:44 -0500] "GET /product_detail.php?pageNo=36&id=2262 HTTP/1.0" 200 37410 "-" "Mozilla/5.0 (compatible; BLEXBot/1.0; +http://webmeup-crawler.com/)"
37.27.51.144 - - [22/Nov/2024:03:43:46 -0500] "GET /product_detail.php?pageNo=36&id=2263 HTTP/1.0" 200 37500 "-" "Mozilla/5.0 (compatible; BLEXBot/1.0; +http://webmeup-crawler.com/)"
13.59.95.170 - - [22/Nov/2024:03:43:48 -0500] "GET /product_detail.php?id=3458&pageNo=15&pid=639 HTTP/1.0" 200 38472 "https://goldensunimport.com/product_detail.php?id=3458&pageNo=15&pid=639" "Mozilla/5.0 AppleWebKit/537.36 (KHTML, like Gecko; compatible; ClaudeBot/1.0; +claudebot@anthropic.com)"
37.27.51.144 - - [22/Nov/2024:03:43:49 -0500] "GET /product_detail.php?pageNo=36&id=2263 HTTP/1.0" 200 37500 "-" "Mozilla/5.0 (compatible; BLEXBot/1.0; +http://webmeup-crawler.com/)"
37.27.51.144 - - [22/Nov/2024:03:43:51 -0500] "GET /product_detail.php?pageNo=36&id=2264 HTTP/1.0" 200 37500 "-" "Mozilla/5.0 (compatible; BLEXBot/1.0; +http://webmeup-crawler.com/)"
37.27.51.144 - - [22/Nov/2024:03:43:53 -0500] "GET /product_detail.php?pageNo=36&id=2264 HTTP/1.0" 200 37500 "-" "Mozilla/5.0 (compatible; BLEXBot/1.0; +http://webmeup-crawler.com/)"
37.27.51.144 - - [22/Nov/2024:03:43:55 -0500] "GET /product_detail.php?pageNo=36&id=2265 HTTP/1.0" 200 37498 "-" "Mozilla/5.0 (compatible; BLEXBot/1.0; +http://webmeup-crawler.com/)"
37.27.51.144 - - [22/Nov/2024:03:43:57 -0500] "GET /product_detail.php?pageNo=36&id=2265 HTTP/1.0" 200 37498 "-" "Mozilla/5.0 (compatible; BLEXBot/1.0; +http://webmeup-crawler.com/)"
37.27.51.144 - - [22/Nov/2024:03:43:59 -0500] "GET /product_detail.php?pageNo=36&id=2266 HTTP/1.0" 200 37500 "-" "Mozilla/5.0 (compatible; BLEXBot/1.0; +http://webmeup-crawler.com/)"
66.249.79.233 - - [22/Nov/2024:03:44:00 -0500] "GET /robots.txt HTTP/1.0" 404 1581 "-" "Mozilla/5.0 (compatible; Googlebot/2.1; +http://www.google.com/bot.html)"
66.249.79.234 - - [22/Nov/2024:03:44:00 -0500] "GET /product_detail.php?pageNo=26&id=2460&pid=639 HTTP/1.0" 200 37769 "-" "Mozilla/5.0 (Linux; Android 6.0.1; Nexus 5X Build/MMB29P) AppleWebKit/537.36 (KHTML, like Gecko) Chrome/131.0.6778.85 Mobile Safari/537.36 (compatible; Googlebot/2.1; +http://www.google.com/bot.html)"
37.27.51.144 - - [22/Nov/2024:03:44:01 -0500] "GET /product_detail.php?pageNo=36&id=2266 HTTP/1.0" 200 37500 "-" "Mozilla/5.0 (compatible; BLEXBot/1.0; +http://webmeup-crawler.com/)"
37.27.51.144 - - [22/Nov/2024:03:44:03 -0500] "GET /product_detail.php?pageNo=36&id=2267 HTTP/1.0" 200 37498 "-" "Mozilla/5.0 (compatible; BLEXBot/1.0; +http://webmeup-crawler.com/)"
37.27.51.144 - - [22/Nov/2024:03:44:06 -0500] "GET /product_detail.php?pageNo=36&id=2267 HTTP/1.0" 200 37498 "-" "Mozilla/5.0 (compatible; BLEXBot/1.0; +http://webmeup-crawler.com/)"
37.27.51.144 - - [22/Nov/2024:03:44:08 -0500] "GET /product_detail.php?pageNo=36&id=2268 HTTP/1.0" 200 37498 "-" "Mozilla/5.0 (compatible; BLEXBot/1.0; +http://webmeup-crawler.com/)"
37.27.51.144 - - [22/Nov/2024:03:44:10 -0500] "GET /product_detail.php?pageNo=36&id=2268 HTTP/1.0" 200 37498 "-" "Mozilla/5.0 (compatible; BLEXBot/1.0; +http://webmeup-crawler.com/)"
13.58.200.16 - - [22/Nov/2024:03:44:10 -0500] "GET /product_detail.php?id=3499&pageNo=1&pid=639 HTTP/1.0" 200 38434 "https://goldensunimport.com/product_detail.php?id=3499&pageNo=1&pid=639" "Mozilla/5.0 AppleWebKit/537.36 (KHTML, like Gecko; compatible; ClaudeBot/1.0; +claudebot@anthropic.com)"
37.27.51.144 - - [22/Nov/2024:03:44:12 -0500] "GET /product_detail.php?pageNo=36&id=2269 HTTP/1.0" 200 37498 "-" "Mozilla/5.0 (compatible; BLEXBot/1.0; +http://webmeup-crawler.com/)"
37.27.51.144 - - [22/Nov/2024:03:44:14 -0500] "GET /product_detail.php?pageNo=36&id=2269 HTTP/1.0" 200 37498 "-" "Mozilla/5.0 (compatible; BLEXBot/1.0; +http://webmeup-crawler.com/)"
37.27.51.144 - - [22/Nov/2024:03:44:16 -0500] "GET /product_detail.php?pageNo=36&id=2270 HTTP/1.0" 200 37498 "-" "Mozilla/5.0 (compatible; BLEXBot/1.0; +http://webmeup-crawler.com/)"
37.27.51.144 - - [22/Nov/2024:03:44:18 -0500] "GET /product_detail.php?pageNo=36&id=2270 HTTP/1.0" 200 37498 "-" "Mozilla/5.0 (compatible; BLEXBot/1.0; +http://webmeup-crawler.com/)"
3.129.45.144 - - [22/Nov/2024:03:44:19 -0500] "GET /product_detail.php?id=3458&pageNo=10&pid=639 HTTP/1.0" 200 38422 "https://goldensunimport.com/product_detail.php?id=3458&pageNo=10&pid=639" "Mozilla/5.0 AppleWebKit/537.36 (KHTML, like Gecko; compatible; ClaudeBot/1.0; +claudebot@anthropic.com)"
3.140.185.194 - - [22/Nov/2024:03:44:20 -0500] "GET /product_detail.php?id=2979&pageNo=3&pid=694 HTTP/1.0" 200 37047 "https://goldensunimport.com/product_detail.php?id=2979&pageNo=3&pid=694" "Mozilla/5.0 AppleWebKit/537.36 (KHTML, like Gecko; compatible; ClaudeBot/1.0; +claudebot@anthropic.com)"
37.27.51.144 - - [22/Nov/2024:03:44:20 -0500] "GET /product_detail.php?pageNo=36&id=2271 HTTP/1.0" 200 37496 "-" "Mozilla/5.0 (compatible; BLEXBot/1.0; +http://webmeup-crawler.com/)"
37.27.51.144 - - [22/Nov/2024:03:44:22 -0500] "GET /product_detail.php?pageNo=36&id=2271 HTTP/1.0" 200 37496 "-" "Mozilla/5.0 (compatible; BLEXBot/1.0; +http://webmeup-crawler.com/)"
37.27.51.144 - - [22/Nov/2024:03:44:25 -0500] "GET /product_detail.php?pageNo=36&id=2272 HTTP/1.0" 200 37496 "-" "Mozilla/5.0 (compatible; BLEXBot/1.0; +http://webmeup-crawler.com/)"
37.27.51.144 - - [22/Nov/2024:03:44:27 -0500] "GET /product_detail.php?pageNo=36&id=2272 HTTP/1.0" 200 37496 "-" "Mozilla/5.0 (compatible; BLEXBot/1.0; +http://webmeup-crawler.com/)"
37.27.51.144 - - [22/Nov/2024:03:44:29 -0500] "GET /product_detail.php?pageNo=36&id=2273 HTTP/1.0" 200 37496 "-" "Mozilla/5.0 (compatible; BLEXBot/1.0; +http://webmeup-crawler.com/)"
37.27.51.144 - - [22/Nov/2024:03:44:31 -0500] "GET /product_detail.php?pageNo=36&id=2274 HTTP/1.0" 200 37496 "-" "Mozilla/5.0 (compatible; BLEXBot/1.0; +http://webmeup-crawler.com/)"
37.27.51.144 - - [22/Nov/2024:03:44:33 -0500] "GET /product_detail.php?pageNo=36&id=2274 HTTP/1.0" 200 37496 "-" "Mozilla/5.0 (compatible; BLEXBot/1.0; +http://webmeup-crawler.com/)"
37.27.51.144 - - [22/Nov/2024:03:44:35 -0500] "GET /product_detail.php?pageNo=36&id=2275 HTTP/1.0" 200 37498 "-" "Mozilla/5.0 (compatible; BLEXBot/1.0; +http://webmeup-crawler.com/)"
37.27.51.144 - - [22/Nov/2024:03:44:37 -0500] "GET /product_detail.php?pageNo=36&id=2275 HTTP/1.0" 200 37498 "-" "Mozilla/5.0 (compatible; BLEXBot/1.0; +http://webmeup-crawler.com/)"
37.27.51.144 - - [22/Nov/2024:03:44:39 -0500] "GET /product_detail.php?pageNo=36&id=2276 HTTP/1.0" 200 37498 "-" "Mozilla/5.0 (compatible; BLEXBot/1.0; +http://webmeup-crawler.com/)"
37.27.51.144 - - [22/Nov/2024:03:44:41 -0500] "GET /product_detail.php?pageNo=36&id=2276 HTTP/1.0" 200 37498 "-" "Mozilla/5.0 (compatible; BLEXBot/1.0; +http://webmeup-crawler.com/)"
47.128.46.11 - - [22/Nov/2024:03:44:43 -0500] "GET /product_detail.php?id=3799&pageNo=12&pid=639 HTTP/1.0" 200 37770 "-" "Mozilla/5.0 (compatible; Bytespider; spider-feedback@bytedance.com) AppleWebKit/537.36 (KHTML, like Gecko) Chrome/70.0.0.0 Safari/537.36"
47.128.46.11 - - [22/Nov/2024:03:44:43 -0500] "GET /admin/product_upload/20240605151805bPic.jpg HTTP/1.0" 200 788 "https://www.goldensunimport.com/product_detail.php?id=3799&pageNo=12&pid=639" "Mozilla/5.0 (compatible; Bytespider; spider-feedback@bytedance.com) AppleWebKit/537.36 (KHTML, like Gecko) Chrome/70.0.0.0 Safari/537.36"
37.27.51.144 - - [22/Nov/2024:03:44:43 -0500] "GET /product_detail.php?pageNo=36&id=2277 HTTP/1.0" 200 37506 "-" "Mozilla/5.0 (compatible; BLEXBot/1.0; +http://webmeup-crawler.com/)"
85.208.96.196 - - [22/Nov/2024:03:44:43 -0500] "GET /products.php?act=list&pid=722&table=category HTTP/1.0" 200 26252 "-" "Mozilla/5.0 (compatible; SemrushBot/7~bl; +http://www.semrush.com/bot.html)"
47.128.46.11 - - [22/Nov/2024:03:44:44 -0500] "GET /admin/product_upload/20230629014305sPic.jpg HTTP/1.0" 200 788 "https://www.goldensunimport.com/product_detail.php?id=3799&pageNo=12&pid=639" "Mozilla/5.0 (compatible; Bytespider; spider-feedback@bytedance.com) AppleWebKit/537.36 (KHTML, like Gecko) Chrome/70.0.0.0 Safari/537.36"
47.128.46.11 - - [22/Nov/2024:03:44:44 -0500] "GET /admin/product_upload/20230928215355sPic.jpg HTTP/1.0" 200 788 "https://www.goldensunimport.com/product_detail.php?id=3799&pageNo=12&pid=639" "Mozilla/5.0 (compatible; Bytespider; spider-feedback@bytedance.com) AppleWebKit/537.36 (KHTML, like Gecko) Chrome/70.0.0.0 Safari/537.36"
47.128.46.11 - - [22/Nov/2024:03:44:44 -0500] "GET /admin/product_upload/20230629014331sPic.jpg HTTP/1.0" 200 788 "https://www.goldensunimport.com/product_detail.php?id=3799&pageNo=12&pid=639" "Mozilla/5.0 (compatible; Bytespider; spider-feedback@bytedance.com) AppleWebKit/537.36 (KHTML, like Gecko) Chrome/70.0.0.0 Safari/537.36"
47.128.46.11 - - [22/Nov/2024:03:44:44 -0500] "GET /admin/product_upload/20230528202031sPic.jpg HTTP/1.0" 200 788 "https://www.goldensunimport.com/product_detail.php?id=3799&pageNo=12&pid=639" "Mozilla/5.0 (compatible; Bytespider; spider-feedback@bytedance.com) AppleWebKit/537.36 (KHTML, like Gecko) Chrome/70.0.0.0 Safari/537.36"
47.128.46.11 - - [22/Nov/2024:03:44:44 -0500] "GET /admin/product_upload/20230528202006sPic.jpg HTTP/1.0" 200 788 "https://www.goldensunimport.com/product_detail.php?id=3799&pageNo=12&pid=639" "Mozilla/5.0 (compatible; Bytespider; spider-feedback@bytedance.com) AppleWebKit/537.36 (KHTML, like Gecko) Chrome/70.0.0.0 Safari/537.36"
47.128.46.11 - - [22/Nov/2024:03:44:44 -0500] "GET /admin/product_upload/20230528201907sPic.jpg HTTP/1.0" 200 788 "https://www.goldensunimport.com/product_detail.php?id=3799&pageNo=12&pid=639" "Mozilla/5.0 (compatible; Bytespider; spider-feedback@bytedance.com) AppleWebKit/537.36 (KHTML, like Gecko) Chrome/70.0.0.0 Safari/537.36"
47.128.46.11 - - [22/Nov/2024:03:44:44 -0500] "GET /admin/ad_upload/ HTTP/1.0" 403 1568 "https://www.goldensunimport.com/product_detail.php?id=3799&pageNo=12&pid=639" "Mozilla/5.0 (compatible; Bytespider; spider-feedback@bytedance.com) AppleWebKit/537.36 (KHTML, like Gecko) Chrome/70.0.0.0 Safari/537.36"
3.145.57.41 - - [22/Nov/2024:03:44:45 -0500] "GET /product_detail.php?id=3292&pageNo=1&pid=639 HTTP/1.0" 200 37430 "https://goldensunimport.com/product_detail.php?id=3292&pageNo=1&pid=639" "Mozilla/5.0 AppleWebKit/537.36 (KHTML, like Gecko; compatible; ClaudeBot/1.0; +claudebot@anthropic.com)"
37.27.51.144 - - [22/Nov/2024:03:44:45 -0500] "GET /product_detail.php?pageNo=36&id=2277 HTTP/1.0" 200 37506 "-" "Mozilla/5.0 (compatible; BLEXBot/1.0; +http://webmeup-crawler.com/)"
37.27.51.144 - - [22/Nov/2024:03:44:47 -0500] "GET /product_detail.php?pageNo=36&id=2278 HTTP/1.0" 200 37498 "-" "Mozilla/5.0 (compatible; BLEXBot/1.0; +http://webmeup-crawler.com/)"
37.27.51.144 - - [22/Nov/2024:03:44:50 -0500] "GET /product_detail.php?pageNo=36&id=2278 HTTP/1.0" 200 37498 "-" "Mozilla/5.0 (compatible; BLEXBot/1.0; +http://webmeup-crawler.com/)"
37.27.51.144 - - [22/Nov/2024:03:44:52 -0500] "GET /product_detail.php?pageNo=36&id=2279 HTTP/1.0" 200 37498 "-" "Mozilla/5.0 (compatible; BLEXBot/1.0; +http://webmeup-crawler.com/)"
37.27.51.144 - - [22/Nov/2024:03:44:54 -0500] "GET /product_detail.php?pageNo=36&id=2279 HTTP/1.0" 200 37498 "-" "Mozilla/5.0 (compatible; BLEXBot/1.0; +http://webmeup-crawler.com/)"
37.27.51.144 - - [22/Nov/2024:03:44:56 -0500] "GET /product_detail.php?pageNo=36&id=2280 HTTP/1.0" 200 37498 "-" "Mozilla/5.0 (compatible; BLEXBot/1.0; +http://webmeup-crawler.com/)"
37.27.51.144 - - [22/Nov/2024:03:44:58 -0500] "GET /product_detail.php?pageNo=36&id=2280 HTTP/1.0" 200 37498 "-" "Mozilla/5.0 (compatible; BLEXBot/1.0; +http://webmeup-crawler.com/)"
37.27.51.144 - - [22/Nov/2024:03:45:00 -0500] "GET /product_detail.php?pageNo=36&id=2281 HTTP/1.0" 200 37498 "-" "Mozilla/5.0 (compatible; BLEXBot/1.0; +http://webmeup-crawler.com/)"
37.27.51.144 - - [22/Nov/2024:03:45:02 -0500] "GET /product_detail.php?pageNo=36&id=2281 HTTP/1.0" 200 37498 "-" "Mozilla/5.0 (compatible; BLEXBot/1.0; +http://webmeup-crawler.com/)"
37.27.51.144 - - [22/Nov/2024:03:45:04 -0500] "GET /product_detail.php?pageNo=36&id=2282 HTTP/1.0" 200 37498 "-" "Mozilla/5.0 (compatible; BLEXBot/1.0; +http://webmeup-crawler.com/)"
