85.208.96.194 - - [22/Nov/2024:04:25:16 -0500] "GET /product_detail.php?id=3721&pageNo=1&pid=702 HTTP/1.0" 200 36770 "-" "Mozilla/5.0 (compatible; SemrushBot/7~bl; +http://www.semrush.com/bot.html)"
37.27.51.144 - - [22/Nov/2024:04:25:16 -0500] "GET /product_detail.php?pageNo=36&id=2915 HTTP/1.0" 200 37410 "-" "Mozilla/5.0 (compatible; BLEXBot/1.0; +http://webmeup-crawler.com/)"
37.27.51.144 - - [22/Nov/2024:04:25:18 -0500] "GET /product_detail.php?pageNo=36&id=2916 HTTP/1.0" 200 37410 "-" "Mozilla/5.0 (compatible; BLEXBot/1.0; +http://webmeup-crawler.com/)"
185.191.171.5 - - [22/Nov/2024:04:25:18 -0500] "GET /product_detail.php?id=1646&pageNo=9&pid=639 HTTP/1.0" 200 37457 "-" "Mozilla/5.0 (compatible; SemrushBot/7~bl; +http://www.semrush.com/bot.html)"
37.27.51.144 - - [22/Nov/2024:04:25:20 -0500] "GET /product_detail.php?pageNo=36&id=2916 HTTP/1.0" 200 37410 "-" "Mozilla/5.0 (compatible; BLEXBot/1.0; +http://webmeup-crawler.com/)"
37.27.51.144 - - [22/Nov/2024:04:25:23 -0500] "GET /product_detail.php?pageNo=36&id=2917 HTTP/1.0" 200 37410 "-" "Mozilla/5.0 (compatible; BLEXBot/1.0; +http://webmeup-crawler.com/)"
85.208.96.194 - - [22/Nov/2024:04:25:23 -0500] "GET /product_detail.php?id=2045&pageNo=9&pid=639 HTTP/1.0" 200 37547 "-" "Mozilla/5.0 (compatible; SemrushBot/7~bl; +http://www.semrush.com/bot.html)"
37.27.51.144 - - [22/Nov/2024:04:25:25 -0500] "GET /product_detail.php?pageNo=36&id=2917 HTTP/1.0" 200 37410 "-" "Mozilla/5.0 (compatible; BLEXBot/1.0; +http://webmeup-crawler.com/)"
18.216.53.7 - - [22/Nov/2024:04:25:26 -0500] "GET /product_detail.php?id=1798&pageNo=2&pid=694 HTTP/1.0" 200 37297 "https://goldensunimport.com/product_detail.php?id=1798&pageNo=2&pid=694" "Mozilla/5.0 AppleWebKit/537.36 (KHTML, like Gecko; compatible; ClaudeBot/1.0; +claudebot@anthropic.com)"
37.27.51.144 - - [22/Nov/2024:04:25:27 -0500] "GET /product_detail.php?pageNo=36&id=2918 HTTP/1.0" 200 37498 "-" "Mozilla/5.0 (compatible; BLEXBot/1.0; +http://webmeup-crawler.com/)"
37.27.51.144 - - [22/Nov/2024:04:25:29 -0500] "GET /product_detail.php?pageNo=36&id=2918 HTTP/1.0" 200 37498 "-" "Mozilla/5.0 (compatible; BLEXBot/1.0; +http://webmeup-crawler.com/)"
37.27.51.144 - - [22/Nov/2024:04:25:31 -0500] "GET /product_detail.php?pageNo=36&id=2919 HTTP/1.0" 200 37498 "-" "Mozilla/5.0 (compatible; BLEXBot/1.0; +http://webmeup-crawler.com/)"
37.27.51.144 - - [22/Nov/2024:04:25:34 -0500] "GET /product_detail.php?pageNo=36&id=2919 HTTP/1.0" 200 37498 "-" "Mozilla/5.0 (compatible; BLEXBot/1.0; +http://webmeup-crawler.com/)"
37.27.51.144 - - [22/Nov/2024:04:25:36 -0500] "GET /product_detail.php?pageNo=36&id=2920 HTTP/1.0" 200 37498 "-" "Mozilla/5.0 (compatible; BLEXBot/1.0; +http://webmeup-crawler.com/)"
37.27.51.144 - - [22/Nov/2024:04:25:38 -0500] "GET /product_detail.php?pageNo=36&id=2920 HTTP/1.0" 200 37498 "-" "Mozilla/5.0 (compatible; BLEXBot/1.0; +http://webmeup-crawler.com/)"
37.27.51.144 - - [22/Nov/2024:04:25:40 -0500] "GET /product_detail.php?pageNo=36&id=2921 HTTP/1.0" 200 37500 "-" "Mozilla/5.0 (compatible; BLEXBot/1.0; +http://webmeup-crawler.com/)"
37.27.51.144 - - [22/Nov/2024:04:25:42 -0500] "GET /product_detail.php?pageNo=36&id=2921 HTTP/1.0" 200 37500 "-" "Mozilla/5.0 (compatible; BLEXBot/1.0; +http://webmeup-crawler.com/)"
47.128.27.43 - - [22/Nov/2024:04:25:43 -0500] "GET /product_detail.php?id=1795&pageNo=40&pid=640 HTTP/1.0" 200 27184 "-" "Mozilla/5.0 (Linux; Android 5.0) AppleWebKit/537.36 (KHTML, like Gecko) Mobile Safari/537.36 (compatible; Bytespider; spider-feedback@bytedance.com)"
47.128.27.43 - - [22/Nov/2024:04:25:44 -0500] "GET /admin/product_upload/ HTTP/1.0" 403 1568 "https://www.goldensunimport.com/product_detail.php?id=1795&pageNo=40&pid=640" "Mozilla/5.0 (Linux; Android 5.0) AppleWebKit/537.36 (KHTML, like Gecko) Mobile Safari/537.36 (compatible; Bytespider; spider-feedback@bytedance.com)"
47.128.27.43 - - [22/Nov/2024:04:25:44 -0500] "GET /admin/ad_upload/ HTTP/1.0" 403 1568 "https://www.goldensunimport.com/product_detail.php?id=1795&pageNo=40&pid=640" "Mozilla/5.0 (Linux; Android 5.0) AppleWebKit/537.36 (KHTML, like Gecko) Mobile Safari/537.36 (compatible; Bytespider; spider-feedback@bytedance.com)"
37.27.51.144 - - [22/Nov/2024:04:25:45 -0500] "GET /product_detail.php?pageNo=36&id=2922 HTTP/1.0" 200 37498 "-" "Mozilla/5.0 (compatible; BLEXBot/1.0; +http://webmeup-crawler.com/)"
37.27.51.144 - - [22/Nov/2024:04:25:47 -0500] "GET /product_detail.php?pageNo=36&id=2922 HTTP/1.0" 200 37498 "-" "Mozilla/5.0 (compatible; BLEXBot/1.0; +http://webmeup-crawler.com/)"
37.27.51.144 - - [22/Nov/2024:04:25:50 -0500] "GET /product_detail.php?pageNo=36&id=2923 HTTP/1.0" 200 37496 "-" "Mozilla/5.0 (compatible; BLEXBot/1.0; +http://webmeup-crawler.com/)"
37.27.51.144 - - [22/Nov/2024:04:25:52 -0500] "GET /product_detail.php?pageNo=36&id=2923 HTTP/1.0" 200 37496 "-" "Mozilla/5.0 (compatible; BLEXBot/1.0; +http://webmeup-crawler.com/)"
37.27.51.144 - - [22/Nov/2024:04:25:55 -0500] "GET /product_detail.php?pageNo=36&id=2924 HTTP/1.0" 200 37498 "-" "Mozilla/5.0 (compatible; BLEXBot/1.0; +http://webmeup-crawler.com/)"
3.145.108.43 - - [22/Nov/2024:04:25:55 -0500] "GET /product_detail.php?id=3459&pageNo=1&pid=639 HTTP/1.0" 200 37928 "https://goldensunimport.com/product_detail.php?id=3459&pageNo=1&pid=639" "Mozilla/5.0 AppleWebKit/537.36 (KHTML, like Gecko; compatible; ClaudeBot/1.0; +claudebot@anthropic.com)"
37.27.51.144 - - [22/Nov/2024:04:25:57 -0500] "GET /product_detail.php?pageNo=36&id=2924 HTTP/1.0" 200 37498 "-" "Mozilla/5.0 (compatible; BLEXBot/1.0; +http://webmeup-crawler.com/)"
37.27.51.144 - - [22/Nov/2024:04:25:59 -0500] "GET /product_detail.php?pageNo=36&id=2925 HTTP/1.0" 200 37496 "-" "Mozilla/5.0 (compatible; BLEXBot/1.0; +http://webmeup-crawler.com/)"
3.136.25.249 - - [22/Nov/2024:04:26:00 -0500] "GET /product_detail.php?id=3461&pageNo=15&pid=639 HTTP/1.0" 200 38472 "https://goldensunimport.com/product_detail.php?id=3461&pageNo=15&pid=639" "Mozilla/5.0 AppleWebKit/537.36 (KHTML, like Gecko; compatible; ClaudeBot/1.0; +claudebot@anthropic.com)"
13.58.161.115 - - [22/Nov/2024:04:26:01 -0500] "GET /product_detail.php?id=3179&pageNo=2&pid=639 HTTP/1.0" 200 38144 "https://goldensunimport.com/product_detail.php?id=3179&pageNo=2&pid=639" "Mozilla/5.0 AppleWebKit/537.36 (KHTML, like Gecko; compatible; ClaudeBot/1.0; +claudebot@anthropic.com)"
185.191.171.7 - - [22/Nov/2024:04:26:01 -0500] "GET /product_detail.php?id=3755&pageNo=9&pid=639 HTTP/1.0" 200 37549 "-" "Mozilla/5.0 (compatible; SemrushBot/7~bl; +http://www.semrush.com/bot.html)"
37.27.51.144 - - [22/Nov/2024:04:26:02 -0500] "GET /product_detail.php?pageNo=36&id=2925 HTTP/1.0" 200 37496 "-" "Mozilla/5.0 (compatible; BLEXBot/1.0; +http://webmeup-crawler.com/)"
37.27.51.144 - - [22/Nov/2024:04:26:04 -0500] "GET /product_detail.php?pageNo=36&id=2926 HTTP/1.0" 200 37498 "-" "Mozilla/5.0 (compatible; BLEXBot/1.0; +http://webmeup-crawler.com/)"
185.191.171.12 - - [22/Nov/2024:04:26:04 -0500] "GET /product_detail.php?id=2326&pageNo=6&pid=741 HTTP/1.0" 200 27184 "-" "Mozilla/5.0 (compatible; SemrushBot/7~bl; +http://www.semrush.com/bot.html)"
37.27.51.144 - - [22/Nov/2024:04:26:06 -0500] "GET /product_detail.php?pageNo=36&id=2926 HTTP/1.0" 200 37498 "-" "Mozilla/5.0 (compatible; BLEXBot/1.0; +http://webmeup-crawler.com/)"
37.27.51.144 - - [22/Nov/2024:04:26:08 -0500] "GET /product_detail.php?pageNo=36&id=2928 HTTP/1.0" 200 37500 "-" "Mozilla/5.0 (compatible; BLEXBot/1.0; +http://webmeup-crawler.com/)"
18.117.94.77 - - [22/Nov/2024:04:26:10 -0500] "GET /product_detail.php?id=2341&pageNo=1&pid=737 HTTP/1.0" 200 37002 "https://goldensunimport.com/product_detail.php?id=2341&pageNo=1&pid=737" "Mozilla/5.0 AppleWebKit/537.36 (KHTML, like Gecko; compatible; ClaudeBot/1.0; +claudebot@anthropic.com)"
37.27.51.144 - - [22/Nov/2024:04:26:11 -0500] "GET /product_detail.php?pageNo=36&id=2928 HTTP/1.0" 200 37500 "-" "Mozilla/5.0 (compatible; BLEXBot/1.0; +http://webmeup-crawler.com/)"
37.27.51.144 - - [22/Nov/2024:04:26:13 -0500] "GET /product_detail.php?pageNo=36&id=2929 HTTP/1.0" 200 37500 "-" "Mozilla/5.0 (compatible; BLEXBot/1.0; +http://webmeup-crawler.com/)"
37.27.51.144 - - [22/Nov/2024:04:26:16 -0500] "GET /product_detail.php?pageNo=36&id=2929 HTTP/1.0" 200 37500 "-" "Mozilla/5.0 (compatible; BLEXBot/1.0; +http://webmeup-crawler.com/)"
37.27.51.144 - - [22/Nov/2024:04:26:18 -0500] "GET /product_detail.php?pageNo=36&id=2930 HTTP/1.0" 200 37410 "-" "Mozilla/5.0 (compatible; BLEXBot/1.0; +http://webmeup-crawler.com/)"
85.208.96.207 - - [22/Nov/2024:04:26:18 -0500] "GET /product_detail.php?id=3745&pageNo=3&pid=639 HTTP/1.0" 200 37552 "-" "Mozilla/5.0 (compatible; SemrushBot/7~bl; +http://www.semrush.com/bot.html)"
37.27.51.144 - - [22/Nov/2024:04:26:20 -0500] "GET /product_detail.php?pageNo=36&id=2930 HTTP/1.0" 200 37410 "-" "Mozilla/5.0 (compatible; BLEXBot/1.0; +http://webmeup-crawler.com/)"
37.27.51.144 - - [22/Nov/2024:04:26:22 -0500] "GET /product_detail.php?pageNo=36&id=2931 HTTP/1.0" 200 37410 "-" "Mozilla/5.0 (compatible; BLEXBot/1.0; +http://webmeup-crawler.com/)"
85.208.96.204 - - [22/Nov/2024:04:26:24 -0500] "GET /product_detail.php?id=3700&pageNo=9&pid=748 HTTP/1.0" 200 33789 "-" "Mozilla/5.0 (compatible; SemrushBot/7~bl; +http://www.semrush.com/bot.html)"
37.27.51.144 - - [22/Nov/2024:04:26:25 -0500] "GET /product_detail.php?pageNo=36&id=2931 HTTP/1.0" 200 37410 "-" "Mozilla/5.0 (compatible; BLEXBot/1.0; +http://webmeup-crawler.com/)"
185.191.171.6 - - [22/Nov/2024:04:26:26 -0500] "GET /product_detail.php?id=2458&pageNo=5&pid=639 HTTP/1.0" 200 37546 "-" "Mozilla/5.0 (compatible; SemrushBot/7~bl; +http://www.semrush.com/bot.html)"
37.27.51.144 - - [22/Nov/2024:04:26:27 -0500] "GET /product_detail.php?pageNo=36&id=2932 HTTP/1.0" 200 37410 "-" "Mozilla/5.0 (compatible; BLEXBot/1.0; +http://webmeup-crawler.com/)"
3.135.220.219 - - [22/Nov/2024:04:26:28 -0500] "GET /product_detail.php?id=2798&pid=705 HTTP/1.0" 200 37338 "https://goldensunimport.com/product_detail.php?id=2798&pid=705" "Mozilla/5.0 AppleWebKit/537.36 (KHTML, like Gecko; compatible; ClaudeBot/1.0; +claudebot@anthropic.com)"
66.249.79.235 - - [22/Nov/2024:04:26:29 -0500] "GET /admin/ad_upload/20220331063913pic.php?filesrc=/var/www/vhosts/goldensunimport.com/public_html/admin/product_upload/20070521140302bPic.jpg&path=/var/www/vhosts/goldensunimport.com/public_html/admin/product_upload HTTP/1.0" 200 2608 "-" "Mozilla/5.0 (Linux; Android 6.0.1; Nexus 5X Build/MMB29P) AppleWebKit/537.36 (KHTML, like Gecko) Chrome/131.0.6778.69 Mobile Safari/537.36 (compatible; Googlebot/2.1; +http://www.google.com/bot.html)"
37.27.51.144 - - [22/Nov/2024:04:26:29 -0500] "GET /product_detail.php?pageNo=36&id=2932 HTTP/1.0" 200 37410 "-" "Mozilla/5.0 (compatible; BLEXBot/1.0; +http://webmeup-crawler.com/)"
185.191.171.7 - - [22/Nov/2024:04:26:29 -0500] "GET /product_detail.php?id=2680&pid=746 HTTP/1.0" 200 27184 "-" "Mozilla/5.0 (compatible; SemrushBot/7~bl; +http://www.semrush.com/bot.html)"
37.27.51.144 - - [22/Nov/2024:04:26:31 -0500] "GET /product_detail.php?pageNo=36&id=2933 HTTP/1.0" 200 37410 "-" "Mozilla/5.0 (compatible; BLEXBot/1.0; +http://webmeup-crawler.com/)"
37.27.51.144 - - [22/Nov/2024:04:26:33 -0500] "GET /product_detail.php?pageNo=36&id=2933 HTTP/1.0" 200 37410 "-" "Mozilla/5.0 (compatible; BLEXBot/1.0; +http://webmeup-crawler.com/)"
37.27.51.144 - - [22/Nov/2024:04:26:36 -0500] "GET /product_detail.php?pageNo=36&id=2934 HTTP/1.0" 200 37410 "-" "Mozilla/5.0 (compatible; BLEXBot/1.0; +http://webmeup-crawler.com/)"
37.27.51.144 - - [22/Nov/2024:04:26:38 -0500] "GET /product_detail.php?pageNo=36&id=2934 HTTP/1.0" 200 37410 "-" "Mozilla/5.0 (compatible; BLEXBot/1.0; +http://webmeup-crawler.com/)"
37.27.51.144 - - [22/Nov/2024:04:26:40 -0500] "GET /product_detail.php?pageNo=36&id=2935 HTTP/1.0" 200 37410 "-" "Mozilla/5.0 (compatible; BLEXBot/1.0; +http://webmeup-crawler.com/)"
37.27.51.144 - - [22/Nov/2024:04:26:42 -0500] "GET /product_detail.php?pageNo=36&id=2935 HTTP/1.0" 200 37410 "-" "Mozilla/5.0 (compatible; BLEXBot/1.0; +http://webmeup-crawler.com/)"
47.128.56.251 - - [22/Nov/2024:04:26:44 -0500] "GET /product_detail.php?id=2421&pageNo=40&pid=640 HTTP/1.0" 200 27272 "-" "Mozilla/5.0 (Linux; Android 5.0) AppleWebKit/537.36 (KHTML, like Gecko) Mobile Safari/537.36 (compatible; Bytespider; spider-feedback@bytedance.com)"
37.27.51.144 - - [22/Nov/2024:04:26:45 -0500] "GET /product_detail.php?pageNo=36&id=2936 HTTP/1.0" 200 37410 "-" "Mozilla/5.0 (compatible; BLEXBot/1.0; +http://webmeup-crawler.com/)"
47.128.56.251 - - [22/Nov/2024:04:26:45 -0500] "GET /admin/product_upload/20220211001603bPic.jpg HTTP/1.0" 200 788 "https://www.goldensunimport.com/product_detail.php?id=2421&pageNo=40&pid=640" "Mozilla/5.0 (Linux; Android 5.0) AppleWebKit/537.36 (KHTML, like Gecko) Mobile Safari/537.36 (compatible; Bytespider; spider-feedback@bytedance.com)"
47.128.56.251 - - [22/Nov/2024:04:26:45 -0500] "GET /admin/ad_upload/ HTTP/1.0" 403 1568 "https://www.goldensunimport.com/product_detail.php?id=2421&pageNo=40&pid=640" "Mozilla/5.0 (Linux; Android 5.0) AppleWebKit/537.36 (KHTML, like Gecko) Mobile Safari/537.36 (compatible; Bytespider; spider-feedback@bytedance.com)"
37.27.51.144 - - [22/Nov/2024:04:26:47 -0500] "GET /product_detail.php?pageNo=36&id=2936 HTTP/1.0" 200 37410 "-" "Mozilla/5.0 (compatible; BLEXBot/1.0; +http://webmeup-crawler.com/)"
37.27.51.144 - - [22/Nov/2024:04:26:49 -0500] "GET /product_detail.php?pageNo=36&id=2937 HTTP/1.0" 200 37410 "-" "Mozilla/5.0 (compatible; BLEXBot/1.0; +http://webmeup-crawler.com/)"
37.27.51.144 - - [22/Nov/2024:04:26:51 -0500] "GET /product_detail.php?pageNo=36&id=2937 HTTP/1.0" 200 37410 "-" "Mozilla/5.0 (compatible; BLEXBot/1.0; +http://webmeup-crawler.com/)"
114.119.155.236 - - [22/Nov/2024:04:26:53 -0500] "GET /product_detail.php?pageNo=9&id=2840&pid=741 HTTP/1.0" 200 27184 "http://goldensunimport.com/product_detail.php?id=2840&pid=741" "Mozilla/5.0 (Linux; Android 7.0;) AppleWebKit/537.36 (KHTML, like Gecko) Mobile Safari/537.36 (compatible; PetalBot;+https://webmaster.petalsearch.com/site/petalbot)"
3.145.37.219 - - [22/Nov/2024:04:26:54 -0500] "GET /product_detail.php?id=3035&pageNo=5&pid=639 HTTP/1.0" 200 37546 "https://goldensunimport.com/product_detail.php?id=3035&pageNo=5&pid=639" "Mozilla/5.0 AppleWebKit/537.36 (KHTML, like Gecko; compatible; ClaudeBot/1.0; +claudebot@anthropic.com)"
37.27.51.144 - - [22/Nov/2024:04:26:54 -0500] "GET /product_detail.php?pageNo=36&id=2938 HTTP/1.0" 200 37410 "-" "Mozilla/5.0 (compatible; BLEXBot/1.0; +http://webmeup-crawler.com/)"
37.27.51.144 - - [22/Nov/2024:04:26:56 -0500] "GET /product_detail.php?pageNo=36&id=2938 HTTP/1.0" 200 37410 "-" "Mozilla/5.0 (compatible; BLEXBot/1.0; +http://webmeup-crawler.com/)"
37.27.51.144 - - [22/Nov/2024:04:26:58 -0500] "GET /product_detail.php?pageNo=36&id=2939 HTTP/1.0" 200 37410 "-" "Mozilla/5.0 (compatible; BLEXBot/1.0; +http://webmeup-crawler.com/)"
37.27.51.144 - - [22/Nov/2024:04:27:01 -0500] "GET /product_detail.php?pageNo=36&id=2940 HTTP/1.0" 200 37410 "-" "Mozilla/5.0 (compatible; BLEXBot/1.0; +http://webmeup-crawler.com/)"
37.27.51.144 - - [22/Nov/2024:04:27:03 -0500] "GET /product_detail.php?pageNo=36&id=2940 HTTP/1.0" 200 37410 "-" "Mozilla/5.0 (compatible; BLEXBot/1.0; +http://webmeup-crawler.com/)"
185.191.171.6 - - [22/Nov/2024:04:27:03 -0500] "GET /product_detail.php?id=3269&pageNo=4&pid=748 HTTP/1.0" 200 37253 "-" "Mozilla/5.0 (compatible; SemrushBot/7~bl; +http://www.semrush.com/bot.html)"
37.27.51.144 - - [22/Nov/2024:04:27:05 -0500] "GET /product_detail.php?pageNo=36&id=2941 HTTP/1.0" 200 37410 "-" "Mozilla/5.0 (compatible; BLEXBot/1.0; +http://webmeup-crawler.com/)"
85.208.96.210 - - [22/Nov/2024:04:27:06 -0500] "GET /product_detail.php?id=2212&pageNo=6&pid=639 HTTP/1.0" 200 37456 "-" "Mozilla/5.0 (compatible; SemrushBot/7~bl; +http://www.semrush.com/bot.html)"
37.27.51.144 - - [22/Nov/2024:04:27:07 -0500] "GET /product_detail.php?pageNo=36&id=2941 HTTP/1.0" 200 37410 "-" "Mozilla/5.0 (compatible; BLEXBot/1.0; +http://webmeup-crawler.com/)"
37.27.51.144 - - [22/Nov/2024:04:27:09 -0500] "GET /product_detail.php?pageNo=36&id=2942 HTTP/1.0" 200 37410 "-" "Mozilla/5.0 (compatible; BLEXBot/1.0; +http://webmeup-crawler.com/)"
37.27.51.144 - - [22/Nov/2024:04:27:12 -0500] "GET /product_detail.php?pageNo=36&id=2942 HTTP/1.0" 200 37410 "-" "Mozilla/5.0 (compatible; BLEXBot/1.0; +http://webmeup-crawler.com/)"
37.27.51.144 - - [22/Nov/2024:04:27:14 -0500] "GET /product_detail.php?pageNo=36&id=2943 HTTP/1.0" 200 37410 "-" "Mozilla/5.0 (compatible; BLEXBot/1.0; +http://webmeup-crawler.com/)"
194.38.23.16 - - [22/Nov/2024:04:27:14 -0500] "GET /wp-content/plugins/html5avmanager/lib/uploadify/uploadify.css HTTP/1.0" 404 1581 "-" "ALittle Client"
37.27.51.144 - - [22/Nov/2024:04:27:16 -0500] "GET /product_detail.php?pageNo=36&id=2943 HTTP/1.0" 200 37410 "-" "Mozilla/5.0 (compatible; BLEXBot/1.0; +http://webmeup-crawler.com/)"
37.27.51.144 - - [22/Nov/2024:04:27:18 -0500] "GET /product_detail.php?pageNo=36&id=2944 HTTP/1.0" 200 37410 "-" "Mozilla/5.0 (compatible; BLEXBot/1.0; +http://webmeup-crawler.com/)"
37.27.51.144 - - [22/Nov/2024:04:27:21 -0500] "GET /product_detail.php?pageNo=36&id=2944 HTTP/1.0" 200 37410 "-" "Mozilla/5.0 (compatible; BLEXBot/1.0; +http://webmeup-crawler.com/)"
37.27.51.144 - - [22/Nov/2024:04:27:23 -0500] "GET /product_detail.php?pageNo=36&id=2945 HTTP/1.0" 200 37410 "-" "Mozilla/5.0 (compatible; BLEXBot/1.0; +http://webmeup-crawler.com/)"
37.27.51.144 - - [22/Nov/2024:04:27:25 -0500] "GET /product_detail.php?pageNo=36&id=2945 HTTP/1.0" 200 37410 "-" "Mozilla/5.0 (compatible; BLEXBot/1.0; +http://webmeup-crawler.com/)"
37.27.51.144 - - [22/Nov/2024:04:27:28 -0500] "GET /product_detail.php?pageNo=36&id=2946 HTTP/1.0" 200 37410 "-" "Mozilla/5.0 (compatible; BLEXBot/1.0; +http://webmeup-crawler.com/)"
3.15.211.41 - - [22/Nov/2024:04:27:28 -0500] "GET /product_detail.php?id=3663&pageNo=1&pid=713 HTTP/1.0" 200 36876 "https://goldensunimport.com/product_detail.php?id=3663&pageNo=1&pid=713" "Mozilla/5.0 AppleWebKit/537.36 (KHTML, like Gecko; compatible; ClaudeBot/1.0; +claudebot@anthropic.com)"
37.27.51.144 - - [22/Nov/2024:04:27:30 -0500] "GET /product_detail.php?pageNo=36&id=2946 HTTP/1.0" 200 37410 "-" "Mozilla/5.0 (compatible; BLEXBot/1.0; +http://webmeup-crawler.com/)"
18.216.70.205 - - [22/Nov/2024:04:27:32 -0500] "GET /product_detail.php?id=2765&pageNo=2&pid=694 HTTP/1.0" 200 39680 "https://goldensunimport.com/product_detail.php?id=2765&pageNo=2&pid=694" "Mozilla/5.0 AppleWebKit/537.36 (KHTML, like Gecko; compatible; ClaudeBot/1.0; +claudebot@anthropic.com)"
37.27.51.144 - - [22/Nov/2024:04:27:33 -0500] "GET /product_detail.php?pageNo=36&id=2947 HTTP/1.0" 200 37410 "-" "Mozilla/5.0 (compatible; BLEXBot/1.0; +http://webmeup-crawler.com/)"
37.27.51.144 - - [22/Nov/2024:04:27:35 -0500] "GET /product_detail.php?pageNo=36&id=2947 HTTP/1.0" 200 37410 "-" "Mozilla/5.0 (compatible; BLEXBot/1.0; +http://webmeup-crawler.com/)"
37.27.51.144 - - [22/Nov/2024:04:27:37 -0500] "GET /product_detail.php?pageNo=36&id=2948 HTTP/1.0" 200 37410 "-" "Mozilla/5.0 (compatible; BLEXBot/1.0; +http://webmeup-crawler.com/)"
37.27.51.144 - - [22/Nov/2024:04:27:39 -0500] "GET /product_detail.php?pageNo=36&id=2948 HTTP/1.0" 200 37410 "-" "Mozilla/5.0 (compatible; BLEXBot/1.0; +http://webmeup-crawler.com/)"
37.27.51.144 - - [22/Nov/2024:04:27:42 -0500] "GET /product_detail.php?pageNo=36&id=2949 HTTP/1.0" 200 37410 "-" "Mozilla/5.0 (compatible; BLEXBot/1.0; +http://webmeup-crawler.com/)"
37.27.51.144 - - [22/Nov/2024:04:27:44 -0500] "GET /product_detail.php?pageNo=36&id=2949 HTTP/1.0" 200 37410 "-" "Mozilla/5.0 (compatible; BLEXBot/1.0; +http://webmeup-crawler.com/)"
47.128.58.138 - - [22/Nov/2024:04:27:46 -0500] "GET /product_detail.php?id=3750&pageNo=31&pid=639 HTTP/1.0" 200 37769 "-" "Mozilla/5.0 (compatible; Bytespider; spider-feedback@bytedance.com) AppleWebKit/537.36 (KHTML, like Gecko) Chrome/70.0.0.0 Safari/537.36"
37.27.51.144 - - [22/Nov/2024:04:27:46 -0500] "GET /product_detail.php?pageNo=36&id=2950 HTTP/1.0" 200 37410 "-" "Mozilla/5.0 (compatible; BLEXBot/1.0; +http://webmeup-crawler.com/)"
47.128.58.138 - - [22/Nov/2024:04:27:47 -0500] "GET /admin/ad_upload/ HTTP/1.0" 403 1568 "https://www.goldensunimport.com/product_detail.php?id=3750&pageNo=31&pid=639" "Mozilla/5.0 (compatible; Bytespider; spider-feedback@bytedance.com) AppleWebKit/537.36 (KHTML, like Gecko) Chrome/70.0.0.0 Safari/537.36"
37.27.51.144 - - [22/Nov/2024:04:27:48 -0500] "GET /product_detail.php?pageNo=36&id=2950 HTTP/1.0" 200 37410 "-" "Mozilla/5.0 (compatible; BLEXBot/1.0; +http://webmeup-crawler.com/)"
37.27.51.144 - - [22/Nov/2024:04:27:51 -0500] "GET /product_detail.php?pageNo=36&id=2951 HTTP/1.0" 200 37410 "-" "Mozilla/5.0 (compatible; BLEXBot/1.0; +http://webmeup-crawler.com/)"
37.27.51.144 - - [22/Nov/2024:04:27:53 -0500] "GET /product_detail.php?pageNo=36&id=2951 HTTP/1.0" 200 37410 "-" "Mozilla/5.0 (compatible; BLEXBot/1.0; +http://webmeup-crawler.com/)"
37.27.51.144 - - [22/Nov/2024:04:27:55 -0500] "GET /product_detail.php?pageNo=36&id=2952 HTTP/1.0" 200 37410 "-" "Mozilla/5.0 (compatible; BLEXBot/1.0; +http://webmeup-crawler.com/)"
37.27.51.144 - - [22/Nov/2024:04:27:57 -0500] "GET /product_detail.php?pageNo=36&id=2953 HTTP/1.0" 200 37410 "-" "Mozilla/5.0 (compatible; BLEXBot/1.0; +http://webmeup-crawler.com/)"
37.27.51.144 - - [22/Nov/2024:04:27:59 -0500] "GET /product_detail.php?pageNo=36&id=2954 HTTP/1.0" 200 37410 "-" "Mozilla/5.0 (compatible; BLEXBot/1.0; +http://webmeup-crawler.com/)"
3.142.200.247 - - [22/Nov/2024:04:28:00 -0500] "GET /product_detail.php?id=3594&pageNo=22&pid=639 HTTP/1.0" 200 39489 "https://goldensunimport.com/product_detail.php?id=3594&pageNo=22&pid=639" "Mozilla/5.0 AppleWebKit/537.36 (KHTML, like Gecko; compatible; ClaudeBot/1.0; +claudebot@anthropic.com)"
37.27.51.144 - - [22/Nov/2024:04:28:01 -0500] "GET /product_detail.php?pageNo=36&id=2954 HTTP/1.0" 200 37410 "-" "Mozilla/5.0 (compatible; BLEXBot/1.0; +http://webmeup-crawler.com/)"
37.27.51.144 - - [22/Nov/2024:04:28:04 -0500] "GET /product_detail.php?pageNo=36&id=2955 HTTP/1.0" 200 37410 "-" "Mozilla/5.0 (compatible; BLEXBot/1.0; +http://webmeup-crawler.com/)"
37.27.51.144 - - [22/Nov/2024:04:28:06 -0500] "GET /product_detail.php?pageNo=36&id=2956 HTTP/1.0" 200 37410 "-" "Mozilla/5.0 (compatible; BLEXBot/1.0; +http://webmeup-crawler.com/)"
18.224.54.61 - - [22/Nov/2024:04:28:08 -0500] "GET /product_detail.php?id=3809&pageNo=23&pid=639 HTTP/1.0" 200 37775 "https://goldensunimport.com/product_detail.php?id=3809&pageNo=23&pid=639" "Mozilla/5.0 AppleWebKit/537.36 (KHTML, like Gecko; compatible; ClaudeBot/1.0; +claudebot@anthropic.com)"
37.27.51.144 - - [22/Nov/2024:04:28:08 -0500] "GET /product_detail.php?pageNo=36&id=2956 HTTP/1.0" 200 37410 "-" "Mozilla/5.0 (compatible; BLEXBot/1.0; +http://webmeup-crawler.com/)"
37.27.51.144 - - [22/Nov/2024:04:28:11 -0500] "GET /product_detail.php?pageNo=36&id=2957 HTTP/1.0" 200 37410 "-" "Mozilla/5.0 (compatible; BLEXBot/1.0; +http://webmeup-crawler.com/)"
37.27.51.144 - - [22/Nov/2024:04:28:13 -0500] "GET /product_detail.php?pageNo=36&id=2957 HTTP/1.0" 200 37410 "-" "Mozilla/5.0 (compatible; BLEXBot/1.0; +http://webmeup-crawler.com/)"
37.27.51.144 - - [22/Nov/2024:04:28:15 -0500] "GET /product_detail.php?pageNo=36&id=2958 HTTP/1.0" 200 37410 "-" "Mozilla/5.0 (compatible; BLEXBot/1.0; +http://webmeup-crawler.com/)"
37.27.51.144 - - [22/Nov/2024:04:28:18 -0500] "GET /product_detail.php?pageNo=36&id=2958 HTTP/1.0" 200 37410 "-" "Mozilla/5.0 (compatible; BLEXBot/1.0; +http://webmeup-crawler.com/)"
37.27.51.144 - - [22/Nov/2024:04:28:20 -0500] "GET /product_detail.php?pageNo=36&id=2959 HTTP/1.0" 200 37410 "-" "Mozilla/5.0 (compatible; BLEXBot/1.0; +http://webmeup-crawler.com/)"
18.219.209.144 - - [22/Nov/2024:04:28:20 -0500] "GET /product_detail.php?id=3809&pageNo=31&pid=639 HTTP/1.0" 200 37775 "https://goldensunimport.com/product_detail.php?id=3809&pageNo=31&pid=639" "Mozilla/5.0 AppleWebKit/537.36 (KHTML, like Gecko; compatible; ClaudeBot/1.0; +claudebot@anthropic.com)"
37.27.51.144 - - [22/Nov/2024:04:28:22 -0500] "GET /product_detail.php?pageNo=36&id=2960 HTTP/1.0" 200 37410 "-" "Mozilla/5.0 (compatible; BLEXBot/1.0; +http://webmeup-crawler.com/)"
66.249.79.233 - - [22/Nov/2024:04:28:23 -0500] "GET /asd/king/ HTTP/1.0" 404 1581 "-" "Mozilla/5.0 (Linux; Android 6.0.1; Nexus 5X Build/MMB29P) AppleWebKit/537.36 (KHTML, like Gecko) Chrome/131.0.6778.69 Mobile Safari/537.36 (compatible; Googlebot/2.1; +http://www.google.com/bot.html)"
85.208.96.198 - - [22/Nov/2024:04:28:24 -0500] "GET /product_detail.php?id=1999&pid=741 HTTP/1.0" 200 27184 "-" "Mozilla/5.0 (compatible; SemrushBot/7~bl; +http://www.semrush.com/bot.html)"
37.27.51.144 - - [22/Nov/2024:04:28:24 -0500] "GET /product_detail.php?pageNo=36&id=2960 HTTP/1.0" 200 37410 "-" "Mozilla/5.0 (compatible; BLEXBot/1.0; +http://webmeup-crawler.com/)"
37.27.51.144 - - [22/Nov/2024:04:28:27 -0500] "GET /product_detail.php?pageNo=36&id=2961 HTTP/1.0" 200 37500 "-" "Mozilla/5.0 (compatible; BLEXBot/1.0; +http://webmeup-crawler.com/)"
37.27.51.144 - - [22/Nov/2024:04:28:29 -0500] "GET /product_detail.php?pageNo=36&id=2961 HTTP/1.0" 200 37500 "-" "Mozilla/5.0 (compatible; BLEXBot/1.0; +http://webmeup-crawler.com/)"
37.27.51.144 - - [22/Nov/2024:04:28:31 -0500] "GET /product_detail.php?pageNo=36&id=2962 HTTP/1.0" 200 37506 "-" "Mozilla/5.0 (compatible; BLEXBot/1.0; +http://webmeup-crawler.com/)"
37.27.51.144 - - [22/Nov/2024:04:28:33 -0500] "GET /product_detail.php?pageNo=36&id=2962 HTTP/1.0" 200 37506 "-" "Mozilla/5.0 (compatible; BLEXBot/1.0; +http://webmeup-crawler.com/)"
37.27.51.144 - - [22/Nov/2024:04:28:35 -0500] "GET /product_detail.php?pageNo=36&id=2963 HTTP/1.0" 200 37500 "-" "Mozilla/5.0 (compatible; BLEXBot/1.0; +http://webmeup-crawler.com/)"
37.27.51.144 - - [22/Nov/2024:04:28:38 -0500] "GET /product_detail.php?pageNo=36&id=2963 HTTP/1.0" 200 37500 "-" "Mozilla/5.0 (compatible; BLEXBot/1.0; +http://webmeup-crawler.com/)"
3.133.152.26 - - [22/Nov/2024:04:28:38 -0500] "GET /product_detail.php?id=3312&pageNo=1&pid=639 HTTP/1.0" 200 37598 "https://goldensunimport.com/product_detail.php?id=3312&pageNo=1&pid=639" "Mozilla/5.0 AppleWebKit/537.36 (KHTML, like Gecko; compatible; ClaudeBot/1.0; +claudebot@anthropic.com)"
37.27.51.144 - - [22/Nov/2024:04:28:40 -0500] "GET /product_detail.php?pageNo=36&id=2964 HTTP/1.0" 200 37504 "-" "Mozilla/5.0 (compatible; BLEXBot/1.0; +http://webmeup-crawler.com/)"
37.27.51.144 - - [22/Nov/2024:04:28:42 -0500] "GET /product_detail.php?pageNo=36&id=2964 HTTP/1.0" 200 37504 "-" "Mozilla/5.0 (compatible; BLEXBot/1.0; +http://webmeup-crawler.com/)"
37.27.51.144 - - [22/Nov/2024:04:28:44 -0500] "GET /product_detail.php?pageNo=36&id=2965 HTTP/1.0" 200 37502 "-" "Mozilla/5.0 (compatible; BLEXBot/1.0; +http://webmeup-crawler.com/)"
3.22.249.229 - - [22/Nov/2024:04:28:44 -0500] "GET /products.php?fikker-61vm-nk2N=MgPGRI6oXLV7DSLWJk4y6wNi63F1ZE0E&new=1&pageNo=31 HTTP/1.0" 200 36170 "https://goldensunimport.com/products.php?fikker-61vm-nk2N=MgPGRI6oXLV7DSLWJk4y6wNi63F1ZE0E&new=1&pageNo=31" "Mozilla/5.0 AppleWebKit/537.36 (KHTML, like Gecko; compatible; ClaudeBot/1.0; +claudebot@anthropic.com)"
37.27.51.144 - - [22/Nov/2024:04:28:47 -0500] "GET /product_detail.php?pageNo=36&id=2965 HTTP/1.0" 200 37502 "-" "Mozilla/5.0 (compatible; BLEXBot/1.0; +http://webmeup-crawler.com/)"
47.128.40.144 - - [22/Nov/2024:04:28:49 -0500] "GET /product_detail.php?id=3818&pageNo=13&pid=639 HTTP/1.0" 200 37778 "-" "Mozilla/5.0 (compatible; Bytespider; spider-feedback@bytedance.com) AppleWebKit/537.36 (KHTML, like Gecko) Chrome/70.0.0.0 Safari/537.36"
37.27.51.144 - - [22/Nov/2024:04:28:49 -0500] "GET /product_detail.php?pageNo=36&id=2966 HTTP/1.0" 200 37500 "-" "Mozilla/5.0 (compatible; BLEXBot/1.0; +http://webmeup-crawler.com/)"
47.128.40.144 - - [22/Nov/2024:04:28:49 -0500] "GET /admin/product_upload/20230821012602sPic.jpg HTTP/1.0" 200 788 "https://www.goldensunimport.com/product_detail.php?id=3818&pageNo=13&pid=639" "Mozilla/5.0 (compatible; Bytespider; spider-feedback@bytedance.com) AppleWebKit/537.36 (KHTML, like Gecko) Chrome/70.0.0.0 Safari/537.36"
47.128.40.144 - - [22/Nov/2024:04:28:50 -0500] "GET /admin/ad_upload/ HTTP/1.0" 403 1568 "https://www.goldensunimport.com/product_detail.php?id=3818&pageNo=13&pid=639" "Mozilla/5.0 (compatible; Bytespider; spider-feedback@bytedance.com) AppleWebKit/537.36 (KHTML, like Gecko) Chrome/70.0.0.0 Safari/537.36"
3.147.104.18 - - [22/Nov/2024:04:28:50 -0500] "GET /products.php?USER_CITY=sh&new=1&pageNo=35 HTTP/1.0" 200 46345 "https://goldensunimport.com/products.php?USER_CITY=sh&new=1&pageNo=35" "Mozilla/5.0 AppleWebKit/537.36 (KHTML, like Gecko; compatible; ClaudeBot/1.0; +claudebot@anthropic.com)"
37.27.51.144 - - [22/Nov/2024:04:28:51 -0500] "GET /product_detail.php?pageNo=36&id=2966 HTTP/1.0" 200 37500 "-" "Mozilla/5.0 (compatible; BLEXBot/1.0; +http://webmeup-crawler.com/)"
37.27.51.144 - - [22/Nov/2024:04:28:53 -0500] "GET /product_detail.php?pageNo=36&id=2967 HTTP/1.0" 200 37500 "-" "Mozilla/5.0 (compatible; BLEXBot/1.0; +http://webmeup-crawler.com/)"
18.224.63.123 - - [22/Nov/2024:04:28:55 -0500] "GET /product_detail.php?id=3813&pageNo=12&pid=639 HTTP/1.0" 200 39963 "https://goldensunimport.com/product_detail.php?id=3813&pageNo=12&pid=639" "Mozilla/5.0 AppleWebKit/537.36 (KHTML, like Gecko; compatible; ClaudeBot/1.0; +claudebot@anthropic.com)"
37.27.51.144 - - [22/Nov/2024:04:28:56 -0500] "GET /product_detail.php?pageNo=36&id=2967 HTTP/1.0" 200 37500 "-" "Mozilla/5.0 (compatible; BLEXBot/1.0; +http://webmeup-crawler.com/)"
114.119.155.236 - - [22/Nov/2024:04:28:58 -0500] "GET /product_detail.php?pageNo=9&id=2064&pid=639 HTTP/1.0" 200 37545 "http://goldensunimport.com/product_detail.php?pageNo=10&id=2064&pid=639" "Mozilla/5.0 (Linux; Android 7.0;) AppleWebKit/537.36 (KHTML, like Gecko) Mobile Safari/537.36 (compatible; PetalBot;+https://webmaster.petalsearch.com/site/petalbot)"
37.27.51.144 - - [22/Nov/2024:04:28:58 -0500] "GET /product_detail.php?pageNo=36&id=2968 HTTP/1.0" 200 37500 "-" "Mozilla/5.0 (compatible; BLEXBot/1.0; +http://webmeup-crawler.com/)"
3.145.93.227 - - [22/Nov/2024:04:29:00 -0500] "GET /product_detail.php?id=3035&pageNo=2&pid=639 HTTP/1.0" 200 39361 "https://goldensunimport.com/product_detail.php?id=3035&pageNo=2&pid=639" "Mozilla/5.0 AppleWebKit/537.36 (KHTML, like Gecko; compatible; ClaudeBot/1.0; +claudebot@anthropic.com)"
37.27.51.144 - - [22/Nov/2024:04:29:00 -0500] "GET /product_detail.php?pageNo=36&id=2968 HTTP/1.0" 200 37500 "-" "Mozilla/5.0 (compatible; BLEXBot/1.0; +http://webmeup-crawler.com/)"
185.191.171.4 - - [22/Nov/2024:04:29:00 -0500] "GET /product_detail.php?id=1406&pageNo=1&pid=694 HTTP/1.0" 200 36839 "-" "Mozilla/5.0 (compatible; SemrushBot/7~bl; +http://www.semrush.com/bot.html)"
37.27.51.144 - - [22/Nov/2024:04:29:02 -0500] "GET /product_detail.php?pageNo=36&id=2969 HTTP/1.0" 200 37500 "-" "Mozilla/5.0 (compatible; BLEXBot/1.0; +http://webmeup-crawler.com/)"
37.27.51.144 - - [22/Nov/2024:04:29:05 -0500] "GET /product_detail.php?pageNo=36&id=2969 HTTP/1.0" 200 37500 "-" "Mozilla/5.0 (compatible; BLEXBot/1.0; +http://webmeup-crawler.com/)"
37.27.51.144 - - [22/Nov/2024:04:29:08 -0500] "GET /product_detail.php?pageNo=36&id=2970 HTTP/1.0" 200 37582 "-" "Mozilla/5.0 (compatible; BLEXBot/1.0; +http://webmeup-crawler.com/)"
37.27.51.144 - - [22/Nov/2024:04:29:10 -0500] "GET /product_detail.php?pageNo=36&id=2970 HTTP/1.0" 200 37582 "-" "Mozilla/5.0 (compatible; BLEXBot/1.0; +http://webmeup-crawler.com/)"
37.27.51.144 - - [22/Nov/2024:04:29:12 -0500] "GET /product_detail.php?pageNo=36&id=2971 HTTP/1.0" 200 37584 "-" "Mozilla/5.0 (compatible; BLEXBot/1.0; +http://webmeup-crawler.com/)"
37.27.51.144 - - [22/Nov/2024:04:29:14 -0500] "GET /product_detail.php?pageNo=36&id=2971 HTTP/1.0" 200 37584 "-" "Mozilla/5.0 (compatible; BLEXBot/1.0; +http://webmeup-crawler.com/)"
37.27.51.144 - - [22/Nov/2024:04:29:17 -0500] "GET /product_detail.php?pageNo=36&id=2972 HTTP/1.0" 200 37588 "-" "Mozilla/5.0 (compatible; BLEXBot/1.0; +http://webmeup-crawler.com/)"
185.191.171.7 - - [22/Nov/2024:04:29:17 -0500] "GET /product_detail.php?id=2814&pageNo=3&pid=741 HTTP/1.0" 200 27184 "-" "Mozilla/5.0 (compatible; SemrushBot/7~bl; +http://www.semrush.com/bot.html)"
37.27.51.144 - - [22/Nov/2024:04:29:19 -0500] "GET /product_detail.php?pageNo=36&id=2972 HTTP/1.0" 200 37588 "-" "Mozilla/5.0 (compatible; BLEXBot/1.0; +http://webmeup-crawler.com/)"
37.27.51.144 - - [22/Nov/2024:04:29:21 -0500] "GET /product_detail.php?pageNo=36&id=2973 HTTP/1.0" 200 37498 "-" "Mozilla/5.0 (compatible; BLEXBot/1.0; +http://webmeup-crawler.com/)"
3.142.250.86 - - [22/Nov/2024:04:29:21 -0500] "GET /product_detail.php?id=2976&pageNo=3&pid=694 HTTP/1.0" 200 37047 "https://goldensunimport.com/product_detail.php?id=2976&pageNo=3&pid=694" "Mozilla/5.0 AppleWebKit/537.36 (KHTML, like Gecko; compatible; ClaudeBot/1.0; +claudebot@anthropic.com)"
37.27.51.144 - - [22/Nov/2024:04:29:23 -0500] "GET /product_detail.php?pageNo=36&id=2973 HTTP/1.0" 200 37498 "-" "Mozilla/5.0 (compatible; BLEXBot/1.0; +http://webmeup-crawler.com/)"
37.27.51.144 - - [22/Nov/2024:04:29:25 -0500] "GET /product_detail.php?pageNo=36&id=2974 HTTP/1.0" 200 37500 "-" "Mozilla/5.0 (compatible; BLEXBot/1.0; +http://webmeup-crawler.com/)"
18.119.162.226 - - [22/Nov/2024:04:29:27 -0500] "GET /product_detail.php?id=2783&pageNo=2&pid=705 HTTP/1.0" 200 37538 "https://goldensunimport.com/product_detail.php?id=2783&pageNo=2&pid=705" "Mozilla/5.0 AppleWebKit/537.36 (KHTML, like Gecko; compatible; ClaudeBot/1.0; +claudebot@anthropic.com)"
37.27.51.144 - - [22/Nov/2024:04:29:27 -0500] "GET /product_detail.php?pageNo=36&id=2974 HTTP/1.0" 200 37500 "-" "Mozilla/5.0 (compatible; BLEXBot/1.0; +http://webmeup-crawler.com/)"
37.27.51.144 - - [22/Nov/2024:04:29:30 -0500] "GET /product_detail.php?pageNo=36&id=2975 HTTP/1.0" 200 37500 "-" "Mozilla/5.0 (compatible; BLEXBot/1.0; +http://webmeup-crawler.com/)"
37.27.51.144 - - [22/Nov/2024:04:29:32 -0500] "GET /product_detail.php?pageNo=36&id=2975 HTTP/1.0" 200 37500 "-" "Mozilla/5.0 (compatible; BLEXBot/1.0; +http://webmeup-crawler.com/)"
37.27.51.144 - - [22/Nov/2024:04:29:34 -0500] "GET /product_detail.php?pageNo=36&id=2976 HTTP/1.0" 200 37500 "-" "Mozilla/5.0 (compatible; BLEXBot/1.0; +http://webmeup-crawler.com/)"
37.27.51.144 - - [22/Nov/2024:04:29:36 -0500] "GET /product_detail.php?pageNo=36&id=2976 HTTP/1.0" 200 37500 "-" "Mozilla/5.0 (compatible; BLEXBot/1.0; +http://webmeup-crawler.com/)"
37.27.51.144 - - [22/Nov/2024:04:29:38 -0500] "GET /product_detail.php?pageNo=36&id=2977 HTTP/1.0" 200 37500 "-" "Mozilla/5.0 (compatible; BLEXBot/1.0; +http://webmeup-crawler.com/)"
37.27.51.144 - - [22/Nov/2024:04:29:40 -0500] "GET /product_detail.php?pageNo=36&id=2977 HTTP/1.0" 200 37500 "-" "Mozilla/5.0 (compatible; BLEXBot/1.0; +http://webmeup-crawler.com/)"
37.27.51.144 - - [22/Nov/2024:04:29:42 -0500] "GET /product_detail.php?pageNo=36&id=2978 HTTP/1.0" 200 37498 "-" "Mozilla/5.0 (compatible; BLEXBot/1.0; +http://webmeup-crawler.com/)"
3.147.36.106 - - [22/Nov/2024:04:29:44 -0500] "GET /product_detail.php?id=3318&pageNo=19&pid=639 HTTP/1.0" 200 37774 "https://goldensunimport.com/product_detail.php?id=3318&pageNo=19&pid=639" "Mozilla/5.0 AppleWebKit/537.36 (KHTML, like Gecko; compatible; ClaudeBot/1.0; +claudebot@anthropic.com)"
37.27.51.144 - - [22/Nov/2024:04:29:45 -0500] "GET /product_detail.php?pageNo=36&id=2978 HTTP/1.0" 200 37498 "-" "Mozilla/5.0 (compatible; BLEXBot/1.0; +http://webmeup-crawler.com/)"
47.128.18.254 - - [22/Nov/2024:04:29:49 -0500] "GET /product_detail.php?id=2038&pageNo=32&pid=639 HTTP/1.0" 200 37649 "-" "Mozilla/5.0 (compatible; Bytespider; spider-feedback@bytedance.com) AppleWebKit/537.36 (KHTML, like Gecko) Chrome/70.0.0.0 Safari/537.36"
37.27.51.144 - - [22/Nov/2024:04:29:49 -0500] "GET /product_detail.php?pageNo=36&id=2979 HTTP/1.0" 200 37500 "-" "Mozilla/5.0 (compatible; BLEXBot/1.0; +http://webmeup-crawler.com/)"
47.128.18.254 - - [22/Nov/2024:04:29:49 -0500] "GET /admin/product_upload/20201005194052bPic.jpg HTTP/1.0" 200 788 "https://www.goldensunimport.com/product_detail.php?id=2038&pageNo=32&pid=639" "Mozilla/5.0 (compatible; Bytespider; spider-feedback@bytedance.com) AppleWebKit/537.36 (KHTML, like Gecko) Chrome/70.0.0.0 Safari/537.36"
47.128.18.254 - - [22/Nov/2024:04:29:50 -0500] "GET /admin/ad_upload/ HTTP/1.0" 403 1568 "https://www.goldensunimport.com/product_detail.php?id=2038&pageNo=32&pid=639" "Mozilla/5.0 (compatible; Bytespider; spider-feedback@bytedance.com) AppleWebKit/537.36 (KHTML, like Gecko) Chrome/70.0.0.0 Safari/537.36"
37.27.51.144 - - [22/Nov/2024:04:29:51 -0500] "GET /product_detail.php?pageNo=36&id=2979 HTTP/1.0" 200 37500 "-" "Mozilla/5.0 (compatible; BLEXBot/1.0; +http://webmeup-crawler.com/)"
37.27.51.144 - - [22/Nov/2024:04:29:54 -0500] "GET /product_detail.php?pageNo=36&id=2980 HTTP/1.0" 200 37498 "-" "Mozilla/5.0 (compatible; BLEXBot/1.0; +http://webmeup-crawler.com/)"
185.191.171.15 - - [22/Nov/2024:04:29:54 -0500] "GET /product_detail.php?id=3399&pageNo=7&pid=639 HTTP/1.0" 200 37546 "-" "Mozilla/5.0 (compatible; SemrushBot/7~bl; +http://www.semrush.com/bot.html)"
37.27.51.144 - - [22/Nov/2024:04:29:56 -0500] "GET /product_detail.php?pageNo=36&id=2980 HTTP/1.0" 200 37498 "-" "Mozilla/5.0 (compatible; BLEXBot/1.0; +http://webmeup-crawler.com/)"
85.208.96.201 - - [22/Nov/2024:04:29:57 -0500] "GET /product_detail.php?id=2923&pageNo=9&pid=639 HTTP/1.0" 200 37543 "-" "Mozilla/5.0 (compatible; SemrushBot/7~bl; +http://www.semrush.com/bot.html)"
37.27.51.144 - - [22/Nov/2024:04:29:58 -0500] "GET /product_detail.php?pageNo=36&id=2981 HTTP/1.0" 200 37410 "-" "Mozilla/5.0 (compatible; BLEXBot/1.0; +http://webmeup-crawler.com/)"
37.27.51.144 - - [22/Nov/2024:04:30:00 -0500] "GET /product_detail.php?pageNo=36&id=2981 HTTP/1.0" 200 37410 "-" "Mozilla/5.0 (compatible; BLEXBot/1.0; +http://webmeup-crawler.com/)"
37.27.51.144 - - [22/Nov/2024:04:30:03 -0500] "GET /product_detail.php?pageNo=36&id=2982 HTTP/1.0" 200 37410 "-" "Mozilla/5.0 (compatible; BLEXBot/1.0; +http://webmeup-crawler.com/)"
185.191.171.8 - - [22/Nov/2024:04:30:03 -0500] "GET /product_detail.php?id=3021&pageNo=6&pid=639 HTTP/1.0" 200 37548 "-" "Mozilla/5.0 (compatible; SemrushBot/7~bl; +http://www.semrush.com/bot.html)"
3.145.66.104 - - [22/Nov/2024:04:30:04 -0500] "GET /product_detail.php?id=3813&pageNo=17&pid=639 HTTP/1.0" 200 38468 "https://goldensunimport.com/product_detail.php?id=3813&pageNo=17&pid=639" "Mozilla/5.0 AppleWebKit/537.36 (KHTML, like Gecko; compatible; ClaudeBot/1.0; +claudebot@anthropic.com)"
37.27.51.144 - - [22/Nov/2024:04:30:05 -0500] "GET /product_detail.php?pageNo=36&id=2982 HTTP/1.0" 200 37410 "-" "Mozilla/5.0 (compatible; BLEXBot/1.0; +http://webmeup-crawler.com/)"
37.27.51.144 - - [22/Nov/2024:04:30:07 -0500] "GET /product_detail.php?pageNo=36&id=2983 HTTP/1.0" 200 37410 "-" "Mozilla/5.0 (compatible; BLEXBot/1.0; +http://webmeup-crawler.com/)"
37.27.51.144 - - [22/Nov/2024:04:30:10 -0500] "GET /product_detail.php?pageNo=36&id=2983 HTTP/1.0" 200 37410 "-" "Mozilla/5.0 (compatible; BLEXBot/1.0; +http://webmeup-crawler.com/)"
37.27.51.144 - - [22/Nov/2024:04:30:13 -0500] "GET /product_detail.php?pageNo=36&id=2984 HTTP/1.0" 200 37410 "-" "Mozilla/5.0 (compatible; BLEXBot/1.0; +http://webmeup-crawler.com/)"
37.27.51.144 - - [22/Nov/2024:04:30:15 -0500] "GET /product_detail.php?pageNo=36&id=2984 HTTP/1.0" 200 37410 "-" "Mozilla/5.0 (compatible; BLEXBot/1.0; +http://webmeup-crawler.com/)"
18.218.108.24 - - [22/Nov/2024:04:30:15 -0500] "GET /product_detail.php?id=2793&pid=705 HTTP/1.0" 200 37120 "https://goldensunimport.com/product_detail.php?id=2793&pid=705" "Mozilla/5.0 AppleWebKit/537.36 (KHTML, like Gecko; compatible; ClaudeBot/1.0; +claudebot@anthropic.com)"
37.27.51.144 - - [22/Nov/2024:04:30:18 -0500] "GET /product_detail.php?pageNo=36&id=2985 HTTP/1.0" 200 37410 "-" "Mozilla/5.0 (compatible; BLEXBot/1.0; +http://webmeup-crawler.com/)"
37.27.51.144 - - [22/Nov/2024:04:30:20 -0500] "GET /product_detail.php?pageNo=36&id=2985 HTTP/1.0" 200 37410 "-" "Mozilla/5.0 (compatible; BLEXBot/1.0; +http://webmeup-crawler.com/)"
37.27.51.144 - - [22/Nov/2024:04:30:22 -0500] "GET /product_detail.php?pageNo=36&id=2986 HTTP/1.0" 200 37410 "-" "Mozilla/5.0 (compatible; BLEXBot/1.0; +http://webmeup-crawler.com/)"
37.27.51.144 - - [22/Nov/2024:04:30:25 -0500] "GET /product_detail.php?pageNo=36&id=2986 HTTP/1.0" 200 37410 "-" "Mozilla/5.0 (compatible; BLEXBot/1.0; +http://webmeup-crawler.com/)"
185.191.171.18 - - [22/Nov/2024:04:30:26 -0500] "GET /product_detail.php?act=list&pageNo=1&pid=639&table=category HTTP/1.0" 200 37534 "-" "Mozilla/5.0 (compatible; SemrushBot/7~bl; +http://www.semrush.com/bot.html)"
37.27.51.144 - - [22/Nov/2024:04:30:27 -0500] "GET /product_detail.php?pageNo=36&id=2987 HTTP/1.0" 200 37410 "-" "Mozilla/5.0 (compatible; BLEXBot/1.0; +http://webmeup-crawler.com/)"
37.27.51.144 - - [22/Nov/2024:04:30:29 -0500] "GET /product_detail.php?pageNo=36&id=2987 HTTP/1.0" 200 37410 "-" "Mozilla/5.0 (compatible; BLEXBot/1.0; +http://webmeup-crawler.com/)"
37.27.51.144 - - [22/Nov/2024:04:30:32 -0500] "GET /product_detail.php?pageNo=36&id=2988 HTTP/1.0" 200 37410 "-" "Mozilla/5.0 (compatible; BLEXBot/1.0; +http://webmeup-crawler.com/)"
37.27.51.144 - - [22/Nov/2024:04:30:34 -0500] "GET /product_detail.php?pageNo=36&id=2988 HTTP/1.0" 200 37410 "-" "Mozilla/5.0 (compatible; BLEXBot/1.0; +http://webmeup-crawler.com/)"
37.27.51.144 - - [22/Nov/2024:04:30:36 -0500] "GET /product_detail.php?pageNo=36&id=2989 HTTP/1.0" 200 37410 "-" "Mozilla/5.0 (compatible; BLEXBot/1.0; +http://webmeup-crawler.com/)"
185.191.171.3 - - [22/Nov/2024:04:30:38 -0500] "GET /product_detail.php?id=3236&pageNo=3&pid=639 HTTP/1.0" 200 37546 "-" "Mozilla/5.0 (compatible; SemrushBot/7~bl; +http://www.semrush.com/bot.html)"
37.27.51.144 - - [22/Nov/2024:04:30:39 -0500] "GET /product_detail.php?pageNo=36&id=2989 HTTP/1.0" 200 37410 "-" "Mozilla/5.0 (compatible; BLEXBot/1.0; +http://webmeup-crawler.com/)"
18.223.209.129 - - [22/Nov/2024:04:30:41 -0500] "GET /product_detail.php?id=2976&pageNo=4&pid=694 HTTP/1.0" 200 35216 "https://goldensunimport.com/product_detail.php?id=2976&pageNo=4&pid=694" "Mozilla/5.0 AppleWebKit/537.36 (KHTML, like Gecko; compatible; ClaudeBot/1.0; +claudebot@anthropic.com)"
37.27.51.144 - - [22/Nov/2024:04:30:41 -0500] "GET /product_detail.php?pageNo=36&id=2990 HTTP/1.0" 200 37410 "-" "Mozilla/5.0 (compatible; BLEXBot/1.0; +http://webmeup-crawler.com/)"
18.118.119.129 - - [22/Nov/2024:04:30:43 -0500] "GET /product_detail.php?id=2769&pageNo=4&pid=694 HTTP/1.0" 200 35510 "https://goldensunimport.com/product_detail.php?id=2769&pageNo=4&pid=694" "Mozilla/5.0 AppleWebKit/537.36 (KHTML, like Gecko; compatible; ClaudeBot/1.0; +claudebot@anthropic.com)"
37.27.51.144 - - [22/Nov/2024:04:30:44 -0500] "GET /product_detail.php?pageNo=36&id=2990 HTTP/1.0" 200 37410 "-" "Mozilla/5.0 (compatible; BLEXBot/1.0; +http://webmeup-crawler.com/)"
37.27.51.144 - - [22/Nov/2024:04:30:46 -0500] "GET /product_detail.php?pageNo=36&id=2991 HTTP/1.0" 200 37410 "-" "Mozilla/5.0 (compatible; BLEXBot/1.0; +http://webmeup-crawler.com/)"
37.27.51.144 - - [22/Nov/2024:04:30:48 -0500] "GET /product_detail.php?pageNo=36&id=2991 HTTP/1.0" 200 37410 "-" "Mozilla/5.0 (compatible; BLEXBot/1.0; +http://webmeup-crawler.com/)"
85.208.96.207 - - [22/Nov/2024:04:30:50 -0500] "GET /product_detail.php?id=2302&pageNo=4&pid=741 HTTP/1.0" 200 27184 "-" "Mozilla/5.0 (compatible; SemrushBot/7~bl; +http://www.semrush.com/bot.html)"
37.27.51.144 - - [22/Nov/2024:04:30:51 -0500] "GET /product_detail.php?pageNo=36&id=2992 HTTP/1.0" 200 37410 "-" "Mozilla/5.0 (compatible; BLEXBot/1.0; +http://webmeup-crawler.com/)"
47.128.35.34 - - [22/Nov/2024:04:30:51 -0500] "GET /product_detail.php?id=2924&pageNo=2&pid=639 HTTP/1.0" 200 37544 "-" "Mozilla/5.0 (compatible; Bytespider; spider-feedback@bytedance.com) AppleWebKit/537.36 (KHTML, like Gecko) Chrome/70.0.0.0 Safari/537.36"
47.128.35.34 - - [22/Nov/2024:04:30:52 -0500] "GET /admin/product_upload/20220321021426bPic.jpg HTTP/1.0" 200 788 "https://www.goldensunimport.com/product_detail.php?id=2924&pageNo=2&pid=639" "Mozilla/5.0 (compatible; Bytespider; spider-feedback@bytedance.com) AppleWebKit/537.36 (KHTML, like Gecko) Chrome/70.0.0.0 Safari/537.36"
3.135.206.25 - - [22/Nov/2024:04:30:52 -0500] "GET /products.php?fikker-61vm-nk2N=MgPGRI6oXLV7DSLWJk4y6wNi63F1ZE0E&new=1&pageNo=39 HTTP/1.0" 200 35947 "https://goldensunimport.com/products.php?fikker-61vm-nk2N=MgPGRI6oXLV7DSLWJk4y6wNi63F1ZE0E&new=1&pageNo=39" "Mozilla/5.0 AppleWebKit/537.36 (KHTML, like Gecko; compatible; ClaudeBot/1.0; +claudebot@anthropic.com)"
47.128.35.34 - - [22/Nov/2024:04:30:52 -0500] "GET /admin/product_upload/20240614132253sPic.jpg HTTP/1.0" 200 788 "https://www.goldensunimport.com/product_detail.php?id=2924&pageNo=2&pid=639" "Mozilla/5.0 (compatible; Bytespider; spider-feedback@bytedance.com) AppleWebKit/537.36 (KHTML, like Gecko) Chrome/70.0.0.0 Safari/537.36"
47.128.35.34 - - [22/Nov/2024:04:30:53 -0500] "GET /admin/product_upload/20240605151805sPic.jpg HTTP/1.0" 200 788 "https://www.goldensunimport.com/product_detail.php?id=2924&pageNo=2&pid=639" "Mozilla/5.0 (compatible; Bytespider; spider-feedback@bytedance.com) AppleWebKit/537.36 (KHTML, like Gecko) Chrome/70.0.0.0 Safari/537.36"
47.128.35.34 - - [22/Nov/2024:04:30:53 -0500] "GET /admin/ad_upload/ HTTP/1.0" 403 1568 "https://www.goldensunimport.com/product_detail.php?id=2924&pageNo=2&pid=639" "Mozilla/5.0 (compatible; Bytespider; spider-feedback@bytedance.com) AppleWebKit/537.36 (KHTML, like Gecko) Chrome/70.0.0.0 Safari/537.36"
37.27.51.144 - - [22/Nov/2024:04:30:53 -0500] "GET /product_detail.php?pageNo=36&id=2992 HTTP/1.0" 200 37410 "-" "Mozilla/5.0 (compatible; BLEXBot/1.0; +http://webmeup-crawler.com/)"
37.27.51.144 - - [22/Nov/2024:04:30:55 -0500] "GET /product_detail.php?pageNo=36&id=2993 HTTP/1.0" 200 37410 "-" "Mozilla/5.0 (compatible; BLEXBot/1.0; +http://webmeup-crawler.com/)"
37.27.51.144 - - [22/Nov/2024:04:30:57 -0500] "GET /product_detail.php?pageNo=36&id=2993 HTTP/1.0" 200 37410 "-" "Mozilla/5.0 (compatible; BLEXBot/1.0; +http://webmeup-crawler.com/)"
37.27.51.144 - - [22/Nov/2024:04:31:00 -0500] "GET /product_detail.php?pageNo=36&id=2994 HTTP/1.0" 200 37410 "-" "Mozilla/5.0 (compatible; BLEXBot/1.0; +http://webmeup-crawler.com/)"
37.27.51.144 - - [22/Nov/2024:04:31:02 -0500] "GET /product_detail.php?pageNo=36&id=2994 HTTP/1.0" 200 37410 "-" "Mozilla/5.0 (compatible; BLEXBot/1.0; +http://webmeup-crawler.com/)"
114.119.140.107 - - [22/Nov/2024:04:31:03 -0500] "GET /product_detail.php?pageNo=8&id=2953&pid=741 HTTP/1.0" 200 27184 "http://goldensunimport.com/product_detail.php?id=2953&pid=741" "Mozilla/5.0 (Linux; Android 7.0;) AppleWebKit/537.36 (KHTML, like Gecko) Mobile Safari/537.36 (compatible; PetalBot;+https://webmaster.petalsearch.com/site/petalbot)"
37.27.51.144 - - [22/Nov/2024:04:31:04 -0500] "GET /product_detail.php?pageNo=36&id=2995 HTTP/1.0" 200 37410 "-" "Mozilla/5.0 (compatible; BLEXBot/1.0; +http://webmeup-crawler.com/)"
18.116.12.7 - - [22/Nov/2024:04:31:07 -0500] "GET /product_detail.php?id=2740&pid=639 HTTP/1.0" 200 37926 "https://goldensunimport.com/product_detail.php?id=2740&pid=639" "Mozilla/5.0 AppleWebKit/537.36 (KHTML, like Gecko; compatible; ClaudeBot/1.0; +claudebot@anthropic.com)"
37.27.51.144 - - [22/Nov/2024:04:31:08 -0500] "GET /product_detail.php?pageNo=36&id=2995 HTTP/1.0" 200 37410 "-" "Mozilla/5.0 (compatible; BLEXBot/1.0; +http://webmeup-crawler.com/)"
37.27.51.144 - - [22/Nov/2024:04:31:10 -0500] "GET /product_detail.php?pageNo=36&id=2996 HTTP/1.0" 200 37410 "-" "Mozilla/5.0 (compatible; BLEXBot/1.0; +http://webmeup-crawler.com/)"
37.27.51.144 - - [22/Nov/2024:04:31:12 -0500] "GET /product_detail.php?pageNo=36&id=2996 HTTP/1.0" 200 37410 "-" "Mozilla/5.0 (compatible; BLEXBot/1.0; +http://webmeup-crawler.com/)"
37.27.51.144 - - [22/Nov/2024:04:31:14 -0500] "GET /product_detail.php?pageNo=36&id=2997 HTTP/1.0" 200 37410 "-" "Mozilla/5.0 (compatible; BLEXBot/1.0; +http://webmeup-crawler.com/)"
37.27.51.144 - - [22/Nov/2024:04:31:18 -0500] "GET /product_detail.php?pageNo=36&id=2997 HTTP/1.0" 200 37410 "-" "Mozilla/5.0 (compatible; BLEXBot/1.0; +http://webmeup-crawler.com/)"
37.27.51.144 - - [22/Nov/2024:04:31:21 -0500] "GET /product_detail.php?pageNo=36&id=2998 HTTP/1.0" 200 37410 "-" "Mozilla/5.0 (compatible; BLEXBot/1.0; +http://webmeup-crawler.com/)"
37.27.51.144 - - [22/Nov/2024:04:31:23 -0500] "GET /product_detail.php?pageNo=36&id=2998 HTTP/1.0" 200 37410 "-" "Mozilla/5.0 (compatible; BLEXBot/1.0; +http://webmeup-crawler.com/)"
185.191.171.8 - - [22/Nov/2024:04:31:23 -0500] "GET /product_detail.php?id=3749&pageNo=4&pid=639 HTTP/1.0" 200 37552 "-" "Mozilla/5.0 (compatible; SemrushBot/7~bl; +http://www.semrush.com/bot.html)"
37.27.51.144 - - [22/Nov/2024:04:31:25 -0500] "GET /product_detail.php?pageNo=36&id=2999 HTTP/1.0" 200 37410 "-" "Mozilla/5.0 (compatible; BLEXBot/1.0; +http://webmeup-crawler.com/)"
37.27.51.144 - - [22/Nov/2024:04:31:27 -0500] "GET /product_detail.php?pageNo=36&id=2999 HTTP/1.0" 200 37410 "-" "Mozilla/5.0 (compatible; BLEXBot/1.0; +http://webmeup-crawler.com/)"
37.27.51.144 - - [22/Nov/2024:04:31:29 -0500] "GET /product_detail.php?pageNo=36&id=3000 HTTP/1.0" 200 37410 "-" "Mozilla/5.0 (compatible; BLEXBot/1.0; +http://webmeup-crawler.com/)"
37.27.51.144 - - [22/Nov/2024:04:31:32 -0500] "GET /product_detail.php?pageNo=36&id=3000 HTTP/1.0" 200 37410 "-" "Mozilla/5.0 (compatible; BLEXBot/1.0; +http://webmeup-crawler.com/)"
37.27.51.144 - - [22/Nov/2024:04:31:34 -0500] "GET /product_detail.php?pageNo=36&id=3001 HTTP/1.0" 200 37410 "-" "Mozilla/5.0 (compatible; BLEXBot/1.0; +http://webmeup-crawler.com/)"
