37.27.51.144 - - [22/Nov/2024:04:18:19 -0500] "GET /product_detail.php?pageNo=36&id=2824 HTTP/1.0" 200 37410 "-" "Mozilla/5.0 (compatible; BLEXBot/1.0; +http://webmeup-crawler.com/)"
37.27.51.144 - - [22/Nov/2024:04:18:21 -0500] "GET /product_detail.php?pageNo=36&id=2825 HTTP/1.0" 200 37410 "-" "Mozilla/5.0 (compatible; BLEXBot/1.0; +http://webmeup-crawler.com/)"
37.27.51.144 - - [22/Nov/2024:04:18:23 -0500] "GET /product_detail.php?pageNo=36&id=2825 HTTP/1.0" 200 37410 "-" "Mozilla/5.0 (compatible; BLEXBot/1.0; +http://webmeup-crawler.com/)"
37.27.51.144 - - [22/Nov/2024:04:18:26 -0500] "GET /product_detail.php?pageNo=36&id=2826 HTTP/1.0" 200 37410 "-" "Mozilla/5.0 (compatible; BLEXBot/1.0; +http://webmeup-crawler.com/)"
37.27.51.144 - - [22/Nov/2024:04:18:28 -0500] "GET /product_detail.php?pageNo=36&id=2826 HTTP/1.0" 200 37410 "-" "Mozilla/5.0 (compatible; BLEXBot/1.0; +http://webmeup-crawler.com/)"
37.27.51.144 - - [22/Nov/2024:04:18:30 -0500] "GET /product_detail.php?pageNo=36&id=2827 HTTP/1.0" 200 37410 "-" "Mozilla/5.0 (compatible; BLEXBot/1.0; +http://webmeup-crawler.com/)"
37.27.51.144 - - [22/Nov/2024:04:18:33 -0500] "GET /product_detail.php?pageNo=36&id=2827 HTTP/1.0" 200 37410 "-" "Mozilla/5.0 (compatible; BLEXBot/1.0; +http://webmeup-crawler.com/)"
37.27.51.144 - - [22/Nov/2024:04:18:35 -0500] "GET /product_detail.php?pageNo=36&id=2828 HTTP/1.0" 200 37410 "-" "Mozilla/5.0 (compatible; BLEXBot/1.0; +http://webmeup-crawler.com/)"
37.27.51.144 - - [22/Nov/2024:04:18:37 -0500] "GET /product_detail.php?pageNo=36&id=2828 HTTP/1.0" 200 37410 "-" "Mozilla/5.0 (compatible; BLEXBot/1.0; +http://webmeup-crawler.com/)"
37.27.51.144 - - [22/Nov/2024:04:18:40 -0500] "GET /product_detail.php?pageNo=36&id=2829 HTTP/1.0" 200 37410 "-" "Mozilla/5.0 (compatible; BLEXBot/1.0; +http://webmeup-crawler.com/)"
37.27.51.144 - - [22/Nov/2024:04:18:42 -0500] "GET /product_detail.php?pageNo=36&id=2829 HTTP/1.0" 200 37410 "-" "Mozilla/5.0 (compatible; BLEXBot/1.0; +http://webmeup-crawler.com/)"
37.27.51.144 - - [22/Nov/2024:04:18:44 -0500] "GET /product_detail.php?pageNo=36&id=2830 HTTP/1.0" 200 37410 "-" "Mozilla/5.0 (compatible; BLEXBot/1.0; +http://webmeup-crawler.com/)"
37.27.51.144 - - [22/Nov/2024:04:18:46 -0500] "GET /product_detail.php?pageNo=36&id=2830 HTTP/1.0" 200 37410 "-" "Mozilla/5.0 (compatible; BLEXBot/1.0; +http://webmeup-crawler.com/)"
114.119.142.8 - - [22/Nov/2024:04:18:48 -0500] "GET /product_detail.php?id=2281&pid=639 HTTP/1.0" 200 37426 "https://goldensunimport.com/product_detail.php?pageNo=13&id=2967&pid=639" "Mozilla/5.0 (Linux; Android 7.0;) AppleWebKit/537.36 (KHTML, like Gecko) Mobile Safari/537.36 (compatible; PetalBot;+https://webmaster.petalsearch.com/site/petalbot)"
37.27.51.144 - - [22/Nov/2024:04:18:48 -0500] "GET /product_detail.php?pageNo=36&id=2831 HTTP/1.0" 200 37410 "-" "Mozilla/5.0 (compatible; BLEXBot/1.0; +http://webmeup-crawler.com/)"
37.27.51.144 - - [22/Nov/2024:04:18:51 -0500] "GET /product_detail.php?pageNo=36&id=2831 HTTP/1.0" 200 37410 "-" "Mozilla/5.0 (compatible; BLEXBot/1.0; +http://webmeup-crawler.com/)"
37.27.51.144 - - [22/Nov/2024:04:18:53 -0500] "GET /product_detail.php?pageNo=36&id=2832 HTTP/1.0" 200 37410 "-" "Mozilla/5.0 (compatible; BLEXBot/1.0; +http://webmeup-crawler.com/)"
37.27.51.144 - - [22/Nov/2024:04:18:55 -0500] "GET /product_detail.php?pageNo=36&id=2832 HTTP/1.0" 200 37410 "-" "Mozilla/5.0 (compatible; BLEXBot/1.0; +http://webmeup-crawler.com/)"
37.27.51.144 - - [22/Nov/2024:04:18:58 -0500] "GET /product_detail.php?pageNo=36&id=2833 HTTP/1.0" 200 37410 "-" "Mozilla/5.0 (compatible; BLEXBot/1.0; +http://webmeup-crawler.com/)"
37.27.51.144 - - [22/Nov/2024:04:19:00 -0500] "GET /product_detail.php?pageNo=36&id=2833 HTTP/1.0" 200 37410 "-" "Mozilla/5.0 (compatible; BLEXBot/1.0; +http://webmeup-crawler.com/)"
37.27.51.144 - - [22/Nov/2024:04:19:02 -0500] "GET /product_detail.php?pageNo=36&id=2834 HTTP/1.0" 200 37410 "-" "Mozilla/5.0 (compatible; BLEXBot/1.0; +http://webmeup-crawler.com/)"
37.27.51.144 - - [22/Nov/2024:04:19:05 -0500] "GET /product_detail.php?pageNo=36&id=2834 HTTP/1.0" 200 37410 "-" "Mozilla/5.0 (compatible; BLEXBot/1.0; +http://webmeup-crawler.com/)"
37.27.51.144 - - [22/Nov/2024:04:19:07 -0500] "GET /product_detail.php?pageNo=36&id=2835 HTTP/1.0" 200 37410 "-" "Mozilla/5.0 (compatible; BLEXBot/1.0; +http://webmeup-crawler.com/)"
37.27.51.144 - - [22/Nov/2024:04:19:09 -0500] "GET /product_detail.php?pageNo=36&id=2835 HTTP/1.0" 200 37410 "-" "Mozilla/5.0 (compatible; BLEXBot/1.0; +http://webmeup-crawler.com/)"
37.27.51.144 - - [22/Nov/2024:04:19:12 -0500] "GET /product_detail.php?pageNo=36&id=2836 HTTP/1.0" 200 37410 "-" "Mozilla/5.0 (compatible; BLEXBot/1.0; +http://webmeup-crawler.com/)"
37.27.51.144 - - [22/Nov/2024:04:19:14 -0500] "GET /product_detail.php?pageNo=36&id=2836 HTTP/1.0" 200 37410 "-" "Mozilla/5.0 (compatible; BLEXBot/1.0; +http://webmeup-crawler.com/)"
37.27.51.144 - - [22/Nov/2024:04:19:16 -0500] "GET /product_detail.php?pageNo=36&id=2837 HTTP/1.0" 200 37410 "-" "Mozilla/5.0 (compatible; BLEXBot/1.0; +http://webmeup-crawler.com/)"
37.27.51.144 - - [22/Nov/2024:04:19:19 -0500] "GET /product_detail.php?pageNo=36&id=2837 HTTP/1.0" 200 37410 "-" "Mozilla/5.0 (compatible; BLEXBot/1.0; +http://webmeup-crawler.com/)"
37.27.51.144 - - [22/Nov/2024:04:19:21 -0500] "GET /product_detail.php?pageNo=36&id=2838 HTTP/1.0" 200 37410 "-" "Mozilla/5.0 (compatible; BLEXBot/1.0; +http://webmeup-crawler.com/)"
37.27.51.144 - - [22/Nov/2024:04:19:24 -0500] "GET /product_detail.php?pageNo=36&id=2838 HTTP/1.0" 200 37410 "-" "Mozilla/5.0 (compatible; BLEXBot/1.0; +http://webmeup-crawler.com/)"
185.191.171.16 - - [22/Nov/2024:04:19:25 -0500] "GET /product_detail.php?id=2378&pageNo=3&pid=737 HTTP/1.0" 200 37120 "-" "Mozilla/5.0 (compatible; SemrushBot/7~bl; +http://www.semrush.com/bot.html)"
37.27.51.144 - - [22/Nov/2024:04:19:26 -0500] "GET /product_detail.php?pageNo=36&id=2839 HTTP/1.0" 200 37410 "-" "Mozilla/5.0 (compatible; BLEXBot/1.0; +http://webmeup-crawler.com/)"
3.135.216.196 - - [22/Nov/2024:04:19:27 -0500] "GET /product_detail.php?id=2336&pageNo=1&pid=737 HTTP/1.0" 200 40787 "https://goldensunimport.com/product_detail.php?id=2336&pageNo=1&pid=737" "Mozilla/5.0 AppleWebKit/537.36 (KHTML, like Gecko; compatible; ClaudeBot/1.0; +claudebot@anthropic.com)"
37.27.51.144 - - [22/Nov/2024:04:19:30 -0500] "GET /product_detail.php?pageNo=36&id=2839 HTTP/1.0" 200 37410 "-" "Mozilla/5.0 (compatible; BLEXBot/1.0; +http://webmeup-crawler.com/)"
37.27.51.144 - - [22/Nov/2024:04:19:32 -0500] "GET /product_detail.php?pageNo=36&id=2840 HTTP/1.0" 200 37410 "-" "Mozilla/5.0 (compatible; BLEXBot/1.0; +http://webmeup-crawler.com/)"
3.144.123.24 - - [22/Nov/2024:04:19:32 -0500] "GET /product_detail.php?id=3179&pageNo=5&pid=639 HTTP/1.0" 200 37550 "https://goldensunimport.com/product_detail.php?id=3179&pageNo=5&pid=639" "Mozilla/5.0 AppleWebKit/537.36 (KHTML, like Gecko; compatible; ClaudeBot/1.0; +claudebot@anthropic.com)"
37.27.51.144 - - [22/Nov/2024:04:19:38 -0500] "GET /product_detail.php?pageNo=36&id=2840 HTTP/1.0" 200 37410 "-" "Mozilla/5.0 (compatible; BLEXBot/1.0; +http://webmeup-crawler.com/)"
37.27.51.144 - - [22/Nov/2024:04:19:40 -0500] "GET /product_detail.php?pageNo=36&id=2841 HTTP/1.0" 200 37410 "-" "Mozilla/5.0 (compatible; BLEXBot/1.0; +http://webmeup-crawler.com/)"
85.208.96.212 - - [22/Nov/2024:04:19:40 -0500] "GET /product_detail.php?id=3902&pageNo=8&pid=639 HTTP/1.0" 200 37544 "-" "Mozilla/5.0 (compatible; SemrushBot/7~bl; +http://www.semrush.com/bot.html)"
37.27.51.144 - - [22/Nov/2024:04:19:42 -0500] "GET /product_detail.php?pageNo=36&id=2841 HTTP/1.0" 200 37410 "-" "Mozilla/5.0 (compatible; BLEXBot/1.0; +http://webmeup-crawler.com/)"
37.27.51.144 - - [22/Nov/2024:04:19:45 -0500] "GET /product_detail.php?pageNo=36&id=2842 HTTP/1.0" 200 37410 "-" "Mozilla/5.0 (compatible; BLEXBot/1.0; +http://webmeup-crawler.com/)"
85.208.96.205 - - [22/Nov/2024:04:19:48 -0500] "GET /product_detail.php?id=2769&pageNo=2&pid=694 HTTP/1.0" 200 37045 "-" "Mozilla/5.0 (compatible; SemrushBot/7~bl; +http://www.semrush.com/bot.html)"
37.27.51.144 - - [22/Nov/2024:04:19:48 -0500] "GET /product_detail.php?pageNo=36&id=2842 HTTP/1.0" 200 37410 "-" "Mozilla/5.0 (compatible; BLEXBot/1.0; +http://webmeup-crawler.com/)"
37.27.51.144 - - [22/Nov/2024:04:19:50 -0500] "GET /product_detail.php?pageNo=36&id=2843 HTTP/1.0" 200 37410 "-" "Mozilla/5.0 (compatible; BLEXBot/1.0; +http://webmeup-crawler.com/)"
37.27.51.144 - - [22/Nov/2024:04:19:52 -0500] "GET /product_detail.php?pageNo=36&id=2843 HTTP/1.0" 200 37410 "-" "Mozilla/5.0 (compatible; BLEXBot/1.0; +http://webmeup-crawler.com/)"
37.27.51.144 - - [22/Nov/2024:04:19:55 -0500] "GET /product_detail.php?pageNo=36&id=2844 HTTP/1.0" 200 37410 "-" "Mozilla/5.0 (compatible; BLEXBot/1.0; +http://webmeup-crawler.com/)"
37.27.51.144 - - [22/Nov/2024:04:19:57 -0500] "GET /product_detail.php?pageNo=36&id=2844 HTTP/1.0" 200 37410 "-" "Mozilla/5.0 (compatible; BLEXBot/1.0; +http://webmeup-crawler.com/)"
3.145.115.139 - - [22/Nov/2024:04:19:58 -0500] "GET /product_detail.php?id=3594&pageNo=28&pid=639 HTTP/1.0" 200 37773 "https://goldensunimport.com/product_detail.php?id=3594&pageNo=28&pid=639" "Mozilla/5.0 AppleWebKit/537.36 (KHTML, like Gecko; compatible; ClaudeBot/1.0; +claudebot@anthropic.com)"
37.27.51.144 - - [22/Nov/2024:04:19:59 -0500] "GET /product_detail.php?pageNo=36&id=2845 HTTP/1.0" 200 37410 "-" "Mozilla/5.0 (compatible; BLEXBot/1.0; +http://webmeup-crawler.com/)"
37.27.51.144 - - [22/Nov/2024:04:20:01 -0500] "GET /product_detail.php?pageNo=36&id=2845 HTTP/1.0" 200 37410 "-" "Mozilla/5.0 (compatible; BLEXBot/1.0; +http://webmeup-crawler.com/)"
37.27.51.144 - - [22/Nov/2024:04:20:03 -0500] "GET /product_detail.php?pageNo=36&id=2846 HTTP/1.0" 200 37410 "-" "Mozilla/5.0 (compatible; BLEXBot/1.0; +http://webmeup-crawler.com/)"
37.27.51.144 - - [22/Nov/2024:04:20:05 -0500] "GET /product_detail.php?pageNo=36&id=2846 HTTP/1.0" 200 37410 "-" "Mozilla/5.0 (compatible; BLEXBot/1.0; +http://webmeup-crawler.com/)"
37.27.51.144 - - [22/Nov/2024:04:20:08 -0500] "GET /product_detail.php?pageNo=36&id=2847 HTTP/1.0" 200 37410 "-" "Mozilla/5.0 (compatible; BLEXBot/1.0; +http://webmeup-crawler.com/)"
37.27.51.144 - - [22/Nov/2024:04:20:10 -0500] "GET /product_detail.php?pageNo=36&id=2847 HTTP/1.0" 200 37410 "-" "Mozilla/5.0 (compatible; BLEXBot/1.0; +http://webmeup-crawler.com/)"
37.27.51.144 - - [22/Nov/2024:04:20:13 -0500] "GET /product_detail.php?pageNo=36&id=2848 HTTP/1.0" 200 37410 "-" "Mozilla/5.0 (compatible; BLEXBot/1.0; +http://webmeup-crawler.com/)"
185.191.171.7 - - [22/Nov/2024:04:20:13 -0500] "GET /product_detail.php?id=2505&pageNo=3&pid=694 HTTP/1.0" 200 36957 "-" "Mozilla/5.0 (compatible; SemrushBot/7~bl; +http://www.semrush.com/bot.html)"
37.27.51.144 - - [22/Nov/2024:04:20:15 -0500] "GET /product_detail.php?pageNo=36&id=2848 HTTP/1.0" 200 37410 "-" "Mozilla/5.0 (compatible; BLEXBot/1.0; +http://webmeup-crawler.com/)"
37.27.51.144 - - [22/Nov/2024:04:20:18 -0500] "GET /product_detail.php?pageNo=36&id=2849 HTTP/1.0" 200 37410 "-" "Mozilla/5.0 (compatible; BLEXBot/1.0; +http://webmeup-crawler.com/)"
37.27.51.144 - - [22/Nov/2024:04:20:20 -0500] "GET /product_detail.php?pageNo=36&id=2849 HTTP/1.0" 200 37410 "-" "Mozilla/5.0 (compatible; BLEXBot/1.0; +http://webmeup-crawler.com/)"
37.27.51.144 - - [22/Nov/2024:04:20:22 -0500] "GET /product_detail.php?pageNo=36&id=2850 HTTP/1.0" 200 37410 "-" "Mozilla/5.0 (compatible; BLEXBot/1.0; +http://webmeup-crawler.com/)"
37.27.51.144 - - [22/Nov/2024:04:20:24 -0500] "GET /product_detail.php?pageNo=36&id=2850 HTTP/1.0" 200 37410 "-" "Mozilla/5.0 (compatible; BLEXBot/1.0; +http://webmeup-crawler.com/)"
37.27.51.144 - - [22/Nov/2024:04:20:27 -0500] "GET /product_detail.php?pageNo=36&id=2851 HTTP/1.0" 200 37410 "-" "Mozilla/5.0 (compatible; BLEXBot/1.0; +http://webmeup-crawler.com/)"
37.27.51.144 - - [22/Nov/2024:04:20:29 -0500] "GET /product_detail.php?pageNo=36&id=2851 HTTP/1.0" 200 37410 "-" "Mozilla/5.0 (compatible; BLEXBot/1.0; +http://webmeup-crawler.com/)"
37.27.51.144 - - [22/Nov/2024:04:20:31 -0500] "GET /product_detail.php?pageNo=36&id=2852 HTTP/1.0" 200 37410 "-" "Mozilla/5.0 (compatible; BLEXBot/1.0; +http://webmeup-crawler.com/)"
37.27.51.144 - - [22/Nov/2024:04:20:34 -0500] "GET /product_detail.php?pageNo=36&id=2852 HTTP/1.0" 200 37410 "-" "Mozilla/5.0 (compatible; BLEXBot/1.0; +http://webmeup-crawler.com/)"
37.27.51.144 - - [22/Nov/2024:04:20:36 -0500] "GET /product_detail.php?pageNo=36&id=2853 HTTP/1.0" 200 37410 "-" "Mozilla/5.0 (compatible; BLEXBot/1.0; +http://webmeup-crawler.com/)"
18.118.37.85 - - [22/Nov/2024:04:20:38 -0500] "GET /product_detail.php?id=2783&pageNo=3&pid=705 HTTP/1.0" 200 37038 "https://goldensunimport.com/product_detail.php?id=2783&pageNo=3&pid=705" "Mozilla/5.0 AppleWebKit/537.36 (KHTML, like Gecko; compatible; ClaudeBot/1.0; +claudebot@anthropic.com)"
37.27.51.144 - - [22/Nov/2024:04:20:38 -0500] "GET /product_detail.php?pageNo=36&id=2853 HTTP/1.0" 200 37410 "-" "Mozilla/5.0 (compatible; BLEXBot/1.0; +http://webmeup-crawler.com/)"
37.27.51.144 - - [22/Nov/2024:04:20:40 -0500] "GET /product_detail.php?pageNo=36&id=2854 HTTP/1.0" 200 37410 "-" "Mozilla/5.0 (compatible; BLEXBot/1.0; +http://webmeup-crawler.com/)"
18.119.127.13 - - [22/Nov/2024:04:20:40 -0500] "GET /product_detail.php?id=3294&pageNo=1&pid=639 HTTP/1.0" 200 37430 "https://goldensunimport.com/product_detail.php?id=3294&pageNo=1&pid=639" "Mozilla/5.0 AppleWebKit/537.36 (KHTML, like Gecko; compatible; ClaudeBot/1.0; +claudebot@anthropic.com)"
37.27.51.144 - - [22/Nov/2024:04:20:43 -0500] "GET /product_detail.php?pageNo=36&id=2854 HTTP/1.0" 200 37410 "-" "Mozilla/5.0 (compatible; BLEXBot/1.0; +http://webmeup-crawler.com/)"
185.191.171.8 - - [22/Nov/2024:04:20:43 -0500] "GET /product_detail.php?id=2127&pageNo=1&pid=737 HTTP/1.0" 200 37010 "-" "Mozilla/5.0 (compatible; SemrushBot/7~bl; +http://www.semrush.com/bot.html)"
37.27.51.144 - - [22/Nov/2024:04:20:45 -0500] "GET /product_detail.php?pageNo=36&id=2855 HTTP/1.0" 200 37410 "-" "Mozilla/5.0 (compatible; BLEXBot/1.0; +http://webmeup-crawler.com/)"
37.27.51.144 - - [22/Nov/2024:04:20:47 -0500] "GET /product_detail.php?pageNo=36&id=2855 HTTP/1.0" 200 37410 "-" "Mozilla/5.0 (compatible; BLEXBot/1.0; +http://webmeup-crawler.com/)"
37.27.51.144 - - [22/Nov/2024:04:20:49 -0500] "GET /product_detail.php?pageNo=36&id=2856 HTTP/1.0" 200 37410 "-" "Mozilla/5.0 (compatible; BLEXBot/1.0; +http://webmeup-crawler.com/)"
18.225.72.161 - - [22/Nov/2024:04:20:50 -0500] "GET /products.php?USER_CITY=sh&new=1&pageNo=34 HTTP/1.0" 200 34809 "https://goldensunimport.com/products.php?USER_CITY=sh&new=1&pageNo=34" "Mozilla/5.0 AppleWebKit/537.36 (KHTML, like Gecko; compatible; ClaudeBot/1.0; +claudebot@anthropic.com)"
37.27.51.144 - - [22/Nov/2024:04:20:51 -0500] "GET /product_detail.php?pageNo=36&id=2856 HTTP/1.0" 200 37410 "-" "Mozilla/5.0 (compatible; BLEXBot/1.0; +http://webmeup-crawler.com/)"
37.27.51.144 - - [22/Nov/2024:04:20:53 -0500] "GET /product_detail.php?pageNo=36&id=2857 HTTP/1.0" 200 37410 "-" "Mozilla/5.0 (compatible; BLEXBot/1.0; +http://webmeup-crawler.com/)"
37.27.51.144 - - [22/Nov/2024:04:20:56 -0500] "GET /product_detail.php?pageNo=36&id=2857 HTTP/1.0" 200 37410 "-" "Mozilla/5.0 (compatible; BLEXBot/1.0; +http://webmeup-crawler.com/)"
114.119.128.10 - - [22/Nov/2024:04:20:57 -0500] "GET /product_detail.php?id=2113&pid=639 HTTP/1.0" 200 37428 "https://goldensunimport.com/product_detail.php?pageNo=16&id=2602&pid=639" "Mozilla/5.0 (Linux; Android 7.0;) AppleWebKit/537.36 (KHTML, like Gecko) Mobile Safari/537.36 (compatible; PetalBot;+https://webmaster.petalsearch.com/site/petalbot)"
37.27.51.144 - - [22/Nov/2024:04:20:58 -0500] "GET /product_detail.php?pageNo=36&id=2858 HTTP/1.0" 200 37410 "-" "Mozilla/5.0 (compatible; BLEXBot/1.0; +http://webmeup-crawler.com/)"
37.27.51.144 - - [22/Nov/2024:04:21:00 -0500] "GET /product_detail.php?pageNo=36&id=2858 HTTP/1.0" 200 37410 "-" "Mozilla/5.0 (compatible; BLEXBot/1.0; +http://webmeup-crawler.com/)"
185.191.171.12 - - [22/Nov/2024:04:21:01 -0500] "GET /product_detail.php?id=2549&pageNo=1&pid=741 HTTP/1.0" 200 27184 "-" "Mozilla/5.0 (compatible; SemrushBot/7~bl; +http://www.semrush.com/bot.html)"
37.27.51.144 - - [22/Nov/2024:04:21:02 -0500] "GET /product_detail.php?pageNo=36&id=2859 HTTP/1.0" 200 37410 "-" "Mozilla/5.0 (compatible; BLEXBot/1.0; +http://webmeup-crawler.com/)"
3.135.247.17 - - [22/Nov/2024:04:21:03 -0500] "GET /product_detail.php?id=3198&pageNo=3&pid=639 HTTP/1.0" 200 37548 "https://goldensunimport.com/product_detail.php?id=3198&pageNo=3&pid=639" "Mozilla/5.0 AppleWebKit/537.36 (KHTML, like Gecko; compatible; ClaudeBot/1.0; +claudebot@anthropic.com)"
37.27.51.144 - - [22/Nov/2024:04:21:05 -0500] "GET /product_detail.php?pageNo=36&id=2859 HTTP/1.0" 200 37410 "-" "Mozilla/5.0 (compatible; BLEXBot/1.0; +http://webmeup-crawler.com/)"
37.27.51.144 - - [22/Nov/2024:04:21:07 -0500] "GET /product_detail.php?pageNo=36&id=2860 HTTP/1.0" 200 37410 "-" "Mozilla/5.0 (compatible; BLEXBot/1.0; +http://webmeup-crawler.com/)"
85.208.96.205 - - [22/Nov/2024:04:21:08 -0500] "GET /product_detail.php?id=2312&pageNo=6&pid=741 HTTP/1.0" 200 27184 "-" "Mozilla/5.0 (compatible; SemrushBot/7~bl; +http://www.semrush.com/bot.html)"
85.208.96.211 - - [22/Nov/2024:04:21:09 -0500] "GET /product_detail.php?id=2965&pageNo=8&pid=639 HTTP/1.0" 200 37548 "-" "Mozilla/5.0 (compatible; SemrushBot/7~bl; +http://www.semrush.com/bot.html)"
37.27.51.144 - - [22/Nov/2024:04:21:09 -0500] "GET /product_detail.php?pageNo=36&id=2860 HTTP/1.0" 200 37410 "-" "Mozilla/5.0 (compatible; BLEXBot/1.0; +http://webmeup-crawler.com/)"
185.191.171.5 - - [22/Nov/2024:04:21:11 -0500] "GET /product_detail.php?id=2400&pageNo=1&pid=741 HTTP/1.0" 200 27184 "-" "Mozilla/5.0 (compatible; SemrushBot/7~bl; +http://www.semrush.com/bot.html)"
37.27.51.144 - - [22/Nov/2024:04:21:11 -0500] "GET /product_detail.php?pageNo=36&id=2861 HTTP/1.0" 200 37410 "-" "Mozilla/5.0 (compatible; BLEXBot/1.0; +http://webmeup-crawler.com/)"
37.27.51.144 - - [22/Nov/2024:04:21:14 -0500] "GET /product_detail.php?pageNo=36&id=2861 HTTP/1.0" 200 37410 "-" "Mozilla/5.0 (compatible; BLEXBot/1.0; +http://webmeup-crawler.com/)"
3.12.123.41 - - [22/Nov/2024:04:21:15 -0500] "GET /product_detail.php?id=3594&pageNo=23&pid=639 HTTP/1.0" 200 37773 "https://goldensunimport.com/product_detail.php?id=3594&pageNo=23&pid=639" "Mozilla/5.0 AppleWebKit/537.36 (KHTML, like Gecko; compatible; ClaudeBot/1.0; +claudebot@anthropic.com)"
3.145.103.100 - - [22/Nov/2024:04:21:15 -0500] "GET /product_detail.php?id=3035&pageNo=4&pid=639 HTTP/1.0" 200 38052 "https://goldensunimport.com/product_detail.php?id=3035&pageNo=4&pid=639" "Mozilla/5.0 AppleWebKit/537.36 (KHTML, like Gecko; compatible; ClaudeBot/1.0; +claudebot@anthropic.com)"
37.27.51.144 - - [22/Nov/2024:04:21:16 -0500] "GET /product_detail.php?pageNo=36&id=2862 HTTP/1.0" 200 37410 "-" "Mozilla/5.0 (compatible; BLEXBot/1.0; +http://webmeup-crawler.com/)"
37.27.51.144 - - [22/Nov/2024:04:21:18 -0500] "GET /product_detail.php?pageNo=36&id=2862 HTTP/1.0" 200 37410 "-" "Mozilla/5.0 (compatible; BLEXBot/1.0; +http://webmeup-crawler.com/)"
37.27.51.144 - - [22/Nov/2024:04:21:20 -0500] "GET /product_detail.php?pageNo=36&id=2863 HTTP/1.0" 200 37410 "-" "Mozilla/5.0 (compatible; BLEXBot/1.0; +http://webmeup-crawler.com/)"
37.27.51.144 - - [22/Nov/2024:04:21:22 -0500] "GET /product_detail.php?pageNo=36&id=2863 HTTP/1.0" 200 37410 "-" "Mozilla/5.0 (compatible; BLEXBot/1.0; +http://webmeup-crawler.com/)"
66.249.79.233 - - [22/Nov/2024:04:21:22 -0500] "GET /products.php?promotion=1 HTTP/1.0" 200 34419 "-" "Mozilla/5.0 (Linux; Android 6.0.1; Nexus 5X Build/MMB29P) AppleWebKit/537.36 (KHTML, like Gecko) Chrome/131.0.6778.69 Mobile Safari/537.36 (compatible; Googlebot/2.1; +http://www.google.com/bot.html)"
37.27.51.144 - - [22/Nov/2024:04:21:24 -0500] "GET /product_detail.php?pageNo=36&id=2864 HTTP/1.0" 200 37410 "-" "Mozilla/5.0 (compatible; BLEXBot/1.0; +http://webmeup-crawler.com/)"
37.27.51.144 - - [22/Nov/2024:04:21:27 -0500] "GET /product_detail.php?pageNo=36&id=2864 HTTP/1.0" 200 37410 "-" "Mozilla/5.0 (compatible; BLEXBot/1.0; +http://webmeup-crawler.com/)"
37.27.51.144 - - [22/Nov/2024:04:21:29 -0500] "GET /product_detail.php?pageNo=36&id=2865 HTTP/1.0" 200 37410 "-" "Mozilla/5.0 (compatible; BLEXBot/1.0; +http://webmeup-crawler.com/)"
37.27.51.144 - - [22/Nov/2024:04:21:31 -0500] "GET /product_detail.php?pageNo=36&id=2865 HTTP/1.0" 200 37410 "-" "Mozilla/5.0 (compatible; BLEXBot/1.0; +http://webmeup-crawler.com/)"
37.27.51.144 - - [22/Nov/2024:04:21:33 -0500] "GET /product_detail.php?pageNo=36&id=2866 HTTP/1.0" 200 37410 "-" "Mozilla/5.0 (compatible; BLEXBot/1.0; +http://webmeup-crawler.com/)"
37.27.51.144 - - [22/Nov/2024:04:21:36 -0500] "GET /product_detail.php?pageNo=36&id=2866 HTTP/1.0" 200 37410 "-" "Mozilla/5.0 (compatible; BLEXBot/1.0; +http://webmeup-crawler.com/)"
37.27.51.144 - - [22/Nov/2024:04:21:38 -0500] "GET /product_detail.php?pageNo=36&id=2867 HTTP/1.0" 200 37410 "-" "Mozilla/5.0 (compatible; BLEXBot/1.0; +http://webmeup-crawler.com/)"
37.27.51.144 - - [22/Nov/2024:04:21:40 -0500] "GET /product_detail.php?pageNo=36&id=2867 HTTP/1.0" 200 37410 "-" "Mozilla/5.0 (compatible; BLEXBot/1.0; +http://webmeup-crawler.com/)"
37.27.51.144 - - [22/Nov/2024:04:21:42 -0500] "GET /product_detail.php?pageNo=36&id=2868 HTTP/1.0" 200 37410 "-" "Mozilla/5.0 (compatible; BLEXBot/1.0; +http://webmeup-crawler.com/)"
37.27.51.144 - - [22/Nov/2024:04:21:44 -0500] "GET /product_detail.php?pageNo=36&id=2868 HTTP/1.0" 200 37410 "-" "Mozilla/5.0 (compatible; BLEXBot/1.0; +http://webmeup-crawler.com/)"
37.27.51.144 - - [22/Nov/2024:04:21:47 -0500] "GET /product_detail.php?pageNo=36&id=2869 HTTP/1.0" 200 37410 "-" "Mozilla/5.0 (compatible; BLEXBot/1.0; +http://webmeup-crawler.com/)"
37.27.51.144 - - [22/Nov/2024:04:21:49 -0500] "GET /product_detail.php?pageNo=36&id=2869 HTTP/1.0" 200 37410 "-" "Mozilla/5.0 (compatible; BLEXBot/1.0; +http://webmeup-crawler.com/)"
37.27.51.144 - - [22/Nov/2024:04:21:51 -0500] "GET /product_detail.php?pageNo=36&id=2870 HTTP/1.0" 200 37410 "-" "Mozilla/5.0 (compatible; BLEXBot/1.0; +http://webmeup-crawler.com/)"
18.116.90.57 - - [22/Nov/2024:04:21:53 -0500] "GET /product_detail.php?id=3198&pageNo=2&pid=639 HTTP/1.0" 200 37548 "https://goldensunimport.com/product_detail.php?id=3198&pageNo=2&pid=639" "Mozilla/5.0 AppleWebKit/537.36 (KHTML, like Gecko; compatible; ClaudeBot/1.0; +claudebot@anthropic.com)"
85.208.96.206 - - [22/Nov/2024:04:21:53 -0500] "GET /product_detail.php?id=2063&pageNo=3&pid=639 HTTP/1.0" 200 37544 "-" "Mozilla/5.0 (compatible; SemrushBot/7~bl; +http://www.semrush.com/bot.html)"
37.27.51.144 - - [22/Nov/2024:04:21:53 -0500] "GET /product_detail.php?pageNo=36&id=2870 HTTP/1.0" 200 37410 "-" "Mozilla/5.0 (compatible; BLEXBot/1.0; +http://webmeup-crawler.com/)"
37.27.51.144 - - [22/Nov/2024:04:21:56 -0500] "GET /product_detail.php?pageNo=36&id=2871 HTTP/1.0" 200 37410 "-" "Mozilla/5.0 (compatible; BLEXBot/1.0; +http://webmeup-crawler.com/)"
37.27.51.144 - - [22/Nov/2024:04:21:58 -0500] "GET /product_detail.php?pageNo=36&id=2871 HTTP/1.0" 200 37410 "-" "Mozilla/5.0 (compatible; BLEXBot/1.0; +http://webmeup-crawler.com/)"
37.27.51.144 - - [22/Nov/2024:04:22:00 -0500] "GET /product_detail.php?pageNo=36&id=2872 HTTP/1.0" 200 37410 "-" "Mozilla/5.0 (compatible; BLEXBot/1.0; +http://webmeup-crawler.com/)"
37.27.51.144 - - [22/Nov/2024:04:22:02 -0500] "GET /product_detail.php?pageNo=36&id=2872 HTTP/1.0" 200 37410 "-" "Mozilla/5.0 (compatible; BLEXBot/1.0; +http://webmeup-crawler.com/)"
37.27.51.144 - - [22/Nov/2024:04:22:05 -0500] "GET /product_detail.php?pageNo=36&id=2873 HTTP/1.0" 200 37410 "-" "Mozilla/5.0 (compatible; BLEXBot/1.0; +http://webmeup-crawler.com/)"
37.27.51.144 - - [22/Nov/2024:04:22:07 -0500] "GET /product_detail.php?pageNo=36&id=2873 HTTP/1.0" 200 37410 "-" "Mozilla/5.0 (compatible; BLEXBot/1.0; +http://webmeup-crawler.com/)"
3.142.200.247 - - [22/Nov/2024:04:22:08 -0500] "GET /product_detail.php?id=2749&pid=639 HTTP/1.0" 200 37428 "https://goldensunimport.com/product_detail.php?id=2749&pid=639" "Mozilla/5.0 AppleWebKit/537.36 (KHTML, like Gecko; compatible; ClaudeBot/1.0; +claudebot@anthropic.com)"
37.27.51.144 - - [22/Nov/2024:04:22:09 -0500] "GET /product_detail.php?pageNo=36&id=2874 HTTP/1.0" 200 37410 "-" "Mozilla/5.0 (compatible; BLEXBot/1.0; +http://webmeup-crawler.com/)"
37.27.51.144 - - [22/Nov/2024:04:22:12 -0500] "GET /product_detail.php?pageNo=36&id=2874 HTTP/1.0" 200 37410 "-" "Mozilla/5.0 (compatible; BLEXBot/1.0; +http://webmeup-crawler.com/)"
18.220.112.210 - - [22/Nov/2024:04:22:12 -0500] "GET /product_detail.php?id=2742&pid=639 HTTP/1.0" 200 37926 "https://goldensunimport.com/product_detail.php?id=2742&pid=639" "Mozilla/5.0 AppleWebKit/537.36 (KHTML, like Gecko; compatible; ClaudeBot/1.0; +claudebot@anthropic.com)"
37.27.51.144 - - [22/Nov/2024:04:22:14 -0500] "GET /product_detail.php?pageNo=36&id=2875 HTTP/1.0" 200 37410 "-" "Mozilla/5.0 (compatible; BLEXBot/1.0; +http://webmeup-crawler.com/)"
37.27.51.144 - - [22/Nov/2024:04:22:16 -0500] "GET /product_detail.php?pageNo=36&id=2875 HTTP/1.0" 200 37410 "-" "Mozilla/5.0 (compatible; BLEXBot/1.0; +http://webmeup-crawler.com/)"
37.27.51.144 - - [22/Nov/2024:04:22:18 -0500] "GET /product_detail.php?pageNo=36&id=2876 HTTP/1.0" 200 37410 "-" "Mozilla/5.0 (compatible; BLEXBot/1.0; +http://webmeup-crawler.com/)"
3.21.46.24 - - [22/Nov/2024:04:22:19 -0500] "GET /product_detail.php?id=3813&pageNo=10&pid=639 HTTP/1.0" 200 37638 "https://goldensunimport.com/product_detail.php?id=3813&pageNo=10&pid=639" "Mozilla/5.0 AppleWebKit/537.36 (KHTML, like Gecko; compatible; ClaudeBot/1.0; +claudebot@anthropic.com)"
37.27.51.144 - - [22/Nov/2024:04:22:20 -0500] "GET /product_detail.php?pageNo=36&id=2876 HTTP/1.0" 200 37410 "-" "Mozilla/5.0 (compatible; BLEXBot/1.0; +http://webmeup-crawler.com/)"
18.116.40.151 - - [22/Nov/2024:04:22:21 -0500] "GET /product_detail.php?id=2976&pageNo=2&pid=694 HTTP/1.0" 200 37047 "https://goldensunimport.com/product_detail.php?id=2976&pageNo=2&pid=694" "Mozilla/5.0 AppleWebKit/537.36 (KHTML, like Gecko; compatible; ClaudeBot/1.0; +claudebot@anthropic.com)"
37.27.51.144 - - [22/Nov/2024:04:22:23 -0500] "GET /product_detail.php?pageNo=36&id=2877 HTTP/1.0" 200 37410 "-" "Mozilla/5.0 (compatible; BLEXBot/1.0; +http://webmeup-crawler.com/)"
37.27.51.144 - - [22/Nov/2024:04:22:25 -0500] "GET /product_detail.php?pageNo=36&id=2877 HTTP/1.0" 200 37410 "-" "Mozilla/5.0 (compatible; BLEXBot/1.0; +http://webmeup-crawler.com/)"
66.249.79.235 - - [22/Nov/2024:04:22:25 -0500] "GET /products.php?keyword=Bear&x=0&y=0 HTTP/1.0" 200 25516 "-" "Mozilla/5.0 (Linux; Android 6.0.1; Nexus 5X Build/MMB29P) AppleWebKit/537.36 (KHTML, like Gecko) Chrome/131.0.6778.69 Mobile Safari/537.36 (compatible; Googlebot/2.1; +http://www.google.com/bot.html)"
66.249.79.233 - - [22/Nov/2024:04:22:25 -0500] "GET /lib/?site=topjitu-rtp-slot HTTP/1.0" 404 1581 "-" "Mozilla/5.0 (Linux; Android 6.0.1; Nexus 5X Build/MMB29P) AppleWebKit/537.36 (KHTML, like Gecko) Chrome/131.0.6778.69 Mobile Safari/537.36 (compatible; Googlebot/2.1; +http://www.google.com/bot.html)"
37.27.51.144 - - [22/Nov/2024:04:22:27 -0500] "GET /product_detail.php?pageNo=36&id=2878 HTTP/1.0" 200 37410 "-" "Mozilla/5.0 (compatible; BLEXBot/1.0; +http://webmeup-crawler.com/)"
37.27.51.144 - - [22/Nov/2024:04:22:29 -0500] "GET /product_detail.php?pageNo=36&id=2878 HTTP/1.0" 200 37410 "-" "Mozilla/5.0 (compatible; BLEXBot/1.0; +http://webmeup-crawler.com/)"
37.27.51.144 - - [22/Nov/2024:04:22:32 -0500] "GET /product_detail.php?pageNo=36&id=2879 HTTP/1.0" 200 37410 "-" "Mozilla/5.0 (compatible; BLEXBot/1.0; +http://webmeup-crawler.com/)"
85.208.96.204 - - [22/Nov/2024:04:22:33 -0500] "GET /product_detail.php?id=2455&pageNo=6&pid=639 HTTP/1.0" 200 37550 "-" "Mozilla/5.0 (compatible; SemrushBot/7~bl; +http://www.semrush.com/bot.html)"
37.27.51.144 - - [22/Nov/2024:04:22:34 -0500] "GET /product_detail.php?pageNo=36&id=2879 HTTP/1.0" 200 37410 "-" "Mozilla/5.0 (compatible; BLEXBot/1.0; +http://webmeup-crawler.com/)"
37.27.51.144 - - [22/Nov/2024:04:22:36 -0500] "GET /product_detail.php?pageNo=36&id=2880 HTTP/1.0" 200 37410 "-" "Mozilla/5.0 (compatible; BLEXBot/1.0; +http://webmeup-crawler.com/)"
18.118.193.28 - - [22/Nov/2024:04:22:36 -0500] "GET /product_detail.php?id=3398&pageNo=16&pid=639 HTTP/1.0" 200 43109 "https://goldensunimport.com/product_detail.php?id=3398&pageNo=16&pid=639" "Mozilla/5.0 AppleWebKit/537.36 (KHTML, like Gecko; compatible; ClaudeBot/1.0; +claudebot@anthropic.com)"
37.27.51.144 - - [22/Nov/2024:04:22:39 -0500] "GET /product_detail.php?pageNo=36&id=2880 HTTP/1.0" 200 37410 "-" "Mozilla/5.0 (compatible; BLEXBot/1.0; +http://webmeup-crawler.com/)"
37.27.51.144 - - [22/Nov/2024:04:22:41 -0500] "GET /product_detail.php?pageNo=36&id=2881 HTTP/1.0" 200 37410 "-" "Mozilla/5.0 (compatible; BLEXBot/1.0; +http://webmeup-crawler.com/)"
37.27.51.144 - - [22/Nov/2024:04:22:43 -0500] "GET /product_detail.php?pageNo=36&id=2881 HTTP/1.0" 200 37410 "-" "Mozilla/5.0 (compatible; BLEXBot/1.0; +http://webmeup-crawler.com/)"
37.27.51.144 - - [22/Nov/2024:04:22:46 -0500] "GET /product_detail.php?pageNo=36&id=2882 HTTP/1.0" 200 37410 "-" "Mozilla/5.0 (compatible; BLEXBot/1.0; +http://webmeup-crawler.com/)"
3.21.46.68 - - [22/Nov/2024:04:22:46 -0500] "GET /product_detail.php?id=1841&pageNo=1&pid=737 HTTP/1.0" 200 37250 "https://goldensunimport.com/product_detail.php?id=1841&pageNo=1&pid=737" "Mozilla/5.0 AppleWebKit/537.36 (KHTML, like Gecko; compatible; ClaudeBot/1.0; +claudebot@anthropic.com)"
37.27.51.144 - - [22/Nov/2024:04:22:49 -0500] "GET /product_detail.php?pageNo=36&id=2882 HTTP/1.0" 200 37410 "-" "Mozilla/5.0 (compatible; BLEXBot/1.0; +http://webmeup-crawler.com/)"
37.27.51.144 - - [22/Nov/2024:04:22:51 -0500] "GET /product_detail.php?pageNo=36&id=2883 HTTP/1.0" 200 37410 "-" "Mozilla/5.0 (compatible; BLEXBot/1.0; +http://webmeup-crawler.com/)"
37.27.51.144 - - [22/Nov/2024:04:22:53 -0500] "GET /product_detail.php?pageNo=36&id=2883 HTTP/1.0" 200 37410 "-" "Mozilla/5.0 (compatible; BLEXBot/1.0; +http://webmeup-crawler.com/)"
37.27.51.144 - - [22/Nov/2024:04:22:56 -0500] "GET /product_detail.php?pageNo=36&id=2884 HTTP/1.0" 200 37410 "-" "Mozilla/5.0 (compatible; BLEXBot/1.0; +http://webmeup-crawler.com/)"
37.27.51.144 - - [22/Nov/2024:04:22:58 -0500] "GET /product_detail.php?pageNo=36&id=2884 HTTP/1.0" 200 37410 "-" "Mozilla/5.0 (compatible; BLEXBot/1.0; +http://webmeup-crawler.com/)"
37.27.51.144 - - [22/Nov/2024:04:23:00 -0500] "GET /product_detail.php?pageNo=36&id=2885 HTTP/1.0" 200 37410 "-" "Mozilla/5.0 (compatible; BLEXBot/1.0; +http://webmeup-crawler.com/)"
114.119.157.24 - - [22/Nov/2024:04:23:02 -0500] "GET /product_detail.php?id=1829&pid=737 HTTP/1.0" 200 36996 "https://goldensunimport.com/product_detail.php?pageNo=5&id=2928&pid=737" "Mozilla/5.0 (Linux; Android 7.0;) AppleWebKit/537.36 (KHTML, like Gecko) Mobile Safari/537.36 (compatible; PetalBot;+https://webmaster.petalsearch.com/site/petalbot)"
37.27.51.144 - - [22/Nov/2024:04:23:02 -0500] "GET /product_detail.php?pageNo=36&id=2885 HTTP/1.0" 200 37410 "-" "Mozilla/5.0 (compatible; BLEXBot/1.0; +http://webmeup-crawler.com/)"
37.27.51.144 - - [22/Nov/2024:04:23:04 -0500] "GET /product_detail.php?pageNo=36&id=2886 HTTP/1.0" 200 37410 "-" "Mozilla/5.0 (compatible; BLEXBot/1.0; +http://webmeup-crawler.com/)"
37.27.51.144 - - [22/Nov/2024:04:23:06 -0500] "GET /product_detail.php?pageNo=36&id=2886 HTTP/1.0" 200 37410 "-" "Mozilla/5.0 (compatible; BLEXBot/1.0; +http://webmeup-crawler.com/)"
37.27.51.144 - - [22/Nov/2024:04:23:09 -0500] "GET /product_detail.php?pageNo=36&id=2887 HTTP/1.0" 200 37410 "-" "Mozilla/5.0 (compatible; BLEXBot/1.0; +http://webmeup-crawler.com/)"
3.135.206.25 - - [22/Nov/2024:04:23:09 -0500] "GET /product_detail.php?id=3453&pageNo=10&pid=639 HTTP/1.0" 200 48762 "https://goldensunimport.com/product_detail.php?id=3453&pageNo=10&pid=639" "Mozilla/5.0 AppleWebKit/537.36 (KHTML, like Gecko; compatible; ClaudeBot/1.0; +claudebot@anthropic.com)"
37.27.51.144 - - [22/Nov/2024:04:23:11 -0500] "GET /product_detail.php?pageNo=36&id=2887 HTTP/1.0" 200 37410 "-" "Mozilla/5.0 (compatible; BLEXBot/1.0; +http://webmeup-crawler.com/)"
37.27.51.144 - - [22/Nov/2024:04:23:13 -0500] "GET /product_detail.php?pageNo=36&id=2888 HTTP/1.0" 200 37410 "-" "Mozilla/5.0 (compatible; BLEXBot/1.0; +http://webmeup-crawler.com/)"
37.27.51.144 - - [22/Nov/2024:04:23:15 -0500] "GET /product_detail.php?pageNo=36&id=2888 HTTP/1.0" 200 37410 "-" "Mozilla/5.0 (compatible; BLEXBot/1.0; +http://webmeup-crawler.com/)"
18.119.122.69 - - [22/Nov/2024:04:23:15 -0500] "GET /product_detail.php?id=3395&pageNo=18&pid=639 HTTP/1.0" 200 37770 "https://goldensunimport.com/product_detail.php?id=3395&pageNo=18&pid=639" "Mozilla/5.0 AppleWebKit/537.36 (KHTML, like Gecko; compatible; ClaudeBot/1.0; +claudebot@anthropic.com)"
37.27.51.144 - - [22/Nov/2024:04:23:17 -0500] "GET /product_detail.php?pageNo=36&id=2889 HTTP/1.0" 200 37410 "-" "Mozilla/5.0 (compatible; BLEXBot/1.0; +http://webmeup-crawler.com/)"
37.27.51.144 - - [22/Nov/2024:04:23:19 -0500] "GET /product_detail.php?pageNo=36&id=2889 HTTP/1.0" 200 37410 "-" "Mozilla/5.0 (compatible; BLEXBot/1.0; +http://webmeup-crawler.com/)"
37.27.51.144 - - [22/Nov/2024:04:23:22 -0500] "GET /product_detail.php?pageNo=36&id=2890 HTTP/1.0" 200 37410 "-" "Mozilla/5.0 (compatible; BLEXBot/1.0; +http://webmeup-crawler.com/)"
37.27.51.144 - - [22/Nov/2024:04:23:24 -0500] "GET /product_detail.php?pageNo=36&id=2890 HTTP/1.0" 200 37410 "-" "Mozilla/5.0 (compatible; BLEXBot/1.0; +http://webmeup-crawler.com/)"
37.27.51.144 - - [22/Nov/2024:04:23:26 -0500] "GET /product_detail.php?pageNo=36&id=2891 HTTP/1.0" 200 37410 "-" "Mozilla/5.0 (compatible; BLEXBot/1.0; +http://webmeup-crawler.com/)"
66.249.79.235 - - [22/Nov/2024:04:23:28 -0500] "GET /admin/ad_upload/20220331063913pic.php?filesrc=/var/www/vhosts/goldensunimport.com/public_html/admin/product_upload/20220125193134sPic.jpg&path=/var/www/vhosts/goldensunimport.com/public_html/admin/product_upload HTTP/1.0" 200 2608 "-" "Mozilla/5.0 (Linux; Android 6.0.1; Nexus 5X Build/MMB29P) AppleWebKit/537.36 (KHTML, like Gecko) Chrome/131.0.6778.69 Mobile Safari/537.36 (compatible; Googlebot/2.1; +http://www.google.com/bot.html)"
37.27.51.144 - - [22/Nov/2024:04:23:28 -0500] "GET /product_detail.php?pageNo=36&id=2891 HTTP/1.0" 200 37410 "-" "Mozilla/5.0 (compatible; BLEXBot/1.0; +http://webmeup-crawler.com/)"
37.27.51.144 - - [22/Nov/2024:04:23:30 -0500] "GET /product_detail.php?pageNo=36&id=2892 HTTP/1.0" 200 37410 "-" "Mozilla/5.0 (compatible; BLEXBot/1.0; +http://webmeup-crawler.com/)"
37.27.51.144 - - [22/Nov/2024:04:23:33 -0500] "GET /product_detail.php?pageNo=36&id=2892 HTTP/1.0" 200 37410 "-" "Mozilla/5.0 (compatible; BLEXBot/1.0; +http://webmeup-crawler.com/)"
37.27.51.144 - - [22/Nov/2024:04:23:35 -0500] "GET /product_detail.php?pageNo=36&id=2893 HTTP/1.0" 200 37410 "-" "Mozilla/5.0 (compatible; BLEXBot/1.0; +http://webmeup-crawler.com/)"
3.15.239.145 - - [22/Nov/2024:04:23:37 -0500] "GET /product_detail.php?id=3453&pageNo=1&pid=639 HTTP/1.0" 200 37426 "https://goldensunimport.com/product_detail.php?id=3453&pageNo=1&pid=639" "Mozilla/5.0 AppleWebKit/537.36 (KHTML, like Gecko; compatible; ClaudeBot/1.0; +claudebot@anthropic.com)"
37.27.51.144 - - [22/Nov/2024:04:23:37 -0500] "GET /product_detail.php?pageNo=36&id=2893 HTTP/1.0" 200 37410 "-" "Mozilla/5.0 (compatible; BLEXBot/1.0; +http://webmeup-crawler.com/)"
37.27.51.144 - - [22/Nov/2024:04:23:40 -0500] "GET /product_detail.php?pageNo=36&id=2894 HTTP/1.0" 200 37410 "-" "Mozilla/5.0 (compatible; BLEXBot/1.0; +http://webmeup-crawler.com/)"
47.128.54.202 - - [22/Nov/2024:04:23:41 -0500] "GET /product_detail.php?id=3696&pageNo=2&pid=748 HTTP/1.0" 200 37343 "-" "Mozilla/5.0 (compatible; Bytespider; spider-feedback@bytedance.com) AppleWebKit/537.36 (KHTML, like Gecko) Chrome/70.0.0.0 Safari/537.36"
37.27.51.144 - - [22/Nov/2024:04:23:42 -0500] "GET /product_detail.php?pageNo=36&id=2894 HTTP/1.0" 200 37410 "-" "Mozilla/5.0 (compatible; BLEXBot/1.0; +http://webmeup-crawler.com/)"
47.128.54.202 - - [22/Nov/2024:04:23:42 -0500] "GET /admin/product_upload/20240213001521bPic.jpg HTTP/1.0" 200 788 "https://www.goldensunimport.com/product_detail.php?id=3696&pageNo=2&pid=748" "Mozilla/5.0 (compatible; Bytespider; spider-feedback@bytedance.com) AppleWebKit/537.36 (KHTML, like Gecko) Chrome/70.0.0.0 Safari/537.36"
47.128.54.202 - - [22/Nov/2024:04:23:42 -0500] "GET /admin/product_upload/20240724145315sPic.jpg HTTP/1.0" 200 788 "https://www.goldensunimport.com/product_detail.php?id=3696&pageNo=2&pid=748" "Mozilla/5.0 (compatible; Bytespider; spider-feedback@bytedance.com) AppleWebKit/537.36 (KHTML, like Gecko) Chrome/70.0.0.0 Safari/537.36"
47.128.54.202 - - [22/Nov/2024:04:23:42 -0500] "GET /admin/product_upload/20240921150808sPic.jpg HTTP/1.0" 200 788 "https://www.goldensunimport.com/product_detail.php?id=3696&pageNo=2&pid=748" "Mozilla/5.0 (compatible; Bytespider; spider-feedback@bytedance.com) AppleWebKit/537.36 (KHTML, like Gecko) Chrome/70.0.0.0 Safari/537.36"
47.128.54.202 - - [22/Nov/2024:04:23:42 -0500] "GET /admin/product_upload/20240921150656sPic.jpg HTTP/1.0" 200 788 "https://www.goldensunimport.com/product_detail.php?id=3696&pageNo=2&pid=748" "Mozilla/5.0 (compatible; Bytespider; spider-feedback@bytedance.com) AppleWebKit/537.36 (KHTML, like Gecko) Chrome/70.0.0.0 Safari/537.36"
47.128.54.202 - - [22/Nov/2024:04:23:42 -0500] "GET /admin/product_upload/20240921150448sPic.jpg HTTP/1.0" 200 788 "https://www.goldensunimport.com/product_detail.php?id=3696&pageNo=2&pid=748" "Mozilla/5.0 (compatible; Bytespider; spider-feedback@bytedance.com) AppleWebKit/537.36 (KHTML, like Gecko) Chrome/70.0.0.0 Safari/537.36"
47.128.54.202 - - [22/Nov/2024:04:23:42 -0500] "GET /admin/product_upload/20240712082501sPic.jpg HTTP/1.0" 200 788 "https://www.goldensunimport.com/product_detail.php?id=3696&pageNo=2&pid=748" "Mozilla/5.0 (compatible; Bytespider; spider-feedback@bytedance.com) AppleWebKit/537.36 (KHTML, like Gecko) Chrome/70.0.0.0 Safari/537.36"
47.128.54.202 - - [22/Nov/2024:04:23:42 -0500] "GET /admin/product_upload/20240921150930sPic.jpg HTTP/1.0" 200 788 "https://www.goldensunimport.com/product_detail.php?id=3696&pageNo=2&pid=748" "Mozilla/5.0 (compatible; Bytespider; spider-feedback@bytedance.com) AppleWebKit/537.36 (KHTML, like Gecko) Chrome/70.0.0.0 Safari/537.36"
47.128.54.202 - - [22/Nov/2024:04:23:42 -0500] "GET /admin/product_upload/20240614131817sPic.jpg HTTP/1.0" 200 788 "https://www.goldensunimport.com/product_detail.php?id=3696&pageNo=2&pid=748" "Mozilla/5.0 (compatible; Bytespider; spider-feedback@bytedance.com) AppleWebKit/537.36 (KHTML, like Gecko) Chrome/70.0.0.0 Safari/537.36"
47.128.54.202 - - [22/Nov/2024:04:23:42 -0500] "GET /admin/product_upload/20240710050855sPic.jpg HTTP/1.0" 200 788 "https://www.goldensunimport.com/product_detail.php?id=3696&pageNo=2&pid=748" "Mozilla/5.0 (compatible; Bytespider; spider-feedback@bytedance.com) AppleWebKit/537.36 (KHTML, like Gecko) Chrome/70.0.0.0 Safari/537.36"
47.128.54.202 - - [22/Nov/2024:04:23:42 -0500] "GET /admin/product_upload/20240710050815sPic.jpg HTTP/1.0" 200 788 "https://www.goldensunimport.com/product_detail.php?id=3696&pageNo=2&pid=748" "Mozilla/5.0 (compatible; Bytespider; spider-feedback@bytedance.com) AppleWebKit/537.36 (KHTML, like Gecko) Chrome/70.0.0.0 Safari/537.36"
47.128.54.202 - - [22/Nov/2024:04:23:43 -0500] "GET /admin/ad_upload/ HTTP/1.0" 403 1568 "https://www.goldensunimport.com/product_detail.php?id=3696&pageNo=2&pid=748" "Mozilla/5.0 (compatible; Bytespider; spider-feedback@bytedance.com) AppleWebKit/537.36 (KHTML, like Gecko) Chrome/70.0.0.0 Safari/537.36"
37.27.51.144 - - [22/Nov/2024:04:23:44 -0500] "GET /product_detail.php?pageNo=36&id=2895 HTTP/1.0" 200 37410 "-" "Mozilla/5.0 (compatible; BLEXBot/1.0; +http://webmeup-crawler.com/)"
18.119.19.205 - - [22/Nov/2024:04:23:44 -0500] "GET /product_detail.php?id=1413&pageNo=4&pid=694 HTTP/1.0" 200 35676 "https://goldensunimport.com/product_detail.php?id=1413&pageNo=4&pid=694" "Mozilla/5.0 AppleWebKit/537.36 (KHTML, like Gecko; compatible; ClaudeBot/1.0; +claudebot@anthropic.com)"
37.27.51.144 - - [22/Nov/2024:04:23:46 -0500] "GET /product_detail.php?pageNo=36&id=2895 HTTP/1.0" 200 37410 "-" "Mozilla/5.0 (compatible; BLEXBot/1.0; +http://webmeup-crawler.com/)"
37.27.51.144 - - [22/Nov/2024:04:23:49 -0500] "GET /product_detail.php?pageNo=36&id=2896 HTTP/1.0" 200 37410 "-" "Mozilla/5.0 (compatible; BLEXBot/1.0; +http://webmeup-crawler.com/)"
37.27.51.144 - - [22/Nov/2024:04:23:51 -0500] "GET /product_detail.php?pageNo=36&id=2896 HTTP/1.0" 200 37410 "-" "Mozilla/5.0 (compatible; BLEXBot/1.0; +http://webmeup-crawler.com/)"
37.27.51.144 - - [22/Nov/2024:04:23:53 -0500] "GET /product_detail.php?pageNo=36&id=2897 HTTP/1.0" 200 37410 "-" "Mozilla/5.0 (compatible; BLEXBot/1.0; +http://webmeup-crawler.com/)"
37.27.51.144 - - [22/Nov/2024:04:23:55 -0500] "GET /product_detail.php?pageNo=36&id=2897 HTTP/1.0" 200 37410 "-" "Mozilla/5.0 (compatible; BLEXBot/1.0; +http://webmeup-crawler.com/)"
37.27.51.144 - - [22/Nov/2024:04:23:57 -0500] "GET /product_detail.php?pageNo=36&id=2898 HTTP/1.0" 200 37410 "-" "Mozilla/5.0 (compatible; BLEXBot/1.0; +http://webmeup-crawler.com/)"
37.27.51.144 - - [22/Nov/2024:04:24:00 -0500] "GET /product_detail.php?pageNo=36&id=2898 HTTP/1.0" 200 37410 "-" "Mozilla/5.0 (compatible; BLEXBot/1.0; +http://webmeup-crawler.com/)"
37.27.51.144 - - [22/Nov/2024:04:24:02 -0500] "GET /product_detail.php?pageNo=36&id=2899 HTTP/1.0" 200 37410 "-" "Mozilla/5.0 (compatible; BLEXBot/1.0; +http://webmeup-crawler.com/)"
52.15.185.147 - - [22/Nov/2024:04:24:04 -0500] "GET /product_detail.php?id=2610&pageNo=3&pid=694 HTTP/1.0" 200 37293 "https://goldensunimport.com/product_detail.php?id=2610&pageNo=3&pid=694" "Mozilla/5.0 AppleWebKit/537.36 (KHTML, like Gecko; compatible; ClaudeBot/1.0; +claudebot@anthropic.com)"
37.27.51.144 - - [22/Nov/2024:04:24:04 -0500] "GET /product_detail.php?pageNo=36&id=2899 HTTP/1.0" 200 37410 "-" "Mozilla/5.0 (compatible; BLEXBot/1.0; +http://webmeup-crawler.com/)"
37.27.51.144 - - [22/Nov/2024:04:24:06 -0500] "GET /product_detail.php?pageNo=36&id=2900 HTTP/1.0" 200 37410 "-" "Mozilla/5.0 (compatible; BLEXBot/1.0; +http://webmeup-crawler.com/)"
37.27.51.144 - - [22/Nov/2024:04:24:09 -0500] "GET /product_detail.php?pageNo=36&id=2900 HTTP/1.0" 200 37410 "-" "Mozilla/5.0 (compatible; BLEXBot/1.0; +http://webmeup-crawler.com/)"
37.27.51.144 - - [22/Nov/2024:04:24:11 -0500] "GET /product_detail.php?pageNo=36&id=2901 HTTP/1.0" 200 37410 "-" "Mozilla/5.0 (compatible; BLEXBot/1.0; +http://webmeup-crawler.com/)"
37.27.51.144 - - [22/Nov/2024:04:24:13 -0500] "GET /product_detail.php?pageNo=36&id=2901 HTTP/1.0" 200 37410 "-" "Mozilla/5.0 (compatible; BLEXBot/1.0; +http://webmeup-crawler.com/)"
37.27.51.144 - - [22/Nov/2024:04:24:15 -0500] "GET /product_detail.php?pageNo=36&id=2902 HTTP/1.0" 200 37410 "-" "Mozilla/5.0 (compatible; BLEXBot/1.0; +http://webmeup-crawler.com/)"
37.27.51.144 - - [22/Nov/2024:04:24:18 -0500] "GET /product_detail.php?pageNo=36&id=2902 HTTP/1.0" 200 37410 "-" "Mozilla/5.0 (compatible; BLEXBot/1.0; +http://webmeup-crawler.com/)"
37.27.51.144 - - [22/Nov/2024:04:24:20 -0500] "GET /product_detail.php?pageNo=36&id=2903 HTTP/1.0" 200 37410 "-" "Mozilla/5.0 (compatible; BLEXBot/1.0; +http://webmeup-crawler.com/)"
85.208.96.200 - - [22/Nov/2024:04:24:22 -0500] "GET /product_detail.php?id=2377&pageNo=1&pid=737 HTTP/1.0" 200 37002 "-" "Mozilla/5.0 (compatible; SemrushBot/7~bl; +http://www.semrush.com/bot.html)"
37.27.51.144 - - [22/Nov/2024:04:24:24 -0500] "GET /product_detail.php?pageNo=36&id=2903 HTTP/1.0" 200 37410 "-" "Mozilla/5.0 (compatible; BLEXBot/1.0; +http://webmeup-crawler.com/)"
18.191.192.109 - - [22/Nov/2024:04:24:25 -0500] "GET /product_detail.php?id=3318&pageNo=13&pid=639 HTTP/1.0" 200 37774 "https://goldensunimport.com/product_detail.php?id=3318&pageNo=13&pid=639" "Mozilla/5.0 AppleWebKit/537.36 (KHTML, like Gecko; compatible; ClaudeBot/1.0; +claudebot@anthropic.com)"
37.27.51.144 - - [22/Nov/2024:04:24:27 -0500] "GET /product_detail.php?pageNo=36&id=2904 HTTP/1.0" 200 37410 "-" "Mozilla/5.0 (compatible; BLEXBot/1.0; +http://webmeup-crawler.com/)"
37.27.51.144 - - [22/Nov/2024:04:24:29 -0500] "GET /product_detail.php?pageNo=36&id=2904 HTTP/1.0" 200 37410 "-" "Mozilla/5.0 (compatible; BLEXBot/1.0; +http://webmeup-crawler.com/)"
3.137.176.213 - - [22/Nov/2024:04:24:30 -0500] "GET /product_detail.php?id=2792&pid=705 HTTP/1.0" 200 37132 "https://goldensunimport.com/product_detail.php?id=2792&pid=705" "Mozilla/5.0 AppleWebKit/537.36 (KHTML, like Gecko; compatible; ClaudeBot/1.0; +claudebot@anthropic.com)"
37.27.51.144 - - [22/Nov/2024:04:24:32 -0500] "GET /product_detail.php?pageNo=36&id=2905 HTTP/1.0" 200 37410 "-" "Mozilla/5.0 (compatible; BLEXBot/1.0; +http://webmeup-crawler.com/)"
37.27.51.144 - - [22/Nov/2024:04:24:34 -0500] "GET /product_detail.php?pageNo=36&id=2905 HTTP/1.0" 200 37410 "-" "Mozilla/5.0 (compatible; BLEXBot/1.0; +http://webmeup-crawler.com/)"
37.27.51.144 - - [22/Nov/2024:04:24:36 -0500] "GET /product_detail.php?pageNo=36&id=2906 HTTP/1.0" 200 37410 "-" "Mozilla/5.0 (compatible; BLEXBot/1.0; +http://webmeup-crawler.com/)"
3.133.139.28 - - [22/Nov/2024:04:24:37 -0500] "GET /product_detail.php?id=3310&pageNo=1&pid=639 HTTP/1.0" 200 39796 "https://goldensunimport.com/product_detail.php?id=3310&pageNo=1&pid=639" "Mozilla/5.0 AppleWebKit/537.36 (KHTML, like Gecko; compatible; ClaudeBot/1.0; +claudebot@anthropic.com)"
37.27.51.144 - - [22/Nov/2024:04:24:40 -0500] "GET /product_detail.php?pageNo=36&id=2906 HTTP/1.0" 200 37410 "-" "Mozilla/5.0 (compatible; BLEXBot/1.0; +http://webmeup-crawler.com/)"
47.128.20.231 - - [22/Nov/2024:04:24:41 -0500] "GET /product_detail.php?id=1959&pageNo=40&pid=639 HTTP/1.0" 200 37005 "-" "Mozilla/5.0 (Linux; Android 5.0) AppleWebKit/537.36 (KHTML, like Gecko) Mobile Safari/537.36 (compatible; Bytespider; spider-feedback@bytedance.com)"
47.128.20.231 - - [22/Nov/2024:04:24:42 -0500] "GET /admin/ad_upload/ HTTP/1.0" 403 1568 "https://www.goldensunimport.com/product_detail.php?id=1959&pageNo=40&pid=639" "Mozilla/5.0 (Linux; Android 5.0) AppleWebKit/537.36 (KHTML, like Gecko) Mobile Safari/537.36 (compatible; Bytespider; spider-feedback@bytedance.com)"
37.27.51.144 - - [22/Nov/2024:04:24:43 -0500] "GET /product_detail.php?pageNo=36&id=2907 HTTP/1.0" 200 37410 "-" "Mozilla/5.0 (compatible; BLEXBot/1.0; +http://webmeup-crawler.com/)"
37.27.51.144 - - [22/Nov/2024:04:24:45 -0500] "GET /product_detail.php?pageNo=36&id=2907 HTTP/1.0" 200 37410 "-" "Mozilla/5.0 (compatible; BLEXBot/1.0; +http://webmeup-crawler.com/)"
37.27.51.144 - - [22/Nov/2024:04:24:47 -0500] "GET /product_detail.php?pageNo=36&id=2909 HTTP/1.0" 200 37410 "-" "Mozilla/5.0 (compatible; BLEXBot/1.0; +http://webmeup-crawler.com/)"
114.119.155.236 - - [22/Nov/2024:04:24:49 -0500] "GET /product_detail.php?id=1460&pid=639 HTTP/1.0" 200 37428 "https://goldensunimport.com/product_detail.php?pageNo=24&id=1646&pid=639" "Mozilla/5.0 (Linux; Android 7.0;) AppleWebKit/537.36 (KHTML, like Gecko) Mobile Safari/537.36 (compatible; PetalBot;+https://webmaster.petalsearch.com/site/petalbot)"
37.27.51.144 - - [22/Nov/2024:04:24:49 -0500] "GET /product_detail.php?pageNo=36&id=2909 HTTP/1.0" 200 37410 "-" "Mozilla/5.0 (compatible; BLEXBot/1.0; +http://webmeup-crawler.com/)"
37.27.51.144 - - [22/Nov/2024:04:24:51 -0500] "GET /product_detail.php?pageNo=36&id=2910 HTTP/1.0" 200 37410 "-" "Mozilla/5.0 (compatible; BLEXBot/1.0; +http://webmeup-crawler.com/)"
37.27.51.144 - - [22/Nov/2024:04:24:54 -0500] "GET /product_detail.php?pageNo=36&id=2910 HTTP/1.0" 200 37410 "-" "Mozilla/5.0 (compatible; BLEXBot/1.0; +http://webmeup-crawler.com/)"
37.27.51.144 - - [22/Nov/2024:04:24:56 -0500] "GET /product_detail.php?pageNo=36&id=2911 HTTP/1.0" 200 37410 "-" "Mozilla/5.0 (compatible; BLEXBot/1.0; +http://webmeup-crawler.com/)"
37.27.51.144 - - [22/Nov/2024:04:24:58 -0500] "GET /product_detail.php?pageNo=36&id=2911 HTTP/1.0" 200 37410 "-" "Mozilla/5.0 (compatible; BLEXBot/1.0; +http://webmeup-crawler.com/)"
3.147.205.19 - - [22/Nov/2024:04:24:58 -0500] "GET /product_detail.php?id=3035&pageNo=8&pid=639 HTTP/1.0" 200 38140 "https://goldensunimport.com/product_detail.php?id=3035&pageNo=8&pid=639" "Mozilla/5.0 AppleWebKit/537.36 (KHTML, like Gecko; compatible; ClaudeBot/1.0; +claudebot@anthropic.com)"
37.27.51.144 - - [22/Nov/2024:04:25:00 -0500] "GET /product_detail.php?pageNo=36&id=2912 HTTP/1.0" 200 37410 "-" "Mozilla/5.0 (compatible; BLEXBot/1.0; +http://webmeup-crawler.com/)"
37.27.51.144 - - [22/Nov/2024:04:25:03 -0500] "GET /product_detail.php?pageNo=36&id=2912 HTTP/1.0" 200 37410 "-" "Mozilla/5.0 (compatible; BLEXBot/1.0; +http://webmeup-crawler.com/)"
37.27.51.144 - - [22/Nov/2024:04:25:05 -0500] "GET /product_detail.php?pageNo=36&id=2913 HTTP/1.0" 200 37410 "-" "Mozilla/5.0 (compatible; BLEXBot/1.0; +http://webmeup-crawler.com/)"
37.27.51.144 - - [22/Nov/2024:04:25:07 -0500] "GET /product_detail.php?pageNo=36&id=2913 HTTP/1.0" 200 37410 "-" "Mozilla/5.0 (compatible; BLEXBot/1.0; +http://webmeup-crawler.com/)"
37.27.51.144 - - [22/Nov/2024:04:25:09 -0500] "GET /product_detail.php?pageNo=36&id=2914 HTTP/1.0" 200 37410 "-" "Mozilla/5.0 (compatible; BLEXBot/1.0; +http://webmeup-crawler.com/)"
37.27.51.144 - - [22/Nov/2024:04:25:12 -0500] "GET /product_detail.php?pageNo=36&id=2914 HTTP/1.0" 200 37410 "-" "Mozilla/5.0 (compatible; BLEXBot/1.0; +http://webmeup-crawler.com/)"
37.27.51.144 - - [22/Nov/2024:04:25:14 -0500] "GET /product_detail.php?pageNo=36&id=2915 HTTP/1.0" 200 37410 "-" "Mozilla/5.0 (compatible; BLEXBot/1.0; +http://webmeup-crawler.com/)"
