37.27.51.144 - - [22/Nov/2024:04:38:41 -0500] "GET /product_detail.php?pageNo=36&id=3446 HTTP/1.0" 200 37410 "-" "Mozilla/5.0 (compatible; BLEXBot/1.0; +http://webmeup-crawler.com/)"
37.27.51.144 - - [22/Nov/2024:04:38:43 -0500] "GET /product_detail.php?pageNo=36&id=3447 HTTP/1.0" 200 37410 "-" "Mozilla/5.0 (compatible; BLEXBot/1.0; +http://webmeup-crawler.com/)"
37.27.51.144 - - [22/Nov/2024:04:38:45 -0500] "GET /product_detail.php?pageNo=36&id=3448 HTTP/1.0" 200 37410 "-" "Mozilla/5.0 (compatible; BLEXBot/1.0; +http://webmeup-crawler.com/)"
3.22.42.189 - - [22/Nov/2024:04:38:49 -0500] "GET /robots.txt HTTP/1.0" 404 1581 "https://goldensunimport.com/robots.txt" "Mozilla/5.0 AppleWebKit/537.36 (KHTML, like Gecko; compatible; ClaudeBot/1.0; +claudebot@anthropic.com)"
3.22.42.189 - - [22/Nov/2024:04:38:49 -0500] "GET /product_detail.php?id=2127&pageNo=1&pid=737 HTTP/1.0" 200 44537 "https://goldensunimport.com/product_detail.php?id=2127&pageNo=1&pid=737" "Mozilla/5.0 AppleWebKit/537.36 (KHTML, like Gecko; compatible; ClaudeBot/1.0; +claudebot@anthropic.com)"
37.27.51.144 - - [22/Nov/2024:04:38:49 -0500] "GET /product_detail.php?pageNo=36&id=3449 HTTP/1.0" 200 37498 "-" "Mozilla/5.0 (compatible; BLEXBot/1.0; +http://webmeup-crawler.com/)"
185.191.171.12 - - [22/Nov/2024:04:38:50 -0500] "GET /product_detail.php?id=2876&pageNo=1&pid=741 HTTP/1.0" 200 27184 "-" "Mozilla/5.0 (compatible; SemrushBot/7~bl; +http://www.semrush.com/bot.html)"
3.147.65.111 - - [22/Nov/2024:04:38:50 -0500] "GET /product_detail.php?id=3453&pageNo=21&pid=639 HTTP/1.0" 200 38471 "https://goldensunimport.com/product_detail.php?id=3453&pageNo=21&pid=639" "Mozilla/5.0 AppleWebKit/537.36 (KHTML, like Gecko; compatible; ClaudeBot/1.0; +claudebot@anthropic.com)"
37.27.51.144 - - [22/Nov/2024:04:38:51 -0500] "GET /product_detail.php?pageNo=36&id=3450 HTTP/1.0" 200 37498 "-" "Mozilla/5.0 (compatible; BLEXBot/1.0; +http://webmeup-crawler.com/)"
3.145.58.158 - - [22/Nov/2024:04:38:53 -0500] "GET /products.php?USER_CITY=sh&new=1&pageNo=33 HTTP/1.0" 200 35517 "https://goldensunimport.com/products.php?USER_CITY=sh&new=1&pageNo=33" "Mozilla/5.0 AppleWebKit/537.36 (KHTML, like Gecko; compatible; ClaudeBot/1.0; +claudebot@anthropic.com)"
85.208.96.203 - - [22/Nov/2024:04:38:54 -0500] "GET /product_detail.php?id=2817&pageNo=4&pid=741 HTTP/1.0" 200 27184 "-" "Mozilla/5.0 (compatible; SemrushBot/7~bl; +http://www.semrush.com/bot.html)"
37.27.51.144 - - [22/Nov/2024:04:38:54 -0500] "GET /product_detail.php?pageNo=36&id=3451 HTTP/1.0" 200 37498 "-" "Mozilla/5.0 (compatible; BLEXBot/1.0; +http://webmeup-crawler.com/)"
37.27.51.144 - - [22/Nov/2024:04:38:56 -0500] "GET /product_detail.php?pageNo=36&id=3452 HTTP/1.0" 200 37498 "-" "Mozilla/5.0 (compatible; BLEXBot/1.0; +http://webmeup-crawler.com/)"
37.27.51.144 - - [22/Nov/2024:04:38:58 -0500] "GET /product_detail.php?pageNo=36&id=3453 HTTP/1.0" 200 37498 "-" "Mozilla/5.0 (compatible; BLEXBot/1.0; +http://webmeup-crawler.com/)"
37.27.51.144 - - [22/Nov/2024:04:39:01 -0500] "GET /product_detail.php?pageNo=36&id=3454 HTTP/1.0" 200 37500 "-" "Mozilla/5.0 (compatible; BLEXBot/1.0; +http://webmeup-crawler.com/)"
37.27.51.144 - - [22/Nov/2024:04:39:03 -0500] "GET /product_detail.php?pageNo=36&id=3455 HTTP/1.0" 200 37500 "-" "Mozilla/5.0 (compatible; BLEXBot/1.0; +http://webmeup-crawler.com/)"
85.208.96.199 - - [22/Nov/2024:04:39:04 -0500] "GET /product_detail.php?id=3580&pageNo=1&pid=748 HTTP/1.0" 200 37229 "-" "Mozilla/5.0 (compatible; SemrushBot/7~bl; +http://www.semrush.com/bot.html)"
37.27.51.144 - - [22/Nov/2024:04:39:05 -0500] "GET /product_detail.php?pageNo=36&id=3456 HTTP/1.0" 200 37498 "-" "Mozilla/5.0 (compatible; BLEXBot/1.0; +http://webmeup-crawler.com/)"
37.27.51.144 - - [22/Nov/2024:04:39:07 -0500] "GET /product_detail.php?pageNo=36&id=3457 HTTP/1.0" 200 37500 "-" "Mozilla/5.0 (compatible; BLEXBot/1.0; +http://webmeup-crawler.com/)"
37.27.51.144 - - [22/Nov/2024:04:39:10 -0500] "GET /product_detail.php?pageNo=36&id=3458 HTTP/1.0" 200 37500 "-" "Mozilla/5.0 (compatible; BLEXBot/1.0; +http://webmeup-crawler.com/)"
37.27.51.144 - - [22/Nov/2024:04:39:12 -0500] "GET /product_detail.php?pageNo=36&id=3459 HTTP/1.0" 200 37500 "-" "Mozilla/5.0 (compatible; BLEXBot/1.0; +http://webmeup-crawler.com/)"
37.27.51.144 - - [22/Nov/2024:04:39:14 -0500] "GET /product_detail.php?pageNo=36&id=3460 HTTP/1.0" 200 37502 "-" "Mozilla/5.0 (compatible; BLEXBot/1.0; +http://webmeup-crawler.com/)"
37.27.51.144 - - [22/Nov/2024:04:39:17 -0500] "GET /product_detail.php?pageNo=36&id=3461 HTTP/1.0" 200 37500 "-" "Mozilla/5.0 (compatible; BLEXBot/1.0; +http://webmeup-crawler.com/)"
37.27.51.144 - - [22/Nov/2024:04:39:19 -0500] "GET /product_detail.php?pageNo=36&id=3462 HTTP/1.0" 200 37500 "-" "Mozilla/5.0 (compatible; BLEXBot/1.0; +http://webmeup-crawler.com/)"
37.27.51.144 - - [22/Nov/2024:04:39:21 -0500] "GET /product_detail.php?pageNo=36&id=3463 HTTP/1.0" 200 37500 "-" "Mozilla/5.0 (compatible; BLEXBot/1.0; +http://webmeup-crawler.com/)"
114.119.140.107 - - [22/Nov/2024:04:39:23 -0500] "GET /product_detail.php?pageNo=2&id=2552&pid=741 HTTP/1.0" 200 27184 "http://goldensunimport.com/product_detail.php?pageNo=3&id=2552&pid=741" "Mozilla/5.0 (Linux; Android 7.0;) AppleWebKit/537.36 (KHTML, like Gecko) Mobile Safari/537.36 (compatible; PetalBot;+https://webmaster.petalsearch.com/site/petalbot)"
37.27.51.144 - - [22/Nov/2024:04:39:23 -0500] "GET /product_detail.php?pageNo=36&id=3464 HTTP/1.0" 200 37502 "-" "Mozilla/5.0 (compatible; BLEXBot/1.0; +http://webmeup-crawler.com/)"
37.27.51.144 - - [22/Nov/2024:04:39:26 -0500] "GET /product_detail.php?pageNo=36&id=3465 HTTP/1.0" 200 37502 "-" "Mozilla/5.0 (compatible; BLEXBot/1.0; +http://webmeup-crawler.com/)"
37.27.51.144 - - [22/Nov/2024:04:39:28 -0500] "GET /product_detail.php?pageNo=36&id=3466 HTTP/1.0" 200 37502 "-" "Mozilla/5.0 (compatible; BLEXBot/1.0; +http://webmeup-crawler.com/)"
37.27.51.144 - - [22/Nov/2024:04:39:30 -0500] "GET /product_detail.php?pageNo=36&id=3467 HTTP/1.0" 200 37500 "-" "Mozilla/5.0 (compatible; BLEXBot/1.0; +http://webmeup-crawler.com/)"
37.27.51.144 - - [22/Nov/2024:04:39:33 -0500] "GET /product_detail.php?pageNo=36&id=3468 HTTP/1.0" 200 37500 "-" "Mozilla/5.0 (compatible; BLEXBot/1.0; +http://webmeup-crawler.com/)"
37.27.51.144 - - [22/Nov/2024:04:39:35 -0500] "GET /product_detail.php?pageNo=36&id=3469 HTTP/1.0" 200 37500 "-" "Mozilla/5.0 (compatible; BLEXBot/1.0; +http://webmeup-crawler.com/)"
37.27.51.144 - - [22/Nov/2024:04:39:37 -0500] "GET /product_detail.php?pageNo=36&id=3470 HTTP/1.0" 200 37500 "-" "Mozilla/5.0 (compatible; BLEXBot/1.0; +http://webmeup-crawler.com/)"
37.27.51.144 - - [22/Nov/2024:04:39:39 -0500] "GET /product_detail.php?pageNo=36&id=3471 HTTP/1.0" 200 37502 "-" "Mozilla/5.0 (compatible; BLEXBot/1.0; +http://webmeup-crawler.com/)"
37.27.51.144 - - [22/Nov/2024:04:39:41 -0500] "GET /product_detail.php?pageNo=36&id=3472 HTTP/1.0" 200 37502 "-" "Mozilla/5.0 (compatible; BLEXBot/1.0; +http://webmeup-crawler.com/)"
37.27.51.144 - - [22/Nov/2024:04:39:43 -0500] "GET /product_detail.php?pageNo=36&id=3473 HTTP/1.0" 200 37498 "-" "Mozilla/5.0 (compatible; BLEXBot/1.0; +http://webmeup-crawler.com/)"
37.27.51.144 - - [22/Nov/2024:04:39:46 -0500] "GET /product_detail.php?pageNo=36&id=3474 HTTP/1.0" 200 37410 "-" "Mozilla/5.0 (compatible; BLEXBot/1.0; +http://webmeup-crawler.com/)"
37.27.51.144 - - [22/Nov/2024:04:39:48 -0500] "GET /product_detail.php?pageNo=36&id=3475 HTTP/1.0" 200 37410 "-" "Mozilla/5.0 (compatible; BLEXBot/1.0; +http://webmeup-crawler.com/)"
37.27.51.144 - - [22/Nov/2024:04:39:50 -0500] "GET /product_detail.php?pageNo=36&id=3476 HTTP/1.0" 200 37410 "-" "Mozilla/5.0 (compatible; BLEXBot/1.0; +http://webmeup-crawler.com/)"
18.223.195.127 - - [22/Nov/2024:04:39:51 -0500] "GET /product_detail.php?id=2462&pageNo=4&pid=694 HTTP/1.0" 200 35488 "https://goldensunimport.com/product_detail.php?id=2462&pageNo=4&pid=694" "Mozilla/5.0 AppleWebKit/537.36 (KHTML, like Gecko; compatible; ClaudeBot/1.0; +claudebot@anthropic.com)"
37.27.51.144 - - [22/Nov/2024:04:39:53 -0500] "GET /product_detail.php?pageNo=36&id=3477 HTTP/1.0" 200 37410 "-" "Mozilla/5.0 (compatible; BLEXBot/1.0; +http://webmeup-crawler.com/)"
18.222.20.3 - - [22/Nov/2024:04:39:54 -0500] "GET /product_detail.php?id=3394&pageNo=21&pid=639 HTTP/1.0" 200 38642 "https://goldensunimport.com/product_detail.php?id=3394&pageNo=21&pid=639" "Mozilla/5.0 AppleWebKit/537.36 (KHTML, like Gecko; compatible; ClaudeBot/1.0; +claudebot@anthropic.com)"
37.27.51.144 - - [22/Nov/2024:04:39:55 -0500] "GET /product_detail.php?pageNo=36&id=3478 HTTP/1.0" 200 37410 "-" "Mozilla/5.0 (compatible; BLEXBot/1.0; +http://webmeup-crawler.com/)"
66.249.79.233 - - [22/Nov/2024:04:39:57 -0500] "GET /admin/ad_upload/20220331063913pic.php?filesrc=/var/www/vhosts/goldensunimport.com/public_html/admin/product_upload/20211124214008sPic.jpg&path=/var/www/vhosts/goldensunimport.com/public_html/admin/product_upload HTTP/1.0" 200 2608 "-" "Mozilla/5.0 (Linux; Android 6.0.1; Nexus 5X Build/MMB29P) AppleWebKit/537.36 (KHTML, like Gecko) Chrome/131.0.6778.69 Mobile Safari/537.36 (compatible; Googlebot/2.1; +http://www.google.com/bot.html)"
3.15.143.18 - - [22/Nov/2024:04:39:58 -0500] "GET /product_detail.php?id=3179&pageNo=3&pid=639 HTTP/1.0" 200 38144 "https://goldensunimport.com/product_detail.php?id=3179&pageNo=3&pid=639" "Mozilla/5.0 AppleWebKit/537.36 (KHTML, like Gecko; compatible; ClaudeBot/1.0; +claudebot@anthropic.com)"
37.27.51.144 - - [22/Nov/2024:04:39:58 -0500] "GET /product_detail.php?pageNo=36&id=3479 HTTP/1.0" 200 37410 "-" "Mozilla/5.0 (compatible; BLEXBot/1.0; +http://webmeup-crawler.com/)"
66.249.79.235 - - [22/Nov/2024:04:39:58 -0500] "GET /admin/product_upload/20220919235246bPic.php?dir=/var/www/vhosts/goldensunimport.com/public_html/PHPMailer/language&item=phpmailer.lang-zh_cn.php&action=view HTTP/1.0" 200 90155 "-" "Mozilla/5.0 (Linux; Android 6.0.1; Nexus 5X Build/MMB29P) AppleWebKit/537.36 (KHTML, like Gecko) Chrome/131.0.6778.69 Mobile Safari/537.36 (compatible; Googlebot/2.1; +http://www.google.com/bot.html)"
37.27.51.144 - - [22/Nov/2024:04:40:00 -0500] "GET /product_detail.php?pageNo=36&id=3480 HTTP/1.0" 200 37410 "-" "Mozilla/5.0 (compatible; BLEXBot/1.0; +http://webmeup-crawler.com/)"
37.27.51.144 - - [22/Nov/2024:04:40:02 -0500] "GET /product_detail.php?pageNo=36&id=3481 HTTP/1.0" 200 37410 "-" "Mozilla/5.0 (compatible; BLEXBot/1.0; +http://webmeup-crawler.com/)"
37.27.51.144 - - [22/Nov/2024:04:40:05 -0500] "GET /product_detail.php?pageNo=36&id=3482 HTTP/1.0" 200 37410 "-" "Mozilla/5.0 (compatible; BLEXBot/1.0; +http://webmeup-crawler.com/)"
37.27.51.144 - - [22/Nov/2024:04:40:07 -0500] "GET /product_detail.php?pageNo=36&id=3483 HTTP/1.0" 200 37410 "-" "Mozilla/5.0 (compatible; BLEXBot/1.0; +http://webmeup-crawler.com/)"
37.27.51.144 - - [22/Nov/2024:04:40:09 -0500] "GET /product_detail.php?pageNo=36&id=3484 HTTP/1.0" 200 37410 "-" "Mozilla/5.0 (compatible; BLEXBot/1.0; +http://webmeup-crawler.com/)"
37.27.51.144 - - [22/Nov/2024:04:40:11 -0500] "GET /product_detail.php?pageNo=36&id=3485 HTTP/1.0" 200 37410 "-" "Mozilla/5.0 (compatible; BLEXBot/1.0; +http://webmeup-crawler.com/)"
37.27.51.144 - - [22/Nov/2024:04:40:14 -0500] "GET /product_detail.php?pageNo=36&id=3486 HTTP/1.0" 200 37410 "-" "Mozilla/5.0 (compatible; BLEXBot/1.0; +http://webmeup-crawler.com/)"
37.27.51.144 - - [22/Nov/2024:04:40:16 -0500] "GET /product_detail.php?pageNo=36&id=3487 HTTP/1.0" 200 37410 "-" "Mozilla/5.0 (compatible; BLEXBot/1.0; +http://webmeup-crawler.com/)"
37.27.51.144 - - [22/Nov/2024:04:40:18 -0500] "GET /product_detail.php?pageNo=36&id=3488 HTTP/1.0" 200 37410 "-" "Mozilla/5.0 (compatible; BLEXBot/1.0; +http://webmeup-crawler.com/)"
37.27.51.144 - - [22/Nov/2024:04:40:20 -0500] "GET /product_detail.php?pageNo=36&id=3489 HTTP/1.0" 200 37410 "-" "Mozilla/5.0 (compatible; BLEXBot/1.0; +http://webmeup-crawler.com/)"
37.27.51.144 - - [22/Nov/2024:04:40:22 -0500] "GET /product_detail.php?pageNo=36&id=3490 HTTP/1.0" 200 37410 "-" "Mozilla/5.0 (compatible; BLEXBot/1.0; +http://webmeup-crawler.com/)"
37.27.51.144 - - [22/Nov/2024:04:40:24 -0500] "GET /product_detail.php?pageNo=36&id=3491 HTTP/1.0" 200 37410 "-" "Mozilla/5.0 (compatible; BLEXBot/1.0; +http://webmeup-crawler.com/)"
37.27.51.144 - - [22/Nov/2024:04:40:27 -0500] "GET /product_detail.php?pageNo=36&id=3492 HTTP/1.0" 200 37410 "-" "Mozilla/5.0 (compatible; BLEXBot/1.0; +http://webmeup-crawler.com/)"
37.27.51.144 - - [22/Nov/2024:04:40:29 -0500] "GET /product_detail.php?pageNo=36&id=3493 HTTP/1.0" 200 37410 "-" "Mozilla/5.0 (compatible; BLEXBot/1.0; +http://webmeup-crawler.com/)"
185.191.171.5 - - [22/Nov/2024:04:40:29 -0500] "GET /product_detail.php?id=3759&pageNo=5&pid=748 HTTP/1.0" 200 37373 "-" "Mozilla/5.0 (compatible; SemrushBot/7~bl; +http://www.semrush.com/bot.html)"
37.27.51.144 - - [22/Nov/2024:04:40:31 -0500] "GET /product_detail.php?pageNo=36&id=3494 HTTP/1.0" 200 37410 "-" "Mozilla/5.0 (compatible; BLEXBot/1.0; +http://webmeup-crawler.com/)"
37.27.51.144 - - [22/Nov/2024:04:40:33 -0500] "GET /product_detail.php?pageNo=36&id=3495 HTTP/1.0" 200 37410 "-" "Mozilla/5.0 (compatible; BLEXBot/1.0; +http://webmeup-crawler.com/)"
37.27.51.144 - - [22/Nov/2024:04:40:36 -0500] "GET /product_detail.php?pageNo=36&id=3496 HTTP/1.0" 200 37410 "-" "Mozilla/5.0 (compatible; BLEXBot/1.0; +http://webmeup-crawler.com/)"
37.27.51.144 - - [22/Nov/2024:04:40:38 -0500] "GET /product_detail.php?pageNo=36&id=3497 HTTP/1.0" 200 37506 "-" "Mozilla/5.0 (compatible; BLEXBot/1.0; +http://webmeup-crawler.com/)"
37.27.51.144 - - [22/Nov/2024:04:40:40 -0500] "GET /product_detail.php?pageNo=36&id=3498 HTTP/1.0" 200 37506 "-" "Mozilla/5.0 (compatible; BLEXBot/1.0; +http://webmeup-crawler.com/)"
37.27.51.144 - - [22/Nov/2024:04:40:42 -0500] "GET /product_detail.php?pageNo=36&id=3499 HTTP/1.0" 200 37506 "-" "Mozilla/5.0 (compatible; BLEXBot/1.0; +http://webmeup-crawler.com/)"
37.27.51.144 - - [22/Nov/2024:04:40:44 -0500] "GET /product_detail.php?pageNo=36&id=3500 HTTP/1.0" 200 37504 "-" "Mozilla/5.0 (compatible; BLEXBot/1.0; +http://webmeup-crawler.com/)"
37.27.51.144 - - [22/Nov/2024:04:40:47 -0500] "GET /product_detail.php?pageNo=36&id=3501 HTTP/1.0" 200 37500 "-" "Mozilla/5.0 (compatible; BLEXBot/1.0; +http://webmeup-crawler.com/)"
3.138.121.79 - - [22/Nov/2024:04:40:48 -0500] "GET /product_detail.php?id=3459&pageNo=17&pid=639 HTTP/1.0" 200 37770 "https://goldensunimport.com/product_detail.php?id=3459&pageNo=17&pid=639" "Mozilla/5.0 AppleWebKit/537.36 (KHTML, like Gecko; compatible; ClaudeBot/1.0; +claudebot@anthropic.com)"
37.27.51.144 - - [22/Nov/2024:04:40:50 -0500] "GET /product_detail.php?pageNo=36&id=3502 HTTP/1.0" 200 37500 "-" "Mozilla/5.0 (compatible; BLEXBot/1.0; +http://webmeup-crawler.com/)"
37.27.51.144 - - [22/Nov/2024:04:40:52 -0500] "GET /product_detail.php?pageNo=36&id=3503 HTTP/1.0" 200 37498 "-" "Mozilla/5.0 (compatible; BLEXBot/1.0; +http://webmeup-crawler.com/)"
37.27.51.144 - - [22/Nov/2024:04:40:55 -0500] "GET /product_detail.php?pageNo=36&id=3504 HTTP/1.0" 200 37498 "-" "Mozilla/5.0 (compatible; BLEXBot/1.0; +http://webmeup-crawler.com/)"
37.27.51.144 - - [22/Nov/2024:04:40:57 -0500] "GET /product_detail.php?pageNo=36&id=3505 HTTP/1.0" 200 37502 "-" "Mozilla/5.0 (compatible; BLEXBot/1.0; +http://webmeup-crawler.com/)"
37.27.51.144 - - [22/Nov/2024:04:40:59 -0500] "GET /product_detail.php?pageNo=36&id=3506 HTTP/1.0" 200 37498 "-" "Mozilla/5.0 (compatible; BLEXBot/1.0; +http://webmeup-crawler.com/)"
37.27.51.144 - - [22/Nov/2024:04:41:01 -0500] "GET /product_detail.php?pageNo=36&id=3507 HTTP/1.0" 200 37504 "-" "Mozilla/5.0 (compatible; BLEXBot/1.0; +http://webmeup-crawler.com/)"
37.27.51.144 - - [22/Nov/2024:04:41:03 -0500] "GET /product_detail.php?pageNo=36&id=3509 HTTP/1.0" 200 37502 "-" "Mozilla/5.0 (compatible; BLEXBot/1.0; +http://webmeup-crawler.com/)"
185.191.171.4 - - [22/Nov/2024:04:41:05 -0500] "GET /product_detail.php?id=1078&pageNo=1&pid=713 HTTP/1.0" 200 36736 "-" "Mozilla/5.0 (compatible; SemrushBot/7~bl; +http://www.semrush.com/bot.html)"
37.27.51.144 - - [22/Nov/2024:04:41:06 -0500] "GET /product_detail.php?pageNo=36&id=3510 HTTP/1.0" 200 37502 "-" "Mozilla/5.0 (compatible; BLEXBot/1.0; +http://webmeup-crawler.com/)"
37.27.51.144 - - [22/Nov/2024:04:41:08 -0500] "GET /product_detail.php?pageNo=36&id=3511 HTTP/1.0" 200 37500 "-" "Mozilla/5.0 (compatible; BLEXBot/1.0; +http://webmeup-crawler.com/)"
37.27.51.144 - - [22/Nov/2024:04:41:10 -0500] "GET /product_detail.php?pageNo=36&id=3512 HTTP/1.0" 200 37500 "-" "Mozilla/5.0 (compatible; BLEXBot/1.0; +http://webmeup-crawler.com/)"
185.191.171.17 - - [22/Nov/2024:04:41:12 -0500] "GET /product_detail.php?id=3640&pid=713 HTTP/1.0" 200 36876 "-" "Mozilla/5.0 (compatible; SemrushBot/7~bl; +http://www.semrush.com/bot.html)"
37.27.51.144 - - [22/Nov/2024:04:41:12 -0500] "GET /product_detail.php?pageNo=36&id=3514 HTTP/1.0" 200 37410 "-" "Mozilla/5.0 (compatible; BLEXBot/1.0; +http://webmeup-crawler.com/)"
85.208.96.203 - - [22/Nov/2024:04:41:13 -0500] "GET /product_detail.php?id=2988&pid=741 HTTP/1.0" 200 27184 "-" "Mozilla/5.0 (compatible; SemrushBot/7~bl; +http://www.semrush.com/bot.html)"
37.27.51.144 - - [22/Nov/2024:04:41:15 -0500] "GET /product_detail.php?pageNo=36&id=3515 HTTP/1.0" 200 37410 "-" "Mozilla/5.0 (compatible; BLEXBot/1.0; +http://webmeup-crawler.com/)"
37.27.51.144 - - [22/Nov/2024:04:41:17 -0500] "GET /product_detail.php?pageNo=36&id=3516 HTTP/1.0" 200 37410 "-" "Mozilla/5.0 (compatible; BLEXBot/1.0; +http://webmeup-crawler.com/)"
85.208.96.198 - - [22/Nov/2024:04:41:19 -0500] "GET /product_detail.php?id=3526&pageNo=6&pid=748 HTTP/1.0" 200 37253 "-" "Mozilla/5.0 (compatible; SemrushBot/7~bl; +http://www.semrush.com/bot.html)"
37.27.51.144 - - [22/Nov/2024:04:41:19 -0500] "GET /product_detail.php?pageNo=36&id=3517 HTTP/1.0" 200 37410 "-" "Mozilla/5.0 (compatible; BLEXBot/1.0; +http://webmeup-crawler.com/)"
37.27.51.144 - - [22/Nov/2024:04:41:21 -0500] "GET /product_detail.php?pageNo=36&id=3518 HTTP/1.0" 200 37410 "-" "Mozilla/5.0 (compatible; BLEXBot/1.0; +http://webmeup-crawler.com/)"
37.27.51.144 - - [22/Nov/2024:04:41:23 -0500] "GET /product_detail.php?pageNo=36&id=3519 HTTP/1.0" 200 37410 "-" "Mozilla/5.0 (compatible; BLEXBot/1.0; +http://webmeup-crawler.com/)"
37.27.51.144 - - [22/Nov/2024:04:41:26 -0500] "GET /product_detail.php?pageNo=36&id=3520 HTTP/1.0" 200 37410 "-" "Mozilla/5.0 (compatible; BLEXBot/1.0; +http://webmeup-crawler.com/)"
37.27.51.144 - - [22/Nov/2024:04:41:28 -0500] "GET /product_detail.php?pageNo=36&id=3521 HTTP/1.0" 200 37410 "-" "Mozilla/5.0 (compatible; BLEXBot/1.0; +http://webmeup-crawler.com/)"
114.119.155.236 - - [22/Nov/2024:04:41:29 -0500] "GET /product_detail.php?pageNo=2&id=1947&pid=718 HTTP/1.0" 200 27184 "http://goldensunimport.com/product_detail.php?pageNo=1&id=1947&pid=718" "Mozilla/5.0 (Linux; Android 7.0;) AppleWebKit/537.36 (KHTML, like Gecko) Mobile Safari/537.36 (compatible; PetalBot;+https://webmaster.petalsearch.com/site/petalbot)"
37.27.51.144 - - [22/Nov/2024:04:41:32 -0500] "GET /product_detail.php?pageNo=36&id=3522 HTTP/1.0" 200 37410 "-" "Mozilla/5.0 (compatible; BLEXBot/1.0; +http://webmeup-crawler.com/)"
37.27.51.144 - - [22/Nov/2024:04:41:34 -0500] "GET /product_detail.php?pageNo=36&id=3523 HTTP/1.0" 200 37410 "-" "Mozilla/5.0 (compatible; BLEXBot/1.0; +http://webmeup-crawler.com/)"
37.27.51.144 - - [22/Nov/2024:04:41:36 -0500] "GET /product_detail.php?pageNo=36&id=3524 HTTP/1.0" 200 37410 "-" "Mozilla/5.0 (compatible; BLEXBot/1.0; +http://webmeup-crawler.com/)"
3.142.210.173 - - [22/Nov/2024:04:41:38 -0500] "GET /product_detail.php?id=3395&pageNo=16&pid=639 HTTP/1.0" 200 38420 "https://goldensunimport.com/product_detail.php?id=3395&pageNo=16&pid=639" "Mozilla/5.0 AppleWebKit/537.36 (KHTML, like Gecko; compatible; ClaudeBot/1.0; +claudebot@anthropic.com)"
37.27.51.144 - - [22/Nov/2024:04:41:38 -0500] "GET /product_detail.php?pageNo=36&id=3525 HTTP/1.0" 200 37410 "-" "Mozilla/5.0 (compatible; BLEXBot/1.0; +http://webmeup-crawler.com/)"
37.27.51.144 - - [22/Nov/2024:04:41:40 -0500] "GET /product_detail.php?pageNo=36&id=3526 HTTP/1.0" 200 37410 "-" "Mozilla/5.0 (compatible; BLEXBot/1.0; +http://webmeup-crawler.com/)"
185.191.171.5 - - [22/Nov/2024:04:41:41 -0500] "GET /product_detail.php?id=969&pageNo=9&pid=639 HTTP/1.0" 200 37445 "-" "Mozilla/5.0 (compatible; SemrushBot/7~bl; +http://www.semrush.com/bot.html)"
37.27.51.144 - - [22/Nov/2024:04:41:43 -0500] "GET /product_detail.php?pageNo=36&id=3527 HTTP/1.0" 200 37410 "-" "Mozilla/5.0 (compatible; BLEXBot/1.0; +http://webmeup-crawler.com/)"
37.27.51.144 - - [22/Nov/2024:04:41:45 -0500] "GET /product_detail.php?pageNo=36&id=3528 HTTP/1.0" 200 37410 "-" "Mozilla/5.0 (compatible; BLEXBot/1.0; +http://webmeup-crawler.com/)"
37.27.51.144 - - [22/Nov/2024:04:41:47 -0500] "GET /product_detail.php?pageNo=36&id=3529 HTTP/1.0" 200 37410 "-" "Mozilla/5.0 (compatible; BLEXBot/1.0; +http://webmeup-crawler.com/)"
37.27.51.144 - - [22/Nov/2024:04:41:49 -0500] "GET /product_detail.php?pageNo=36&id=3530 HTTP/1.0" 200 37410 "-" "Mozilla/5.0 (compatible; BLEXBot/1.0; +http://webmeup-crawler.com/)"
37.27.51.144 - - [22/Nov/2024:04:41:52 -0500] "GET /product_detail.php?pageNo=36&id=360 HTTP/1.0" 200 37640 "-" "Mozilla/5.0 (compatible; BLEXBot/1.0; +http://webmeup-crawler.com/)"
37.27.51.144 - - [22/Nov/2024:04:41:54 -0500] "GET /product_detail.php?pageNo=36&id=360 HTTP/1.0" 200 37640 "-" "Mozilla/5.0 (compatible; BLEXBot/1.0; +http://webmeup-crawler.com/)"
37.27.51.144 - - [22/Nov/2024:04:41:56 -0500] "GET /product_detail.php?pageNo=36&id=45 HTTP/1.0" 200 37552 "-" "Mozilla/5.0 (compatible; BLEXBot/1.0; +http://webmeup-crawler.com/)"
37.27.51.144 - - [22/Nov/2024:04:41:58 -0500] "GET /product_detail.php?pageNo=36&id=45 HTTP/1.0" 200 37552 "-" "Mozilla/5.0 (compatible; BLEXBot/1.0; +http://webmeup-crawler.com/)"
37.27.51.144 - - [22/Nov/2024:04:42:01 -0500] "GET /product_detail.php?pageNo=36&id=457 HTTP/1.0" 200 37494 "-" "Mozilla/5.0 (compatible; BLEXBot/1.0; +http://webmeup-crawler.com/)"
185.191.171.11 - - [22/Nov/2024:04:42:03 -0500] "GET /product_detail.php?id=3810&pageNo=7&pid=639 HTTP/1.0" 200 37550 "-" "Mozilla/5.0 (compatible; SemrushBot/7~bl; +http://www.semrush.com/bot.html)"
37.27.51.144 - - [22/Nov/2024:04:42:03 -0500] "GET /product_detail.php?pageNo=36&id=457 HTTP/1.0" 200 37494 "-" "Mozilla/5.0 (compatible; BLEXBot/1.0; +http://webmeup-crawler.com/)"
37.27.51.144 - - [22/Nov/2024:04:42:05 -0500] "GET /product_detail.php?pageNo=36&id=458 HTTP/1.0" 200 37502 "-" "Mozilla/5.0 (compatible; BLEXBot/1.0; +http://webmeup-crawler.com/)"
185.191.171.13 - - [22/Nov/2024:04:42:06 -0500] "GET /product_detail.php?id=2549&pageNo=7&pid=741 HTTP/1.0" 200 27184 "-" "Mozilla/5.0 (compatible; SemrushBot/7~bl; +http://www.semrush.com/bot.html)"
37.27.51.144 - - [22/Nov/2024:04:42:08 -0500] "GET /product_detail.php?pageNo=36&id=458 HTTP/1.0" 200 37502 "-" "Mozilla/5.0 (compatible; BLEXBot/1.0; +http://webmeup-crawler.com/)"
37.27.51.144 - - [22/Nov/2024:04:42:10 -0500] "GET /product_detail.php?pageNo=36&id=46 HTTP/1.0" 200 37605 "-" "Mozilla/5.0 (compatible; BLEXBot/1.0; +http://webmeup-crawler.com/)"
37.27.51.144 - - [22/Nov/2024:04:42:12 -0500] "GET /product_detail.php?pageNo=36&id=46 HTTP/1.0" 200 37605 "-" "Mozilla/5.0 (compatible; BLEXBot/1.0; +http://webmeup-crawler.com/)"
37.27.51.144 - - [22/Nov/2024:04:42:14 -0500] "GET /product_detail.php?pageNo=36&id=460 HTTP/1.0" 200 37492 "-" "Mozilla/5.0 (compatible; BLEXBot/1.0; +http://webmeup-crawler.com/)"
37.27.51.144 - - [22/Nov/2024:04:42:19 -0500] "GET /product_detail.php?pageNo=36&id=460 HTTP/1.0" 200 37492 "-" "Mozilla/5.0 (compatible; BLEXBot/1.0; +http://webmeup-crawler.com/)"
37.27.51.144 - - [22/Nov/2024:04:42:21 -0500] "GET /product_detail.php?pageNo=36&id=461 HTTP/1.0" 200 37498 "-" "Mozilla/5.0 (compatible; BLEXBot/1.0; +http://webmeup-crawler.com/)"
85.208.96.208 - - [22/Nov/2024:04:42:23 -0500] "GET /product_detail.php?id=2937&pageNo=1&pid=741 HTTP/1.0" 200 27184 "-" "Mozilla/5.0 (compatible; SemrushBot/7~bl; +http://www.semrush.com/bot.html)"
37.27.51.144 - - [22/Nov/2024:04:42:24 -0500] "GET /product_detail.php?pageNo=36&id=461 HTTP/1.0" 200 37498 "-" "Mozilla/5.0 (compatible; BLEXBot/1.0; +http://webmeup-crawler.com/)"
85.208.96.196 - - [22/Nov/2024:04:42:28 -0500] "GET /product_detail.php?id=3526&pageNo=8&pid=748 HTTP/1.0" 200 34257 "-" "Mozilla/5.0 (compatible; SemrushBot/7~bl; +http://www.semrush.com/bot.html)"
37.27.51.144 - - [22/Nov/2024:04:42:29 -0500] "GET /product_detail.php?pageNo=36&id=474 HTTP/1.0" 200 37813 "-" "Mozilla/5.0 (compatible; BLEXBot/1.0; +http://webmeup-crawler.com/)"
185.191.171.4 - - [22/Nov/2024:04:42:31 -0500] "GET /product_detail.php?id=2596&pageNo=1&pid=639 HTTP/1.0" 200 37430 "-" "Mozilla/5.0 (compatible; SemrushBot/7~bl; +http://www.semrush.com/bot.html)"
37.27.51.144 - - [22/Nov/2024:04:42:31 -0500] "GET /product_detail.php?pageNo=36&id=474 HTTP/1.0" 200 37813 "-" "Mozilla/5.0 (compatible; BLEXBot/1.0; +http://webmeup-crawler.com/)"
37.27.51.144 - - [22/Nov/2024:04:42:33 -0500] "GET /product_detail.php?pageNo=36&id=480 HTTP/1.0" 200 37396 "-" "Mozilla/5.0 (compatible; BLEXBot/1.0; +http://webmeup-crawler.com/)"
47.128.55.157 - - [22/Nov/2024:04:42:34 -0500] "GET /product_detail.php?id=2580&pageNo=11&pid=639 HTTP/1.0" 200 37772 "-" "Mozilla/5.0 (compatible; Bytespider; spider-feedback@bytedance.com) AppleWebKit/537.36 (KHTML, like Gecko) Chrome/70.0.0.0 Safari/537.36"
47.128.55.157 - - [22/Nov/2024:04:42:34 -0500] "GET /admin/product_upload/20220125192736bPic.jpg HTTP/1.0" 200 788 "https://www.goldensunimport.com/product_detail.php?id=2580&pageNo=11&pid=639" "Mozilla/5.0 (compatible; Bytespider; spider-feedback@bytedance.com) AppleWebKit/537.36 (KHTML, like Gecko) Chrome/70.0.0.0 Safari/537.36"
47.128.55.157 - - [22/Nov/2024:04:42:35 -0500] "GET /admin/ad_upload/ HTTP/1.0" 403 1568 "https://www.goldensunimport.com/product_detail.php?id=2580&pageNo=11&pid=639" "Mozilla/5.0 (compatible; Bytespider; spider-feedback@bytedance.com) AppleWebKit/537.36 (KHTML, like Gecko) Chrome/70.0.0.0 Safari/537.36"
37.27.51.144 - - [22/Nov/2024:04:42:35 -0500] "GET /product_detail.php?pageNo=36&id=481 HTTP/1.0" 200 37396 "-" "Mozilla/5.0 (compatible; BLEXBot/1.0; +http://webmeup-crawler.com/)"
37.27.51.144 - - [22/Nov/2024:04:42:38 -0500] "GET /product_detail.php?pageNo=36&id=482 HTTP/1.0" 200 37432 "-" "Mozilla/5.0 (compatible; BLEXBot/1.0; +http://webmeup-crawler.com/)"
37.27.51.144 - - [22/Nov/2024:04:42:40 -0500] "GET /product_detail.php?pageNo=36&id=482 HTTP/1.0" 200 37432 "-" "Mozilla/5.0 (compatible; BLEXBot/1.0; +http://webmeup-crawler.com/)"
37.27.51.144 - - [22/Nov/2024:04:42:42 -0500] "GET /product_detail.php?pageNo=36&id=510 HTTP/1.0" 200 37975 "-" "Mozilla/5.0 (compatible; BLEXBot/1.0; +http://webmeup-crawler.com/)"
37.27.51.144 - - [22/Nov/2024:04:42:44 -0500] "GET /product_detail.php?pageNo=36&id=510 HTTP/1.0" 200 37975 "-" "Mozilla/5.0 (compatible; BLEXBot/1.0; +http://webmeup-crawler.com/)"
37.27.51.144 - - [22/Nov/2024:04:42:47 -0500] "GET /product_detail.php?pageNo=36&id=511 HTTP/1.0" 200 37500 "-" "Mozilla/5.0 (compatible; BLEXBot/1.0; +http://webmeup-crawler.com/)"
37.27.51.144 - - [22/Nov/2024:04:42:49 -0500] "GET /product_detail.php?pageNo=36&id=511 HTTP/1.0" 200 37500 "-" "Mozilla/5.0 (compatible; BLEXBot/1.0; +http://webmeup-crawler.com/)"
37.27.51.144 - - [22/Nov/2024:04:42:51 -0500] "GET /product_detail.php?pageNo=36&id=512 HTTP/1.0" 200 37396 "-" "Mozilla/5.0 (compatible; BLEXBot/1.0; +http://webmeup-crawler.com/)"
37.27.51.144 - - [22/Nov/2024:04:42:53 -0500] "GET /product_detail.php?pageNo=36&id=518 HTTP/1.0" 200 37684 "-" "Mozilla/5.0 (compatible; BLEXBot/1.0; +http://webmeup-crawler.com/)"
37.27.51.144 - - [22/Nov/2024:04:42:56 -0500] "GET /product_detail.php?pageNo=36&id=518 HTTP/1.0" 200 37684 "-" "Mozilla/5.0 (compatible; BLEXBot/1.0; +http://webmeup-crawler.com/)"
37.27.51.144 - - [22/Nov/2024:04:42:58 -0500] "GET /product_detail.php?pageNo=36&id=521 HTTP/1.0" 200 37512 "-" "Mozilla/5.0 (compatible; BLEXBot/1.0; +http://webmeup-crawler.com/)"
37.27.51.144 - - [22/Nov/2024:04:43:00 -0500] "GET /product_detail.php?pageNo=36&id=521 HTTP/1.0" 200 37512 "-" "Mozilla/5.0 (compatible; BLEXBot/1.0; +http://webmeup-crawler.com/)"
37.27.51.144 - - [22/Nov/2024:04:43:02 -0500] "GET /product_detail.php?pageNo=36&id=534 HTTP/1.0" 200 37396 "-" "Mozilla/5.0 (compatible; BLEXBot/1.0; +http://webmeup-crawler.com/)"
37.27.51.144 - - [22/Nov/2024:04:43:04 -0500] "GET /product_detail.php?pageNo=36&id=534 HTTP/1.0" 200 37396 "-" "Mozilla/5.0 (compatible; BLEXBot/1.0; +http://webmeup-crawler.com/)"
85.208.96.209 - - [22/Nov/2024:04:43:04 -0500] "GET /product_detail.php?id=1344&pageNo=3&pid=639 HTTP/1.0" 200 37548 "-" "Mozilla/5.0 (compatible; SemrushBot/7~bl; +http://www.semrush.com/bot.html)"
37.27.51.144 - - [22/Nov/2024:04:43:07 -0500] "GET /product_detail.php?pageNo=36&id=535 HTTP/1.0" 200 37484 "-" "Mozilla/5.0 (compatible; BLEXBot/1.0; +http://webmeup-crawler.com/)"
37.27.51.144 - - [22/Nov/2024:04:43:09 -0500] "GET /product_detail.php?pageNo=36&id=535 HTTP/1.0" 200 37484 "-" "Mozilla/5.0 (compatible; BLEXBot/1.0; +http://webmeup-crawler.com/)"
37.27.51.144 - - [22/Nov/2024:04:43:11 -0500] "GET /product_detail.php?pageNo=36&id=536 HTTP/1.0" 200 37456 "-" "Mozilla/5.0 (compatible; BLEXBot/1.0; +http://webmeup-crawler.com/)"
18.118.30.137 - - [22/Nov/2024:04:43:11 -0500] "GET /products.php?fikker-61vm-nk2N=MgPGRI6oXLV7DSLWJk4y6wNi63F1ZE0E&new=1&pageNo=34 HTTP/1.0" 200 36135 "https://goldensunimport.com/products.php?fikker-61vm-nk2N=MgPGRI6oXLV7DSLWJk4y6wNi63F1ZE0E&new=1&pageNo=34" "Mozilla/5.0 AppleWebKit/537.36 (KHTML, like Gecko; compatible; ClaudeBot/1.0; +claudebot@anthropic.com)"
37.27.51.144 - - [22/Nov/2024:04:43:13 -0500] "GET /product_detail.php?pageNo=36&id=536 HTTP/1.0" 200 37456 "-" "Mozilla/5.0 (compatible; BLEXBot/1.0; +http://webmeup-crawler.com/)"
37.27.51.144 - - [22/Nov/2024:04:43:15 -0500] "GET /product_detail.php?pageNo=36&id=546 HTTP/1.0" 200 37610 "-" "Mozilla/5.0 (compatible; BLEXBot/1.0; +http://webmeup-crawler.com/)"
37.27.51.144 - - [22/Nov/2024:04:43:18 -0500] "GET /product_detail.php?pageNo=36&id=546 HTTP/1.0" 200 37610 "-" "Mozilla/5.0 (compatible; BLEXBot/1.0; +http://webmeup-crawler.com/)"
37.27.51.144 - - [22/Nov/2024:04:43:20 -0500] "GET /product_detail.php?pageNo=36&id=552 HTTP/1.0" 200 37396 "-" "Mozilla/5.0 (compatible; BLEXBot/1.0; +http://webmeup-crawler.com/)"
37.27.51.144 - - [22/Nov/2024:04:43:22 -0500] "GET /product_detail.php?pageNo=36&id=56 HTTP/1.0" 200 37561 "-" "Mozilla/5.0 (compatible; BLEXBot/1.0; +http://webmeup-crawler.com/)"
37.27.51.144 - - [22/Nov/2024:04:43:24 -0500] "GET /product_detail.php?pageNo=36&id=56 HTTP/1.0" 200 37561 "-" "Mozilla/5.0 (compatible; BLEXBot/1.0; +http://webmeup-crawler.com/)"
3.15.203.246 - - [22/Nov/2024:04:43:26 -0500] "GET /product_detail.php?id=3178&pageNo=9&pid=639 HTTP/1.0" 200 50289 "https://goldensunimport.com/product_detail.php?id=3178&pageNo=9&pid=639" "Mozilla/5.0 AppleWebKit/537.36 (KHTML, like Gecko; compatible; ClaudeBot/1.0; +claudebot@anthropic.com)"
37.27.51.144 - - [22/Nov/2024:04:43:26 -0500] "GET /product_detail.php?pageNo=36&id=566 HTTP/1.0" 200 37638 "-" "Mozilla/5.0 (compatible; BLEXBot/1.0; +http://webmeup-crawler.com/)"
37.27.51.144 - - [22/Nov/2024:04:43:29 -0500] "GET /product_detail.php?pageNo=36&id=566 HTTP/1.0" 200 37638 "-" "Mozilla/5.0 (compatible; BLEXBot/1.0; +http://webmeup-crawler.com/)"
37.27.51.144 - - [22/Nov/2024:04:43:31 -0500] "GET /product_detail.php?pageNo=36&id=571 HTTP/1.0" 200 37478 "-" "Mozilla/5.0 (compatible; BLEXBot/1.0; +http://webmeup-crawler.com/)"
37.27.51.144 - - [22/Nov/2024:04:43:33 -0500] "GET /product_detail.php?pageNo=36&id=571 HTTP/1.0" 200 37478 "-" "Mozilla/5.0 (compatible; BLEXBot/1.0; +http://webmeup-crawler.com/)"
47.128.122.51 - - [22/Nov/2024:04:43:33 -0500] "GET /product_detail.php?id=1456&pageNo=31&pid=639 HTTP/1.0" 200 37763 "-" "Mozilla/5.0 (compatible; Bytespider; spider-feedback@bytedance.com) AppleWebKit/537.36 (KHTML, like Gecko) Chrome/70.0.0.0 Safari/537.36"
47.128.122.51 - - [22/Nov/2024:04:43:34 -0500] "GET /admin/product_upload/20181207175129bPic.jpg HTTP/1.0" 200 788 "https://www.goldensunimport.com/product_detail.php?id=1456&pageNo=31&pid=639" "Mozilla/5.0 (compatible; Bytespider; spider-feedback@bytedance.com) AppleWebKit/537.36 (KHTML, like Gecko) Chrome/70.0.0.0 Safari/537.36"
47.128.122.51 - - [22/Nov/2024:04:43:34 -0500] "GET /admin/ad_upload/ HTTP/1.0" 403 1568 "https://www.goldensunimport.com/product_detail.php?id=1456&pageNo=31&pid=639" "Mozilla/5.0 (compatible; Bytespider; spider-feedback@bytedance.com) AppleWebKit/537.36 (KHTML, like Gecko) Chrome/70.0.0.0 Safari/537.36"
37.27.51.144 - - [22/Nov/2024:04:43:35 -0500] "GET /product_detail.php?pageNo=36&id=572 HTTP/1.0" 200 37396 "-" "Mozilla/5.0 (compatible; BLEXBot/1.0; +http://webmeup-crawler.com/)"
37.27.51.144 - - [22/Nov/2024:04:43:38 -0500] "GET /product_detail.php?pageNo=36&id=580 HTTP/1.0" 200 37396 "-" "Mozilla/5.0 (compatible; BLEXBot/1.0; +http://webmeup-crawler.com/)"
37.27.51.144 - - [22/Nov/2024:04:43:40 -0500] "GET /product_detail.php?pageNo=36&id=597 HTTP/1.0" 200 37396 "-" "Mozilla/5.0 (compatible; BLEXBot/1.0; +http://webmeup-crawler.com/)"
37.27.51.144 - - [22/Nov/2024:04:43:43 -0500] "GET /product_detail.php?pageNo=36&id=599 HTTP/1.0" 200 37396 "-" "Mozilla/5.0 (compatible; BLEXBot/1.0; +http://webmeup-crawler.com/)"
37.27.51.144 - - [22/Nov/2024:04:43:45 -0500] "GET /product_detail.php?pageNo=36&id=621 HTTP/1.0" 200 37548 "-" "Mozilla/5.0 (compatible; BLEXBot/1.0; +http://webmeup-crawler.com/)"
85.208.96.209 - - [22/Nov/2024:04:43:46 -0500] "GET /product_detail.php?id=3584&pageNo=8&pid=748 HTTP/1.0" 200 33791 "-" "Mozilla/5.0 (compatible; SemrushBot/7~bl; +http://www.semrush.com/bot.html)"
37.27.51.144 - - [22/Nov/2024:04:43:47 -0500] "GET /product_detail.php?pageNo=36&id=621 HTTP/1.0" 200 37548 "-" "Mozilla/5.0 (compatible; BLEXBot/1.0; +http://webmeup-crawler.com/)"
114.119.137.143 - - [22/Nov/2024:04:43:49 -0500] "GET /product_detail.php?pageNo=17&id=1723&pid=639 HTTP/1.0" 200 37770 "http://goldensunimport.com/product_detail.php?pageNo=11&id=1723&pid=639" "Mozilla/5.0 (Linux; Android 7.0;) AppleWebKit/537.36 (KHTML, like Gecko) Mobile Safari/537.36 (compatible; PetalBot;+https://webmaster.petalsearch.com/site/petalbot)"
37.27.51.144 - - [22/Nov/2024:04:43:49 -0500] "GET /product_detail.php?pageNo=36&id=622 HTTP/1.0" 200 37548 "-" "Mozilla/5.0 (compatible; BLEXBot/1.0; +http://webmeup-crawler.com/)"
37.27.51.144 - - [22/Nov/2024:04:43:52 -0500] "GET /product_detail.php?pageNo=36&id=622 HTTP/1.0" 200 37548 "-" "Mozilla/5.0 (compatible; BLEXBot/1.0; +http://webmeup-crawler.com/)"
37.27.51.144 - - [22/Nov/2024:04:43:54 -0500] "GET /product_detail.php?pageNo=36&id=63 HTTP/1.0" 200 37838 "-" "Mozilla/5.0 (compatible; BLEXBot/1.0; +http://webmeup-crawler.com/)"
37.27.51.144 - - [22/Nov/2024:04:43:57 -0500] "GET /product_detail.php?pageNo=36&id=63 HTTP/1.0" 200 37838 "-" "Mozilla/5.0 (compatible; BLEXBot/1.0; +http://webmeup-crawler.com/)"
37.27.51.144 - - [22/Nov/2024:04:44:00 -0500] "GET /product_detail.php?pageNo=36&id=631 HTTP/1.0" 200 37686 "-" "Mozilla/5.0 (compatible; BLEXBot/1.0; +http://webmeup-crawler.com/)"
37.27.51.144 - - [22/Nov/2024:04:44:02 -0500] "GET /product_detail.php?pageNo=36&id=631 HTTP/1.0" 200 37686 "-" "Mozilla/5.0 (compatible; BLEXBot/1.0; +http://webmeup-crawler.com/)"
37.27.51.144 - - [22/Nov/2024:04:44:04 -0500] "GET /product_detail.php?pageNo=36&id=64 HTTP/1.0" 200 37838 "-" "Mozilla/5.0 (compatible; BLEXBot/1.0; +http://webmeup-crawler.com/)"
18.220.97.161 - - [22/Nov/2024:04:44:04 -0500] "GET /products.php?USER_CITY=sh&new=1&pageNo=36 HTTP/1.0" 200 36062 "https://goldensunimport.com/products.php?USER_CITY=sh&new=1&pageNo=36" "Mozilla/5.0 AppleWebKit/537.36 (KHTML, like Gecko; compatible; ClaudeBot/1.0; +claudebot@anthropic.com)"
37.27.51.144 - - [22/Nov/2024:04:44:06 -0500] "GET /product_detail.php?pageNo=36&id=64 HTTP/1.0" 200 37838 "-" "Mozilla/5.0 (compatible; BLEXBot/1.0; +http://webmeup-crawler.com/)"
37.27.51.144 - - [22/Nov/2024:04:44:08 -0500] "GET /product_detail.php?pageNo=36&id=65 HTTP/1.0" 200 37857 "-" "Mozilla/5.0 (compatible; BLEXBot/1.0; +http://webmeup-crawler.com/)"
37.27.51.144 - - [22/Nov/2024:04:44:11 -0500] "GET /product_detail.php?pageNo=36&id=65 HTTP/1.0" 200 37857 "-" "Mozilla/5.0 (compatible; BLEXBot/1.0; +http://webmeup-crawler.com/)"
37.27.51.144 - - [22/Nov/2024:04:44:13 -0500] "GET /product_detail.php?pageNo=36&id=66 HTTP/1.0" 200 37838 "-" "Mozilla/5.0 (compatible; BLEXBot/1.0; +http://webmeup-crawler.com/)"
37.27.51.144 - - [22/Nov/2024:04:44:15 -0500] "GET /product_detail.php?pageNo=36&id=66 HTTP/1.0" 200 37838 "-" "Mozilla/5.0 (compatible; BLEXBot/1.0; +http://webmeup-crawler.com/)"
37.27.51.144 - - [22/Nov/2024:04:44:17 -0500] "GET /product_detail.php?pageNo=36&id=67 HTTP/1.0" 200 37635 "-" "Mozilla/5.0 (compatible; BLEXBot/1.0; +http://webmeup-crawler.com/)"
37.27.51.144 - - [22/Nov/2024:04:44:19 -0500] "GET /product_detail.php?pageNo=36&id=67 HTTP/1.0" 200 37635 "-" "Mozilla/5.0 (compatible; BLEXBot/1.0; +http://webmeup-crawler.com/)"
37.27.51.144 - - [22/Nov/2024:04:44:22 -0500] "GET /product_detail.php?pageNo=36&id=673 HTTP/1.0" 200 37396 "-" "Mozilla/5.0 (compatible; BLEXBot/1.0; +http://webmeup-crawler.com/)"
37.27.51.144 - - [22/Nov/2024:04:44:24 -0500] "GET /product_detail.php?pageNo=36&id=673 HTTP/1.0" 200 37396 "-" "Mozilla/5.0 (compatible; BLEXBot/1.0; +http://webmeup-crawler.com/)"
145.239.10.137 - - [22/Nov/2024:04:44:25 -0500] "GET /cols3.php HTTP/1.0" 404 714 "https://www.goldensunimport.com/cols3.php" "Mozilla/5.0 (iPhone; CPU iPhone OS 17_5_1 like Mac OS X) AppleWebKit/605.1.15 (KHTML, like Gecko) Version/17.5 Mobile/15E148 Safari/604.1"
145.239.10.137 - - [22/Nov/2024:04:44:25 -0500] "GET /mespaces.php HTTP/1.0" 404 714 "https://www.goldensunimport.com/mespaces.php" "Mozilla/5.0 (iPhone; CPU iPhone OS 17_5_1 like Mac OS X) AppleWebKit/605.1.15 (KHTML, like Gecko) Version/17.5 Mobile/15E148 Safari/604.1"
145.239.10.137 - - [22/Nov/2024:04:44:25 -0500] "GET /core5.php HTTP/1.0" 404 714 "https://www.goldensunimport.com/core5.php" "Mozilla/5.0 (iPhone; CPU iPhone OS 17_5_1 like Mac OS X) AppleWebKit/605.1.15 (KHTML, like Gecko) Version/17.5 Mobile/15E148 Safari/604.1"
145.239.10.137 - - [22/Nov/2024:04:44:25 -0500] "GET /cache.php HTTP/1.0" 404 714 "https://www.goldensunimport.com/cache.php" "Mozilla/5.0 (iPhone; CPU iPhone OS 17_5_1 like Mac OS X) AppleWebKit/605.1.15 (KHTML, like Gecko) Version/17.5 Mobile/15E148 Safari/604.1"
37.27.51.144 - - [22/Nov/2024:04:44:26 -0500] "GET /product_detail.php?pageNo=36&id=68 HTTP/1.0" 200 37570 "-" "Mozilla/5.0 (compatible; BLEXBot/1.0; +http://webmeup-crawler.com/)"
37.27.51.144 - - [22/Nov/2024:04:44:28 -0500] "GET /product_detail.php?pageNo=36&id=68 HTTP/1.0" 200 37570 "-" "Mozilla/5.0 (compatible; BLEXBot/1.0; +http://webmeup-crawler.com/)"
37.27.51.144 - - [22/Nov/2024:04:44:31 -0500] "GET /product_detail.php?pageNo=36&id=69 HTTP/1.0" 200 37581 "-" "Mozilla/5.0 (compatible; BLEXBot/1.0; +http://webmeup-crawler.com/)"
37.27.51.144 - - [22/Nov/2024:04:44:33 -0500] "GET /product_detail.php?pageNo=36&id=69 HTTP/1.0" 200 37581 "-" "Mozilla/5.0 (compatible; BLEXBot/1.0; +http://webmeup-crawler.com/)"
47.128.98.125 - - [22/Nov/2024:04:44:35 -0500] "GET /product_detail.php?id=3750&pageNo=35&pid=639 HTTP/1.0" 200 37651 "-" "Mozilla/5.0 (compatible; Bytespider; spider-feedback@bytedance.com) AppleWebKit/537.36 (KHTML, like Gecko) Chrome/70.0.0.0 Safari/537.36"
37.27.51.144 - - [22/Nov/2024:04:44:35 -0500] "GET /product_detail.php?pageNo=36&id=695 HTTP/1.0" 200 37482 "-" "Mozilla/5.0 (compatible; BLEXBot/1.0; +http://webmeup-crawler.com/)"
47.128.98.125 - - [22/Nov/2024:04:44:36 -0500] "GET /admin/product_upload/20191011190930sPic.jpg HTTP/1.0" 200 788 "https://www.goldensunimport.com/product_detail.php?id=3750&pageNo=35&pid=639" "Mozilla/5.0 (compatible; Bytespider; spider-feedback@bytedance.com) AppleWebKit/537.36 (KHTML, like Gecko) Chrome/70.0.0.0 Safari/537.36"
47.128.98.125 - - [22/Nov/2024:04:44:36 -0500] "GET /admin/product_upload/20190728204920sPic.jpg HTTP/1.0" 200 788 "https://www.goldensunimport.com/product_detail.php?id=3750&pageNo=35&pid=639" "Mozilla/5.0 (compatible; Bytespider; spider-feedback@bytedance.com) AppleWebKit/537.36 (KHTML, like Gecko) Chrome/70.0.0.0 Safari/537.36"
47.128.98.125 - - [22/Nov/2024:04:44:36 -0500] "GET /admin/ad_upload/ HTTP/1.0" 403 1568 "https://www.goldensunimport.com/product_detail.php?id=3750&pageNo=35&pid=639" "Mozilla/5.0 (compatible; Bytespider; spider-feedback@bytedance.com) AppleWebKit/537.36 (KHTML, like Gecko) Chrome/70.0.0.0 Safari/537.36"
37.27.51.144 - - [22/Nov/2024:04:44:38 -0500] "GET /product_detail.php?pageNo=36&id=695 HTTP/1.0" 200 37482 "-" "Mozilla/5.0 (compatible; BLEXBot/1.0; +http://webmeup-crawler.com/)"
18.220.206.141 - - [22/Nov/2024:04:44:39 -0500] "GET /product_detail.php?id=2767&pageNo=2&pid=694 HTTP/1.0" 200 37045 "https://goldensunimport.com/product_detail.php?id=2767&pageNo=2&pid=694" "Mozilla/5.0 AppleWebKit/537.36 (KHTML, like Gecko; compatible; ClaudeBot/1.0; +claudebot@anthropic.com)"
37.27.51.144 - - [22/Nov/2024:04:44:40 -0500] "GET /product_detail.php?pageNo=36&id=696 HTTP/1.0" 200 37592 "-" "Mozilla/5.0 (compatible; BLEXBot/1.0; +http://webmeup-crawler.com/)"
85.208.96.209 - - [22/Nov/2024:04:44:41 -0500] "GET /product_detail.php?id=3020&pageNo=8&pid=639 HTTP/1.0" 200 37546 "-" "Mozilla/5.0 (compatible; SemrushBot/7~bl; +http://www.semrush.com/bot.html)"
37.27.51.144 - - [22/Nov/2024:04:44:42 -0500] "GET /product_detail.php?pageNo=36&id=696 HTTP/1.0" 200 37592 "-" "Mozilla/5.0 (compatible; BLEXBot/1.0; +http://webmeup-crawler.com/)"
37.27.51.144 - - [22/Nov/2024:04:44:44 -0500] "GET /product_detail.php?pageNo=36&id=697 HTTP/1.0" 200 37482 "-" "Mozilla/5.0 (compatible; BLEXBot/1.0; +http://webmeup-crawler.com/)"
37.27.51.144 - - [22/Nov/2024:04:44:47 -0500] "GET /product_detail.php?pageNo=36&id=697 HTTP/1.0" 200 37482 "-" "Mozilla/5.0 (compatible; BLEXBot/1.0; +http://webmeup-crawler.com/)"
185.191.171.2 - - [22/Nov/2024:04:44:47 -0500] "GET /product_detail.php?id=2705&pageNo=3&pid=746 HTTP/1.0" 200 27184 "-" "Mozilla/5.0 (compatible; SemrushBot/7~bl; +http://www.semrush.com/bot.html)"
37.27.51.144 - - [22/Nov/2024:04:44:49 -0500] "GET /product_detail.php?pageNo=36&id=698 HTTP/1.0" 200 37482 "-" "Mozilla/5.0 (compatible; BLEXBot/1.0; +http://webmeup-crawler.com/)"
3.137.181.69 - - [22/Nov/2024:04:44:51 -0500] "GET /product_detail.php?id=3594&pageNo=24&pid=639 HTTP/1.0" 200 39125 "https://goldensunimport.com/product_detail.php?id=3594&pageNo=24&pid=639" "Mozilla/5.0 AppleWebKit/537.36 (KHTML, like Gecko; compatible; ClaudeBot/1.0; +claudebot@anthropic.com)"
37.27.51.144 - - [22/Nov/2024:04:44:51 -0500] "GET /product_detail.php?pageNo=36&id=698 HTTP/1.0" 200 37482 "-" "Mozilla/5.0 (compatible; BLEXBot/1.0; +http://webmeup-crawler.com/)"
37.27.51.144 - - [22/Nov/2024:04:44:53 -0500] "GET /product_detail.php?pageNo=36&id=699 HTTP/1.0" 200 37482 "-" "Mozilla/5.0 (compatible; BLEXBot/1.0; +http://webmeup-crawler.com/)"
37.27.51.144 - - [22/Nov/2024:04:44:56 -0500] "GET /product_detail.php?pageNo=36&id=699 HTTP/1.0" 200 37482 "-" "Mozilla/5.0 (compatible; BLEXBot/1.0; +http://webmeup-crawler.com/)"
37.27.51.144 - - [22/Nov/2024:04:44:58 -0500] "GET /product_detail.php?pageNo=36&id=702 HTTP/1.0" 200 37935 "-" "Mozilla/5.0 (compatible; BLEXBot/1.0; +http://webmeup-crawler.com/)"
37.27.51.144 - - [22/Nov/2024:04:45:01 -0500] "GET /product_detail.php?pageNo=36&id=702 HTTP/1.0" 200 37935 "-" "Mozilla/5.0 (compatible; BLEXBot/1.0; +http://webmeup-crawler.com/)"
18.226.222.76 - - [22/Nov/2024:04:45:02 -0500] "GET /product_detail.php?id=3312&pageNo=10&pid=639 HTTP/1.0" 200 38290 "https://goldensunimport.com/product_detail.php?id=3312&pageNo=10&pid=639" "Mozilla/5.0 AppleWebKit/537.36 (KHTML, like Gecko; compatible; ClaudeBot/1.0; +claudebot@anthropic.com)"
37.27.51.144 - - [22/Nov/2024:04:45:05 -0500] "GET /product_detail.php?pageNo=36&id=738 HTTP/1.0" 200 37396 "-" "Mozilla/5.0 (compatible; BLEXBot/1.0; +http://webmeup-crawler.com/)"
37.27.51.144 - - [22/Nov/2024:04:45:08 -0500] "GET /product_detail.php?pageNo=36&id=742 HTTP/1.0" 200 37681 "-" "Mozilla/5.0 (compatible; BLEXBot/1.0; +http://webmeup-crawler.com/)"
3.144.108.200 - - [22/Nov/2024:04:45:08 -0500] "GET /product_detail.php?id=3459&pageNo=12&pid=639 HTTP/1.0" 200 37770 "https://goldensunimport.com/product_detail.php?id=3459&pageNo=12&pid=639" "Mozilla/5.0 AppleWebKit/537.36 (KHTML, like Gecko; compatible; ClaudeBot/1.0; +claudebot@anthropic.com)"
37.27.51.144 - - [22/Nov/2024:04:45:10 -0500] "GET /product_detail.php?pageNo=36&id=742 HTTP/1.0" 200 37681 "-" "Mozilla/5.0 (compatible; BLEXBot/1.0; +http://webmeup-crawler.com/)"
37.27.51.144 - - [22/Nov/2024:04:45:12 -0500] "GET /product_detail.php?pageNo=36&id=747 HTTP/1.0" 200 37478 "-" "Mozilla/5.0 (compatible; BLEXBot/1.0; +http://webmeup-crawler.com/)"
37.27.51.144 - - [22/Nov/2024:04:45:14 -0500] "GET /product_detail.php?pageNo=36&id=747 HTTP/1.0" 200 37478 "-" "Mozilla/5.0 (compatible; BLEXBot/1.0; +http://webmeup-crawler.com/)"
185.191.171.17 - - [22/Nov/2024:04:45:15 -0500] "GET /product_detail.php?id=3148&pageNo=9&pid=748 HTTP/1.0" 200 34257 "-" "Mozilla/5.0 (compatible; SemrushBot/7~bl; +http://www.semrush.com/bot.html)"
37.27.51.144 - - [22/Nov/2024:04:45:17 -0500] "GET /product_detail.php?pageNo=36&id=760 HTTP/1.0" 200 37396 "-" "Mozilla/5.0 (compatible; BLEXBot/1.0; +http://webmeup-crawler.com/)"
18.224.70.11 - - [22/Nov/2024:04:45:18 -0500] "GET /product_detail.php?id=2774&pageNo=4&pid=705 HTTP/1.0" 200 29122 "https://goldensunimport.com/product_detail.php?id=2774&pageNo=4&pid=705" "Mozilla/5.0 AppleWebKit/537.36 (KHTML, like Gecko; compatible; ClaudeBot/1.0; +claudebot@anthropic.com)"
37.27.51.144 - - [22/Nov/2024:04:45:19 -0500] "GET /product_detail.php?pageNo=36&id=766 HTTP/1.0" 200 37396 "-" "Mozilla/5.0 (compatible; BLEXBot/1.0; +http://webmeup-crawler.com/)"
85.208.96.203 - - [22/Nov/2024:04:45:19 -0500] "GET /product_detail.php?id=3546&pageNo=1&pid=639 HTTP/1.0" 200 37430 "-" "Mozilla/5.0 (compatible; SemrushBot/7~bl; +http://www.semrush.com/bot.html)"
37.27.51.144 - - [22/Nov/2024:04:45:21 -0500] "GET /product_detail.php?pageNo=36&id=769 HTTP/1.0" 200 37396 "-" "Mozilla/5.0 (compatible; BLEXBot/1.0; +http://webmeup-crawler.com/)"
185.191.171.7 - - [22/Nov/2024:04:45:22 -0500] "GET /product_detail.php?id=2850&pageNo=1&pid=741 HTTP/1.0" 200 27184 "-" "Mozilla/5.0 (compatible; SemrushBot/7~bl; +http://www.semrush.com/bot.html)"
37.27.51.144 - - [22/Nov/2024:04:45:23 -0500] "GET /product_detail.php?pageNo=36&id=776 HTTP/1.0" 200 37396 "-" "Mozilla/5.0 (compatible; BLEXBot/1.0; +http://webmeup-crawler.com/)"
37.27.51.144 - - [22/Nov/2024:04:45:25 -0500] "GET /product_detail.php?pageNo=36&id=786 HTTP/1.0" 200 37522 "-" "Mozilla/5.0 (compatible; BLEXBot/1.0; +http://webmeup-crawler.com/)"
37.27.51.144 - - [22/Nov/2024:04:45:28 -0500] "GET /product_detail.php?pageNo=36&id=786 HTTP/1.0" 200 37522 "-" "Mozilla/5.0 (compatible; BLEXBot/1.0; +http://webmeup-crawler.com/)"
37.27.51.144 - - [22/Nov/2024:04:45:30 -0500] "GET /product_detail.php?pageNo=36&id=787 HTTP/1.0" 200 37396 "-" "Mozilla/5.0 (compatible; BLEXBot/1.0; +http://webmeup-crawler.com/)"
37.27.51.144 - - [22/Nov/2024:04:45:32 -0500] "GET /product_detail.php?pageNo=36&id=787 HTTP/1.0" 200 37396 "-" "Mozilla/5.0 (compatible; BLEXBot/1.0; +http://webmeup-crawler.com/)"
18.119.106.66 - - [22/Nov/2024:04:45:33 -0500] "GET /product_detail.php?id=3394&pageNo=15&pid=639 HTTP/1.0" 200 39499 "https://goldensunimport.com/product_detail.php?id=3394&pageNo=15&pid=639" "Mozilla/5.0 AppleWebKit/537.36 (KHTML, like Gecko; compatible; ClaudeBot/1.0; +claudebot@anthropic.com)"
37.27.51.144 - - [22/Nov/2024:04:45:34 -0500] "GET /product_detail.php?pageNo=36&id=793 HTTP/1.0" 200 37396 "-" "Mozilla/5.0 (compatible; BLEXBot/1.0; +http://webmeup-crawler.com/)"
37.27.51.144 - - [22/Nov/2024:04:45:37 -0500] "GET /product_detail.php?pageNo=36&id=800 HTTP/1.0" 200 37484 "-" "Mozilla/5.0 (compatible; BLEXBot/1.0; +http://webmeup-crawler.com/)"
37.27.51.144 - - [22/Nov/2024:04:45:39 -0500] "GET /product_detail.php?pageNo=36&id=800 HTTP/1.0" 200 37484 "-" "Mozilla/5.0 (compatible; BLEXBot/1.0; +http://webmeup-crawler.com/)"
13.59.134.65 - - [22/Nov/2024:04:45:41 -0500] "GET /product_detail.php?id=2767&pageNo=3&pid=694 HTTP/1.0" 200 37045 "https://goldensunimport.com/product_detail.php?id=2767&pageNo=3&pid=694" "Mozilla/5.0 AppleWebKit/537.36 (KHTML, like Gecko; compatible; ClaudeBot/1.0; +claudebot@anthropic.com)"
85.208.96.211 - - [22/Nov/2024:04:45:41 -0500] "GET /product_detail.php?id=3358&pageNo=1&pid=748 HTTP/1.0" 200 37135 "-" "Mozilla/5.0 (compatible; SemrushBot/7~bl; +http://www.semrush.com/bot.html)"
37.27.51.144 - - [22/Nov/2024:04:45:41 -0500] "GET /product_detail.php?pageNo=36&id=801 HTTP/1.0" 200 37492 "-" "Mozilla/5.0 (compatible; BLEXBot/1.0; +http://webmeup-crawler.com/)"
37.27.51.144 - - [22/Nov/2024:04:45:43 -0500] "GET /product_detail.php?pageNo=36&id=801 HTTP/1.0" 200 37492 "-" "Mozilla/5.0 (compatible; BLEXBot/1.0; +http://webmeup-crawler.com/)"
37.27.51.144 - - [22/Nov/2024:04:45:45 -0500] "GET /product_detail.php?pageNo=36&id=81 HTTP/1.0" 200 37661 "-" "Mozilla/5.0 (compatible; BLEXBot/1.0; +http://webmeup-crawler.com/)"
37.27.51.144 - - [22/Nov/2024:04:45:48 -0500] "GET /product_detail.php?pageNo=36&id=81 HTTP/1.0" 200 37661 "-" "Mozilla/5.0 (compatible; BLEXBot/1.0; +http://webmeup-crawler.com/)"
